{"id":17840,"date":"2022-07-01T09:38:42","date_gmt":"2022-07-01T09:38:42","guid":{"rendered":"https:\/\/onevet.pt\/alto-de-alges\/?page_id=17840"},"modified":"2026-03-23T15:25:19","modified_gmt":"2026-03-23T15:25:19","slug":"a-nossa-equipa","status":"publish","type":"page","link":"https:\/\/onevetgroup.pt\/alto-de-alges\/a-nossa-equipa\/","title":{"rendered":"A Nossa Equipa"},"content":{"rendered":"\t\t<div data-elementor-type=\"wp-page\" data-elementor-id=\"17840\" class=\"elementor elementor-17840\" data-elementor-post-type=\"page\">\n\t\t\t\t\t\t<section class=\"elementor-section elementor-top-section elementor-element elementor-element-2315038 pad-bot-0 elementor-section-boxed elementor-section-height-default elementor-section-height-default\" data-id=\"2315038\" data-element_type=\"section\" id=\"main-sec\" data-settings=\"{&quot;background_background&quot;:&quot;classic&quot;}\">\n\t\t\t\t\t\t<div class=\"elementor-container elementor-column-gap-default\">\n\t\t\t\t\t<div class=\"elementor-column elementor-col-100 elementor-top-column elementor-element elementor-element-35c75b2\" data-id=\"35c75b2\" data-element_type=\"column\">\n\t\t\t<div class=\"elementor-widget-wrap elementor-element-populated\">\n\t\t\t\t\t\t<div class=\"elementor-element elementor-element-28b1762 elementor-widget elementor-widget-text-editor\" data-id=\"28b1762\" data-element_type=\"widget\" data-widget_type=\"text-editor.default\">\n\t\t\t\t<div class=\"elementor-widget-container\">\n\t\t\t\t\t\t\t\t\t<p>A Onevet Cl\u00ednica Veterin\u00e1ria Alto de Alg\u00e9s disp\u00f5e de uma equipa fant\u00e1stica que lhe proporcionar\u00e1 o mais alto n\u00edvel de atendimento.<\/p>\t\t\t\t\t\t\t\t<\/div>\n\t\t\t\t<\/div>\n\t\t\t\t\t<\/div>\n\t\t<\/div>\n\t\t\t\t\t<\/div>\n\t\t<\/section>\n\t\t\t\t<section class=\"elementor-section elementor-top-section elementor-element elementor-element-0dd6769 team-member elementor-section-boxed elementor-section-height-default elementor-section-height-default\" data-id=\"0dd6769\" data-element_type=\"section\">\n\t\t\t\t\t\t<div class=\"elementor-container elementor-column-gap-default\">\n\t\t\t\t\t<div class=\"elementor-column elementor-col-100 elementor-top-column elementor-element elementor-element-c71e6ff\" data-id=\"c71e6ff\" data-element_type=\"column\">\n\t\t\t<div class=\"elementor-widget-wrap elementor-element-populated\">\n\t\t\t\t\t\t<div class=\"elementor-element elementor-element-6d64474 elementor-hidden-tablet elementor-hidden-phone elementor-widget elementor-widget-section_titleleft\" data-id=\"6d64474\" data-element_type=\"widget\" data-widget_type=\"section_titleleft.default\">\n\t\t\t\t<div class=\"elementor-widget-container\">\n\t\t\t\t\t        <div class=\"ab_text-title fl-wrap\">\r\n            <h3>M\u00e9dicos Veterin\u00e1rios<\/h3><span class=\"section-separator fl-sec-sep\"><\/span>        <\/div>\r\n        \t\t\t\t<\/div>\n\t\t\t\t<\/div>\n\t\t\t\t<section class=\"elementor-section elementor-inner-section elementor-element elementor-element-a133ae1 elementor-section-boxed elementor-section-height-default elementor-section-height-default\" data-id=\"a133ae1\" data-element_type=\"section\">\n\t\t\t\t\t\t<div class=\"elementor-container elementor-column-gap-default\">\n\t\t\t\t\t<div class=\"elementor-column elementor-col-25 elementor-inner-column elementor-element elementor-element-b682c4f\" data-id=\"b682c4f\" data-element_type=\"column\">\n\t\t\t<div class=\"elementor-widget-wrap elementor-element-populated\">\n\t\t\t\t\t\t<div class=\"elementor-element elementor-element-065be42 elementor-widget elementor-widget-team_box\" data-id=\"065be42\" data-element_type=\"widget\" data-widget_type=\"team_box.default\">\n\t\t\t\t<div class=\"elementor-widget-container\">\n\t\t\t\t\t            <div class=\"team-holder section-team fl-wrap\">\r\n                <div class=\"team-box-image\">\r\n                    <div class=\"team-photo\">\r\n                        <img decoding=\"async\" src=\"https:\/\/onevetgroup.pt\/alto-de-alges\/wp-content\/uploads\/sites\/28\/2024\/01\/17-1-scaled.jpg\" class=\"respimg\">                                    \r\n                    <\/div>\r\n                    <div class=\"team-info\">\r\n                        <h3><a href=\"\">Diana Kolinski<\/a><\/h3><h4>Diretor Cl\u00ednico \/ M\u00e9dico Veterin\u00e1rio<\/h4>Licenciada pela Escola Universit\u00e1ria Vasco da Gama, em Coimbra, juntou-se \u00e0 equipa em Novembro de 2009, para colaborar essencialmente na consulta externa.                    <\/div>\r\n                <\/div>\r\n            <\/div>\r\n        \t\t\t\t<\/div>\n\t\t\t\t<\/div>\n\t\t\t\t<div class=\"elementor-element elementor-element-88e2a47 readmoretoggle elementor-widget elementor-widget-toggle\" data-id=\"88e2a47\" data-element_type=\"widget\" data-widget_type=\"toggle.default\">\n\t\t\t\t<div class=\"elementor-widget-container\">\n\t\t\t\t\t\t\t<div class=\"elementor-toggle\">\n\t\t\t\t\t\t\t<div class=\"elementor-toggle-item\">\n\t\t\t\t\t<div id=\"elementor-tab-title-1431\" class=\"elementor-tab-title\" data-tab=\"1\" role=\"button\" aria-controls=\"elementor-tab-content-1431\" aria-expanded=\"false\">\n\t\t\t\t\t\t\t\t\t\t\t\t<a class=\"elementor-toggle-title\" tabindex=\"0\">Ler Mais<\/a>\n\t\t\t\t\t<\/div>\n\n\t\t\t\t\t<div id=\"elementor-tab-content-1431\" class=\"elementor-tab-content elementor-clearfix\" data-tab=\"1\" role=\"region\" aria-labelledby=\"elementor-tab-title-1431\"><p>Tem particular interesse nas \u00e1rea: endocrinologia, medicina interna e comportamento animal. Nos seus tempos livres gosta de ler e de passear com a sua matilha na natureza.<\/p><\/div>\n\t\t\t\t<\/div>\n\t\t\t\t\t\t\t\t<\/div>\n\t\t\t\t\t\t<\/div>\n\t\t\t\t<\/div>\n\t\t\t\t\t<\/div>\n\t\t<\/div>\n\t\t\t\t<div class=\"elementor-column elementor-col-25 elementor-inner-column elementor-element elementor-element-f167c26 nodata_bor\" data-id=\"f167c26\" data-element_type=\"column\">\n\t\t\t<div class=\"elementor-widget-wrap\">\n\t\t\t\t\t\t\t<\/div>\n\t\t<\/div>\n\t\t\t\t<div class=\"elementor-column elementor-col-25 elementor-inner-column elementor-element elementor-element-333104e nodata_bor\" data-id=\"333104e\" data-element_type=\"column\">\n\t\t\t<div class=\"elementor-widget-wrap\">\n\t\t\t\t\t\t\t<\/div>\n\t\t<\/div>\n\t\t\t\t<div class=\"elementor-column elementor-col-25 elementor-inner-column elementor-element elementor-element-1742f49 nodata_bor\" data-id=\"1742f49\" data-element_type=\"column\">\n\t\t\t<div class=\"elementor-widget-wrap\">\n\t\t\t\t\t\t\t<\/div>\n\t\t<\/div>\n\t\t\t\t\t<\/div>\n\t\t<\/section>\n\t\t\t\t\t<\/div>\n\t\t<\/div>\n\t\t\t\t\t<\/div>\n\t\t<\/section>\n\t\t\t\t<section class=\"elementor-section elementor-top-section elementor-element elementor-element-1db1688 team-member elementor-section-boxed elementor-section-height-default elementor-section-height-default\" data-id=\"1db1688\" data-element_type=\"section\">\n\t\t\t\t\t\t<div class=\"elementor-container elementor-column-gap-default\">\n\t\t\t\t\t<div class=\"elementor-column elementor-col-100 elementor-top-column elementor-element elementor-element-e3e55a5\" data-id=\"e3e55a5\" data-element_type=\"column\">\n\t\t\t<div class=\"elementor-widget-wrap elementor-element-populated\">\n\t\t\t\t\t\t<div class=\"elementor-element elementor-element-1f6eb1c elementor-hidden-tablet elementor-hidden-phone elementor-widget elementor-widget-section_titleleft\" data-id=\"1f6eb1c\" data-element_type=\"widget\" data-widget_type=\"section_titleleft.default\">\n\t\t\t\t<div class=\"elementor-widget-container\">\n\t\t\t\t\t        <div class=\"ab_text-title fl-wrap\">\r\n            <h3>Enfermeiros e auxiliares veterin\u00e1rios<\/h3><span class=\"section-separator fl-sec-sep\"><\/span>        <\/div>\r\n        \t\t\t\t<\/div>\n\t\t\t\t<\/div>\n\t\t\t\t<section class=\"elementor-section elementor-inner-section elementor-element elementor-element-49efcb6 elementor-section-boxed elementor-section-height-default elementor-section-height-default\" data-id=\"49efcb6\" data-element_type=\"section\">\n\t\t\t\t\t\t<div class=\"elementor-container elementor-column-gap-default\">\n\t\t\t\t\t<div class=\"elementor-column elementor-col-25 elementor-inner-column elementor-element elementor-element-0d6734b\" data-id=\"0d6734b\" data-element_type=\"column\">\n\t\t\t<div class=\"elementor-widget-wrap elementor-element-populated\">\n\t\t\t\t\t\t<div class=\"elementor-element elementor-element-7d55a67 elementor-widget elementor-widget-team_box\" data-id=\"7d55a67\" data-element_type=\"widget\" data-widget_type=\"team_box.default\">\n\t\t\t\t<div class=\"elementor-widget-container\">\n\t\t\t\t\t            <div class=\"team-holder section-team fl-wrap\">\r\n                <div class=\"team-box-image\">\r\n                    <div class=\"team-photo\">\r\n                        <img decoding=\"async\" src=\"https:\/\/onevetgroup.pt\/alto-de-alges\/wp-content\/uploads\/sites\/28\/2024\/01\/18-1-scaled.jpg\" class=\"respimg\">                                    \r\n                    <\/div>\r\n                    <div class=\"team-info\">\r\n                        <h3><a href=\"\">S\u00edlvia Laranjeira<\/a><\/h3><h4>Enfermeira veterin\u00e1ria<\/h4>Licenciada em Enfermagem Veterin\u00e1ria pela Escola Superior Agr\u00e1ria do Instituto Polit\u00e9cnico de Bragan\u00e7a, juntou-se \u00e0 equipa em Mar\u00e7o de 2015 exercendo fun\u00e7\u00f5es de apoio ao m\u00e9dico veterin\u00e1rio.                    <\/div>\r\n                <\/div>\r\n            <\/div>\r\n        \t\t\t\t<\/div>\n\t\t\t\t<\/div>\n\t\t\t\t<div class=\"elementor-element elementor-element-6ae1303 readmoretoggle elementor-widget elementor-widget-toggle\" data-id=\"6ae1303\" data-element_type=\"widget\" data-widget_type=\"toggle.default\">\n\t\t\t\t<div class=\"elementor-widget-container\">\n\t\t\t\t\t\t\t<div class=\"elementor-toggle\">\n\t\t\t\t\t\t\t<div class=\"elementor-toggle-item\">\n\t\t\t\t\t<div id=\"elementor-tab-title-1121\" class=\"elementor-tab-title\" data-tab=\"1\" role=\"button\" aria-controls=\"elementor-tab-content-1121\" aria-expanded=\"false\">\n\t\t\t\t\t\t\t\t\t\t\t\t<a class=\"elementor-toggle-title\" tabindex=\"0\">Ler Mais<\/a>\n\t\t\t\t\t<\/div>\n\n\t\t\t\t\t<div id=\"elementor-tab-content-1121\" class=\"elementor-tab-content elementor-clearfix\" data-tab=\"1\" role=\"region\" aria-labelledby=\"elementor-tab-title-1121\"><p>Tem como interesses a assist\u00eancia cir\u00fargica e os cuidados gerais de enfermagem. Nos seus tempos livres, a S\u00edlvia gosta de comer e passear.<br><\/p><\/div>\n\t\t\t\t<\/div>\n\t\t\t\t\t\t\t\t<\/div>\n\t\t\t\t\t\t<\/div>\n\t\t\t\t<\/div>\n\t\t\t\t\t<\/div>\n\t\t<\/div>\n\t\t\t\t<div class=\"elementor-column elementor-col-25 elementor-inner-column elementor-element elementor-element-5d5389a nodata_bor\" data-id=\"5d5389a\" data-element_type=\"column\">\n\t\t\t<div class=\"elementor-widget-wrap\">\n\t\t\t\t\t\t\t<\/div>\n\t\t<\/div>\n\t\t\t\t<div class=\"elementor-column elementor-col-25 elementor-inner-column elementor-element elementor-element-48551ca nodata_bor\" data-id=\"48551ca\" data-element_type=\"column\">\n\t\t\t<div class=\"elementor-widget-wrap\">\n\t\t\t\t\t\t\t<\/div>\n\t\t<\/div>\n\t\t\t\t<div class=\"elementor-column elementor-col-25 elementor-inner-column elementor-element elementor-element-4b265e2 nodata_bor\" data-id=\"4b265e2\" data-element_type=\"column\">\n\t\t\t<div class=\"elementor-widget-wrap\">\n\t\t\t\t\t\t\t<\/div>\n\t\t<\/div>\n\t\t\t\t\t<\/div>\n\t\t<\/section>\n\t\t\t\t\t<\/div>\n\t\t<\/div>\n\t\t\t\t\t<\/div>\n\t\t<\/section>\n\t\t\t\t<section class=\"elementor-section elementor-top-section elementor-element elementor-element-9f55086 elementor-section-boxed elementor-section-height-default elementor-section-height-default\" data-id=\"9f55086\" data-element_type=\"section\">\n\t\t\t\t\t\t<div class=\"elementor-container elementor-column-gap-default\">\n\t\t\t\t\t<div class=\"elementor-column elementor-col-100 elementor-top-column elementor-element elementor-element-e113de5\" data-id=\"e113de5\" data-element_type=\"column\">\n\t\t\t<div class=\"elementor-widget-wrap\">\n\t\t\t\t\t\t\t<\/div>\n\t\t<\/div>\n\t\t\t\t\t<\/div>\n\t\t<\/section>\n\t\t\t\t<\/div>\n\t\t","protected":false},"excerpt":{"rendered":"<p>A Onevet Cl\u00ednica Veterin\u00e1ria Alto de Alg\u00e9s disp\u00f5e de uma equipa fant\u00e1stica que lhe proporcionar\u00e1 o mais alto n\u00edvel de atendimento. M\u00e9dicos Veterin\u00e1rios Diana Kolinski Diretor Cl\u00ednico \/ M\u00e9dico Veterin\u00e1rio Licenciada pela Escola Universit\u00e1ria Vasco da Gama, em Coimbra, juntou-se \u00e0 equipa em Novembro de 2009, para colaborar essencialmente na consulta externa. Ler Mais Tem &hellip; <\/p>\n","protected":false},"author":61,"featured_media":0,"parent":0,"menu_order":0,"comment_status":"closed","ping_status":"closed","template":"page-fullwidth.php","meta":{"_acf_changed":false,"content-type":"","footnotes":""},"class_list":["post-17840","page","type-page","status-publish","hentry"],"acf":[],"yoast_head":"<!-- This site is optimized with the Yoast SEO plugin v26.2 - https:\/\/yoast.com\/wordpress\/plugins\/seo\/ -->\n<title>A Nossa Equipa - Alto de Alges<\/title>\n<meta name=\"robots\" content=\"index, follow, max-snippet:-1, max-image-preview:large, max-video-preview:-1\" \/>\n<link rel=\"canonical\" href=\"https:\/\/onevetgroup.pt\/alto-de-alges\/a-nossa-equipa\/\" \/>\n<meta property=\"og:locale\" content=\"pt_PT\" \/>\n<meta property=\"og:type\" content=\"article\" \/>\n<meta property=\"og:title\" content=\"A Nossa Equipa - Alto de Alges\" \/>\n<meta property=\"og:description\" content=\"A Onevet Cl\u00ednica Veterin\u00e1ria Alto de Alg\u00e9s disp\u00f5e de uma equipa fant\u00e1stica que lhe proporcionar\u00e1 o mais alto n\u00edvel de atendimento. M\u00e9dicos Veterin\u00e1rios Diana Kolinski Diretor Cl\u00ednico \/ M\u00e9dico Veterin\u00e1rio Licenciada pela Escola Universit\u00e1ria Vasco da Gama, em Coimbra, juntou-se \u00e0 equipa em Novembro de 2009, para colaborar essencialmente na consulta externa. Ler Mais Tem &hellip;\" \/>\n<meta property=\"og:url\" content=\"https:\/\/onevetgroup.pt\/alto-de-alges\/a-nossa-equipa\/\" \/>\n<meta property=\"og:site_name\" content=\"Alto de Alges\" \/>\n<meta property=\"article:modified_time\" content=\"2026-03-23T15:25:19+00:00\" \/>\n<meta property=\"og:image\" content=\"https:\/\/onevetgroup.pt\/alto-de-alges\/wp-content\/uploads\/sites\/28\/2024\/01\/17-1-scaled.jpg\" \/>\n<meta name=\"twitter:card\" content=\"summary_large_image\" \/>\n<meta name=\"twitter:label1\" content=\"Tempo estimado de leitura\" \/>\n\t<meta name=\"twitter:data1\" content=\"2 minutos\" \/>\n<script type=\"application\/ld+json\" class=\"yoast-schema-graph\">{\"@context\":\"https:\/\/schema.org\",\"@graph\":[{\"@type\":\"WebPage\",\"@id\":\"https:\/\/onevetgroup.pt\/alto-de-alges\/a-nossa-equipa\/\",\"url\":\"https:\/\/onevetgroup.pt\/alto-de-alges\/a-nossa-equipa\/\",\"name\":\"A Nossa Equipa - Alto de Alges\",\"isPartOf\":{\"@id\":\"https:\/\/onevetgroup.pt\/alto-de-alges\/#website\"},\"primaryImageOfPage\":{\"@id\":\"https:\/\/onevetgroup.pt\/alto-de-alges\/a-nossa-equipa\/#primaryimage\"},\"image\":{\"@id\":\"https:\/\/onevetgroup.pt\/alto-de-alges\/a-nossa-equipa\/#primaryimage\"},\"thumbnailUrl\":\"https:\/\/onevetgroup.pt\/alto-de-alges\/wp-content\/uploads\/sites\/28\/2024\/01\/17-1-scaled.jpg\",\"datePublished\":\"2022-07-01T09:38:42+00:00\",\"dateModified\":\"2026-03-23T15:25:19+00:00\",\"breadcrumb\":{\"@id\":\"https:\/\/onevetgroup.pt\/alto-de-alges\/a-nossa-equipa\/#breadcrumb\"},\"inLanguage\":\"pt-PT\",\"potentialAction\":[{\"@type\":\"ReadAction\",\"target\":[\"https:\/\/onevetgroup.pt\/alto-de-alges\/a-nossa-equipa\/\"]}]},{\"@type\":\"ImageObject\",\"inLanguage\":\"pt-PT\",\"@id\":\"https:\/\/onevetgroup.pt\/alto-de-alges\/a-nossa-equipa\/#primaryimage\",\"url\":\"https:\/\/onevetgroup.pt\/alto-de-alges\/wp-content\/uploads\/sites\/28\/2024\/01\/17-1-scaled.jpg\",\"contentUrl\":\"https:\/\/onevetgroup.pt\/alto-de-alges\/wp-content\/uploads\/sites\/28\/2024\/01\/17-1-scaled.jpg\",\"width\":1484,\"height\":2560},{\"@type\":\"BreadcrumbList\",\"@id\":\"https:\/\/onevetgroup.pt\/alto-de-alges\/a-nossa-equipa\/#breadcrumb\",\"itemListElement\":[{\"@type\":\"ListItem\",\"position\":1,\"name\":\"Home\",\"item\":\"https:\/\/onevetgroup.pt\/alto-de-alges\/\"},{\"@type\":\"ListItem\",\"position\":2,\"name\":\"A Nossa Equipa\"}]},{\"@type\":\"WebSite\",\"@id\":\"https:\/\/onevetgroup.pt\/alto-de-alges\/#website\",\"url\":\"https:\/\/onevetgroup.pt\/alto-de-alges\/\",\"name\":\"Alto de Alges\",\"description\":\"Your Pets in Good Hands\",\"publisher\":{\"@id\":\"https:\/\/onevetgroup.pt\/alto-de-alges\/#organization\"},\"potentialAction\":[{\"@type\":\"SearchAction\",\"target\":{\"@type\":\"EntryPoint\",\"urlTemplate\":\"https:\/\/onevetgroup.pt\/alto-de-alges\/?s={search_term_string}\"},\"query-input\":{\"@type\":\"PropertyValueSpecification\",\"valueRequired\":true,\"valueName\":\"search_term_string\"}}],\"inLanguage\":\"pt-PT\"},{\"@type\":\"Organization\",\"@id\":\"https:\/\/onevetgroup.pt\/alto-de-alges\/#organization\",\"name\":\"Alto de Alges\",\"url\":\"https:\/\/onevetgroup.pt\/alto-de-alges\/\",\"logo\":{\"@type\":\"ImageObject\",\"inLanguage\":\"pt-PT\",\"@id\":\"https:\/\/onevetgroup.pt\/alto-de-alges\/#\/schema\/logo\/image\/\",\"url\":\"https:\/\/onevetgroup.pt\/alto-de-alges\/wp-content\/uploads\/sites\/28\/2023\/07\/cropped-onevet_cvalges_horizontal-2-e1689081264281.png\",\"contentUrl\":\"https:\/\/onevetgroup.pt\/alto-de-alges\/wp-content\/uploads\/sites\/28\/2023\/07\/cropped-onevet_cvalges_horizontal-2-e1689081264281.png\",\"width\":225,\"height\":70,\"caption\":\"Alto de Alges\"},\"image\":{\"@id\":\"https:\/\/onevetgroup.pt\/alto-de-alges\/#\/schema\/logo\/image\/\"}}]}<\/script>\n<!-- \/ Yoast SEO plugin. -->","yoast_head_json":{"title":"A Nossa Equipa - Alto de Alges","robots":{"index":"index","follow":"follow","max-snippet":"max-snippet:-1","max-image-preview":"max-image-preview:large","max-video-preview":"max-video-preview:-1"},"canonical":"https:\/\/onevetgroup.pt\/alto-de-alges\/a-nossa-equipa\/","og_locale":"pt_PT","og_type":"article","og_title":"A Nossa Equipa - Alto de Alges","og_description":"A Onevet Cl\u00ednica Veterin\u00e1ria Alto de Alg\u00e9s disp\u00f5e de uma equipa fant\u00e1stica que lhe proporcionar\u00e1 o mais alto n\u00edvel de atendimento. M\u00e9dicos Veterin\u00e1rios Diana Kolinski Diretor Cl\u00ednico \/ M\u00e9dico Veterin\u00e1rio Licenciada pela Escola Universit\u00e1ria Vasco da Gama, em Coimbra, juntou-se \u00e0 equipa em Novembro de 2009, para colaborar essencialmente na consulta externa. Ler Mais Tem &hellip;","og_url":"https:\/\/onevetgroup.pt\/alto-de-alges\/a-nossa-equipa\/","og_site_name":"Alto de Alges","article_modified_time":"2026-03-23T15:25:19+00:00","og_image":[{"url":"https:\/\/onevetgroup.pt\/alto-de-alges\/wp-content\/uploads\/sites\/28\/2024\/01\/17-1-scaled.jpg","type":"","width":"","height":""}],"twitter_card":"summary_large_image","twitter_misc":{"Tempo estimado de leitura":"2 minutos"},"schema":{"@context":"https:\/\/schema.org","@graph":[{"@type":"WebPage","@id":"https:\/\/onevetgroup.pt\/alto-de-alges\/a-nossa-equipa\/","url":"https:\/\/onevetgroup.pt\/alto-de-alges\/a-nossa-equipa\/","name":"A Nossa Equipa - Alto de Alges","isPartOf":{"@id":"https:\/\/onevetgroup.pt\/alto-de-alges\/#website"},"primaryImageOfPage":{"@id":"https:\/\/onevetgroup.pt\/alto-de-alges\/a-nossa-equipa\/#primaryimage"},"image":{"@id":"https:\/\/onevetgroup.pt\/alto-de-alges\/a-nossa-equipa\/#primaryimage"},"thumbnailUrl":"https:\/\/onevetgroup.pt\/alto-de-alges\/wp-content\/uploads\/sites\/28\/2024\/01\/17-1-scaled.jpg","datePublished":"2022-07-01T09:38:42+00:00","dateModified":"2026-03-23T15:25:19+00:00","breadcrumb":{"@id":"https:\/\/onevetgroup.pt\/alto-de-alges\/a-nossa-equipa\/#breadcrumb"},"inLanguage":"pt-PT","potentialAction":[{"@type":"ReadAction","target":["https:\/\/onevetgroup.pt\/alto-de-alges\/a-nossa-equipa\/"]}]},{"@type":"ImageObject","inLanguage":"pt-PT","@id":"https:\/\/onevetgroup.pt\/alto-de-alges\/a-nossa-equipa\/#primaryimage","url":"https:\/\/onevetgroup.pt\/alto-de-alges\/wp-content\/uploads\/sites\/28\/2024\/01\/17-1-scaled.jpg","contentUrl":"https:\/\/onevetgroup.pt\/alto-de-alges\/wp-content\/uploads\/sites\/28\/2024\/01\/17-1-scaled.jpg","width":1484,"height":2560},{"@type":"BreadcrumbList","@id":"https:\/\/onevetgroup.pt\/alto-de-alges\/a-nossa-equipa\/#breadcrumb","itemListElement":[{"@type":"ListItem","position":1,"name":"Home","item":"https:\/\/onevetgroup.pt\/alto-de-alges\/"},{"@type":"ListItem","position":2,"name":"A Nossa Equipa"}]},{"@type":"WebSite","@id":"https:\/\/onevetgroup.pt\/alto-de-alges\/#website","url":"https:\/\/onevetgroup.pt\/alto-de-alges\/","name":"Alto de Alges","description":"Your Pets in Good Hands","publisher":{"@id":"https:\/\/onevetgroup.pt\/alto-de-alges\/#organization"},"potentialAction":[{"@type":"SearchAction","target":{"@type":"EntryPoint","urlTemplate":"https:\/\/onevetgroup.pt\/alto-de-alges\/?s={search_term_string}"},"query-input":{"@type":"PropertyValueSpecification","valueRequired":true,"valueName":"search_term_string"}}],"inLanguage":"pt-PT"},{"@type":"Organization","@id":"https:\/\/onevetgroup.pt\/alto-de-alges\/#organization","name":"Alto de Alges","url":"https:\/\/onevetgroup.pt\/alto-de-alges\/","logo":{"@type":"ImageObject","inLanguage":"pt-PT","@id":"https:\/\/onevetgroup.pt\/alto-de-alges\/#\/schema\/logo\/image\/","url":"https:\/\/onevetgroup.pt\/alto-de-alges\/wp-content\/uploads\/sites\/28\/2023\/07\/cropped-onevet_cvalges_horizontal-2-e1689081264281.png","contentUrl":"https:\/\/onevetgroup.pt\/alto-de-alges\/wp-content\/uploads\/sites\/28\/2023\/07\/cropped-onevet_cvalges_horizontal-2-e1689081264281.png","width":225,"height":70,"caption":"Alto de Alges"},"image":{"@id":"https:\/\/onevetgroup.pt\/alto-de-alges\/#\/schema\/logo\/image\/"}}]}},"_links":{"self":[{"href":"https:\/\/onevetgroup.pt\/alto-de-alges\/wp-json\/wp\/v2\/pages\/17840","targetHints":{"allow":["GET"]}}],"collection":[{"href":"https:\/\/onevetgroup.pt\/alto-de-alges\/wp-json\/wp\/v2\/pages"}],"about":[{"href":"https:\/\/onevetgroup.pt\/alto-de-alges\/wp-json\/wp\/v2\/types\/page"}],"author":[{"embeddable":true,"href":"https:\/\/onevetgroup.pt\/alto-de-alges\/wp-json\/wp\/v2\/users\/61"}],"replies":[{"embeddable":true,"href":"https:\/\/onevetgroup.pt\/alto-de-alges\/wp-json\/wp\/v2\/comments?post=17840"}],"version-history":[{"count":7,"href":"https:\/\/onevetgroup.pt\/alto-de-alges\/wp-json\/wp\/v2\/pages\/17840\/revisions"}],"predecessor-version":[{"id":19678,"href":"https:\/\/onevetgroup.pt\/alto-de-alges\/wp-json\/wp\/v2\/pages\/17840\/revisions\/19678"}],"wp:attachment":[{"href":"https:\/\/onevetgroup.pt\/alto-de-alges\/wp-json\/wp\/v2\/media?parent=17840"}],"curies":[{"name":"wp","href":"https:\/\/api.w.org\/{rel}","templated":true}]}}