{"id":15234,"date":"2021-06-15T11:31:27","date_gmt":"2021-06-15T11:31:27","guid":{"rendered":"http:\/\/onevet.pt\/porto\/?page_id=15234"},"modified":"2026-01-12T14:25:40","modified_gmt":"2026-01-12T14:25:40","slug":"hospitalizacao","status":"publish","type":"page","link":"https:\/\/onevetgroup.pt\/cvpetvetlagos\/servicos-veterinarios\/hospitalizacao\/","title":{"rendered":"Hospitaliza\u00e7\u00e3o"},"content":{"rendered":"\t\t<div data-elementor-type=\"wp-page\" data-elementor-id=\"15234\" class=\"elementor elementor-15234 elementor-523\" data-elementor-post-type=\"page\">\n\t\t\t\t\t\t<section class=\"elementor-section elementor-top-section elementor-element elementor-element-d47bece pad-top-0 elementor-section-boxed elementor-section-height-default elementor-section-height-default\" data-id=\"d47bece\" data-element_type=\"section\" data-e-type=\"section\" id=\"main-sec\">\n\t\t\t\t\t\t<div class=\"elementor-container elementor-column-gap-wide\">\n\t\t\t\t\t<div class=\"elementor-column elementor-col-50 elementor-top-column elementor-element elementor-element-17d14fe\" data-id=\"17d14fe\" data-element_type=\"column\" data-e-type=\"column\">\n\t\t\t<div class=\"elementor-widget-wrap elementor-element-populated\">\n\t\t\t\t\t\t<div class=\"elementor-element elementor-element-aea8b6d elementor-widget elementor-widget-image\" data-id=\"aea8b6d\" data-element_type=\"widget\" data-e-type=\"widget\" data-widget_type=\"image.default\">\n\t\t\t\t<div class=\"elementor-widget-container\">\n\t\t\t\t\t\t\t\t\t\t\t\t\t\t\t<img fetchpriority=\"high\" width=\"500\" height=\"333\" class=\"attachment-large size-large wp-image-399 lazy\" alt=\"\" data-src=\"https:\/\/onevetgroup.pt\/cvpetvetlagos\/wp-content\/uploads\/sites\/89\/2020\/10\/Depositphotos_48497949_original.jpg\" data-lazy=\"https:\/\/onevetgroup.pt\/cvpetvetlagos\/wp-content\/uploads\/sites\/89\/2020\/10\/Depositphotos_48497949_original.jpg\" \/>\t\t\t\t\t\t\t\t\t\t\t\t\t\t\t<\/div>\n\t\t\t\t<\/div>\n\t\t\t\t\t<\/div>\n\t\t<\/div>\n\t\t\t\t<div class=\"elementor-column elementor-col-50 elementor-top-column elementor-element elementor-element-c7280af\" data-id=\"c7280af\" data-element_type=\"column\" data-e-type=\"column\">\n\t\t\t<div class=\"elementor-widget-wrap elementor-element-populated\">\n\t\t\t\t\t\t<div class=\"elementor-element elementor-element-feb8866 elementor-widget elementor-widget-text-editor\" data-id=\"feb8866\" data-element_type=\"widget\" data-e-type=\"widget\" data-widget_type=\"text-editor.default\">\n\t\t\t\t<div class=\"elementor-widget-container\">\n\t\t\t\t\t\t\t\t\t<p style=\"font-size: 17px; letter-spacing: 0.1px;\">Na <span data-sheets-value=\"{\" data-sheets-userformat=\"{\">Onevet Cl\u00ednica Veterin\u00e1ria Petvet Lagos e<\/span>st\u00e3o dedicados ao cuidado intensivo do doente. Oferecemos \u00e1reas independentes e exclusivas para c\u00e3es e gatos, bem como para animais infecciosos.<\/p><p style=\"font-size: 17px; letter-spacing: 0.1px;\">Os doentes s\u00e3o constantemente monitorizados pelos veterin\u00e1rios da <span data-sheets-value=\"{\" data-sheets-userformat=\"{\">Onevet Cl\u00ednica Veterin\u00e1ria Petvet Lagos.<\/span><\/p><p style=\"font-size: 17px; letter-spacing: 0.1px;\">Oferecemos equipamentos de infus\u00e3o constante para terapia de perfus\u00e3o, nutri\u00e7\u00e3o atrav\u00e9s de entuba\u00e7\u00e3o nasoesof\u00e1gica, drenos, cateteres, oxigenoterapia, l\u00e2mpadas quentes e mais.<\/p>\t\t\t\t\t\t\t\t<\/div>\n\t\t\t\t<\/div>\n\t\t\t\t\t<\/div>\n\t\t<\/div>\n\t\t\t\t\t<\/div>\n\t\t<\/section>\n\t\t\t\t<section class=\"elementor-section elementor-top-section elementor-element elementor-element-f1f8860 elementor-section-boxed elementor-section-height-default elementor-section-height-default\" data-id=\"f1f8860\" data-element_type=\"section\" data-e-type=\"section\">\n\t\t\t\t\t\t<div class=\"elementor-container elementor-column-gap-default\">\n\t\t\t\t\t<div class=\"elementor-column elementor-col-100 elementor-top-column elementor-element elementor-element-a371cb8\" data-id=\"a371cb8\" data-element_type=\"column\" data-e-type=\"column\">\n\t\t\t<div class=\"elementor-widget-wrap elementor-element-populated\">\n\t\t\t\t\t\t<div class=\"elementor-element elementor-element-98700a0 elementor-widget elementor-widget-text-editor\" data-id=\"98700a0\" data-element_type=\"widget\" data-e-type=\"widget\" data-widget_type=\"text-editor.default\">\n\t\t\t\t<div class=\"elementor-widget-container\">\n\t\t\t\t\t\t\t\t\t<p style=\"text-align: left;\">A hospitaliza\u00e7\u00e3o \u00e9 fundamental para animais que foram sujeitos a interven\u00e7\u00f5es cir\u00fargicas para doen\u00e7as que exigem tratamento e supervis\u00e3o cont\u00ednua (falha renal, processos infecciosos graves. dist\u00farbios digestivos\u2026), onde recebem terapia de perfus\u00e3o intravenosa, nutri\u00e7\u00e3o e medica\u00e7\u00e3o parenteral.\u00a0<\/p><p style=\"text-align: left;\">Na Onevet Cl\u00ednica Veterin\u00e1ria Petvet Lagos, os nossos veterin\u00e1rios e enfermeiros oferecem supervis\u00e3o constante ao verificar a hidrata\u00e7\u00e3o, ingest\u00e3o de alimentos, sinais vitais, n\u00edveis de oxig\u00e9nio, etc. do doente.<\/p><p style=\"text-align: left;\">Isto permite-lhes acompanhar quaisquer altera\u00e7\u00f5es ao estado do doente para que possam oferecer o tratamento adequado.<\/p><p style=\"text-align: left;\">Temos duas \u00e1reas diferentes para cuidar de c\u00e3es e gatos e uma terceira \u00e1rea independente para isolar animais com doen\u00e7as infecciosas de modo a evitar qualquer poss\u00edvel cont\u00e1gio.<\/p><p style=\"text-align: left;\">Temos equipamentos para monitoriza\u00e7\u00e3o e tratamento de todo o tipo de animais (l\u00e2mpadas de calor, equipamento de infus\u00e3o e uma unidade-jaula de cuidados intensivos (UCI) na qual o oxig\u00e9nio e a temperatura s\u00e3o controlados).<\/p>\t\t\t\t\t\t\t\t<\/div>\n\t\t\t\t<\/div>\n\t\t\t\t\t<\/div>\n\t\t<\/div>\n\t\t\t\t\t<\/div>\n\t\t<\/section>\n\t\t\t\t<\/div>\n\t\t","protected":false},"excerpt":{"rendered":"<p>Na est\u00e3o dedicados ao cuidado intensivo do doente. Oferecemos \u00e1reas independentes e exclusivas para c\u00e3es e gatos, bem como para animais infecciosos. Os doentes s\u00e3o constantemente monitorizados pelos veterin\u00e1rios da . Oferecemos equipamentos de infus\u00e3o constante para terapia de perfus\u00e3o, nutri\u00e7\u00e3o atrav\u00e9s de entuba\u00e7\u00e3o nasoesof\u00e1gica, drenos, cateteres, oxigenoterapia, l\u00e2mpadas quentes e mais. A hospitaliza\u00e7\u00e3o \u00e9 &hellip; <\/p>\n","protected":false},"author":4,"featured_media":0,"parent":14053,"menu_order":0,"comment_status":"closed","ping_status":"closed","template":"page-fullwidth.php","meta":{"_acf_changed":false,"content-type":"","footnotes":""},"class_list":["post-15234","page","type-page","status-publish","hentry"],"acf":[],"yoast_head":"<!-- This site is optimized with the Yoast SEO plugin v27.4 - https:\/\/yoast.com\/product\/yoast-seo-wordpress\/ -->\n<title>Hospitaliza\u00e7\u00e3o - Lagos<\/title>\n<meta name=\"robots\" content=\"index, follow, max-snippet:-1, max-image-preview:large, max-video-preview:-1\" \/>\n<link rel=\"canonical\" href=\"https:\/\/onevetgroup.pt\/cvpetvetlagos\/servicos-veterinarios\/hospitalizacao\/\" \/>\n<meta property=\"og:locale\" content=\"pt_PT\" \/>\n<meta property=\"og:type\" content=\"article\" \/>\n<meta property=\"og:title\" content=\"Hospitaliza\u00e7\u00e3o - Lagos\" \/>\n<meta property=\"og:description\" content=\"Na est\u00e3o dedicados ao cuidado intensivo do doente. Oferecemos \u00e1reas independentes e exclusivas para c\u00e3es e gatos, bem como para animais infecciosos. Os doentes s\u00e3o constantemente monitorizados pelos veterin\u00e1rios da . Oferecemos equipamentos de infus\u00e3o constante para terapia de perfus\u00e3o, nutri\u00e7\u00e3o atrav\u00e9s de entuba\u00e7\u00e3o nasoesof\u00e1gica, drenos, cateteres, oxigenoterapia, l\u00e2mpadas quentes e mais. A hospitaliza\u00e7\u00e3o \u00e9 &hellip;\" \/>\n<meta property=\"og:url\" content=\"https:\/\/onevetgroup.pt\/cvpetvetlagos\/servicos-veterinarios\/hospitalizacao\/\" \/>\n<meta property=\"og:site_name\" content=\"Lagos\" \/>\n<meta property=\"article:modified_time\" content=\"2026-01-12T14:25:40+00:00\" \/>\n<meta property=\"og:image\" content=\"https:\/\/onevetgroup.pt\/cvpetvetlagos\/wp-content\/uploads\/sites\/89\/2020\/10\/Depositphotos_48497949_original.jpg\" \/>\n<meta name=\"twitter:card\" content=\"summary_large_image\" \/>\n<meta name=\"twitter:label1\" content=\"Tempo estimado de leitura\" \/>\n\t<meta name=\"twitter:data1\" content=\"2 minutos\" \/>\n<script type=\"application\/ld+json\" class=\"yoast-schema-graph\">{\"@context\":\"https:\\\/\\\/schema.org\",\"@graph\":[{\"@type\":\"WebPage\",\"@id\":\"https:\\\/\\\/onevetgroup.pt\\\/cvpetvetlagos\\\/servicos-veterinarios\\\/hospitalizacao\\\/\",\"url\":\"https:\\\/\\\/onevetgroup.pt\\\/cvpetvetlagos\\\/servicos-veterinarios\\\/hospitalizacao\\\/\",\"name\":\"Hospitaliza\u00e7\u00e3o - Lagos\",\"isPartOf\":{\"@id\":\"https:\\\/\\\/onevetgroup.pt\\\/cvpetvetlagos\\\/#website\"},\"primaryImageOfPage\":{\"@id\":\"https:\\\/\\\/onevetgroup.pt\\\/cvpetvetlagos\\\/servicos-veterinarios\\\/hospitalizacao\\\/#primaryimage\"},\"image\":{\"@id\":\"https:\\\/\\\/onevetgroup.pt\\\/cvpetvetlagos\\\/servicos-veterinarios\\\/hospitalizacao\\\/#primaryimage\"},\"thumbnailUrl\":\"https:\\\/\\\/onevetgroup.pt\\\/cvpetvetlagos\\\/wp-content\\\/uploads\\\/sites\\\/89\\\/2020\\\/10\\\/Depositphotos_48497949_original.jpg\",\"datePublished\":\"2021-06-15T11:31:27+00:00\",\"dateModified\":\"2026-01-12T14:25:40+00:00\",\"breadcrumb\":{\"@id\":\"https:\\\/\\\/onevetgroup.pt\\\/cvpetvetlagos\\\/servicos-veterinarios\\\/hospitalizacao\\\/#breadcrumb\"},\"inLanguage\":\"pt-PT\",\"potentialAction\":[{\"@type\":\"ReadAction\",\"target\":[\"https:\\\/\\\/onevetgroup.pt\\\/cvpetvetlagos\\\/servicos-veterinarios\\\/hospitalizacao\\\/\"]}]},{\"@type\":\"ImageObject\",\"inLanguage\":\"pt-PT\",\"@id\":\"https:\\\/\\\/onevetgroup.pt\\\/cvpetvetlagos\\\/servicos-veterinarios\\\/hospitalizacao\\\/#primaryimage\",\"url\":\"https:\\\/\\\/onevetgroup.pt\\\/cvpetvetlagos\\\/wp-content\\\/uploads\\\/sites\\\/89\\\/2020\\\/10\\\/Depositphotos_48497949_original.jpg\",\"contentUrl\":\"https:\\\/\\\/onevetgroup.pt\\\/cvpetvetlagos\\\/wp-content\\\/uploads\\\/sites\\\/89\\\/2020\\\/10\\\/Depositphotos_48497949_original.jpg\",\"width\":500,\"height\":333},{\"@type\":\"BreadcrumbList\",\"@id\":\"https:\\\/\\\/onevetgroup.pt\\\/cvpetvetlagos\\\/servicos-veterinarios\\\/hospitalizacao\\\/#breadcrumb\",\"itemListElement\":[{\"@type\":\"ListItem\",\"position\":1,\"name\":\"Home\",\"item\":\"https:\\\/\\\/onevetgroup.pt\\\/cvpetvetlagos\\\/\"},{\"@type\":\"ListItem\",\"position\":2,\"name\":\"Servi\u00e7os de Cuidados para Animais de Estima\u00e7\u00e3o\",\"item\":\"https:\\\/\\\/onevetgroup.pt\\\/cvpetvetlagos\\\/servicos-veterinarios\\\/\"},{\"@type\":\"ListItem\",\"position\":3,\"name\":\"Hospitaliza\u00e7\u00e3o\"}]},{\"@type\":\"WebSite\",\"@id\":\"https:\\\/\\\/onevetgroup.pt\\\/cvpetvetlagos\\\/#website\",\"url\":\"https:\\\/\\\/onevetgroup.pt\\\/cvpetvetlagos\\\/\",\"name\":\"Lagos\",\"description\":\"Your Pets in Good Hands\",\"publisher\":{\"@id\":\"https:\\\/\\\/onevetgroup.pt\\\/cvpetvetlagos\\\/#organization\"},\"potentialAction\":[{\"@type\":\"SearchAction\",\"target\":{\"@type\":\"EntryPoint\",\"urlTemplate\":\"https:\\\/\\\/onevetgroup.pt\\\/cvpetvetlagos\\\/?s={search_term_string}\"},\"query-input\":{\"@type\":\"PropertyValueSpecification\",\"valueRequired\":true,\"valueName\":\"search_term_string\"}}],\"inLanguage\":\"pt-PT\"},{\"@type\":\"Organization\",\"@id\":\"https:\\\/\\\/onevetgroup.pt\\\/cvpetvetlagos\\\/#organization\",\"name\":\"Lagos\",\"url\":\"https:\\\/\\\/onevetgroup.pt\\\/cvpetvetlagos\\\/\",\"logo\":{\"@type\":\"ImageObject\",\"inLanguage\":\"pt-PT\",\"@id\":\"https:\\\/\\\/onevetgroup.pt\\\/cvpetvetlagos\\\/#\\\/schema\\\/logo\\\/image\\\/\",\"url\":\"https:\\\/\\\/onevetgroup.pt\\\/cvpetvetlagos\\\/wp-content\\\/uploads\\\/sites\\\/89\\\/2026\\\/01\\\/cropped-logo-2.png\",\"contentUrl\":\"https:\\\/\\\/onevetgroup.pt\\\/cvpetvetlagos\\\/wp-content\\\/uploads\\\/sites\\\/89\\\/2026\\\/01\\\/cropped-logo-2.png\",\"width\":1839,\"height\":559,\"caption\":\"Lagos\"},\"image\":{\"@id\":\"https:\\\/\\\/onevetgroup.pt\\\/cvpetvetlagos\\\/#\\\/schema\\\/logo\\\/image\\\/\"}}]}<\/script>\n<!-- \/ Yoast SEO plugin. -->","yoast_head_json":{"title":"Hospitaliza\u00e7\u00e3o - Lagos","robots":{"index":"index","follow":"follow","max-snippet":"max-snippet:-1","max-image-preview":"max-image-preview:large","max-video-preview":"max-video-preview:-1"},"canonical":"https:\/\/onevetgroup.pt\/cvpetvetlagos\/servicos-veterinarios\/hospitalizacao\/","og_locale":"pt_PT","og_type":"article","og_title":"Hospitaliza\u00e7\u00e3o - Lagos","og_description":"Na est\u00e3o dedicados ao cuidado intensivo do doente. Oferecemos \u00e1reas independentes e exclusivas para c\u00e3es e gatos, bem como para animais infecciosos. Os doentes s\u00e3o constantemente monitorizados pelos veterin\u00e1rios da . Oferecemos equipamentos de infus\u00e3o constante para terapia de perfus\u00e3o, nutri\u00e7\u00e3o atrav\u00e9s de entuba\u00e7\u00e3o nasoesof\u00e1gica, drenos, cateteres, oxigenoterapia, l\u00e2mpadas quentes e mais. A hospitaliza\u00e7\u00e3o \u00e9 &hellip;","og_url":"https:\/\/onevetgroup.pt\/cvpetvetlagos\/servicos-veterinarios\/hospitalizacao\/","og_site_name":"Lagos","article_modified_time":"2026-01-12T14:25:40+00:00","og_image":[{"url":"https:\/\/onevetgroup.pt\/cvpetvetlagos\/wp-content\/uploads\/sites\/89\/2020\/10\/Depositphotos_48497949_original.jpg","type":"","width":"","height":""}],"twitter_card":"summary_large_image","twitter_misc":{"Tempo estimado de leitura":"2 minutos"},"schema":{"@context":"https:\/\/schema.org","@graph":[{"@type":"WebPage","@id":"https:\/\/onevetgroup.pt\/cvpetvetlagos\/servicos-veterinarios\/hospitalizacao\/","url":"https:\/\/onevetgroup.pt\/cvpetvetlagos\/servicos-veterinarios\/hospitalizacao\/","name":"Hospitaliza\u00e7\u00e3o - Lagos","isPartOf":{"@id":"https:\/\/onevetgroup.pt\/cvpetvetlagos\/#website"},"primaryImageOfPage":{"@id":"https:\/\/onevetgroup.pt\/cvpetvetlagos\/servicos-veterinarios\/hospitalizacao\/#primaryimage"},"image":{"@id":"https:\/\/onevetgroup.pt\/cvpetvetlagos\/servicos-veterinarios\/hospitalizacao\/#primaryimage"},"thumbnailUrl":"https:\/\/onevetgroup.pt\/cvpetvetlagos\/wp-content\/uploads\/sites\/89\/2020\/10\/Depositphotos_48497949_original.jpg","datePublished":"2021-06-15T11:31:27+00:00","dateModified":"2026-01-12T14:25:40+00:00","breadcrumb":{"@id":"https:\/\/onevetgroup.pt\/cvpetvetlagos\/servicos-veterinarios\/hospitalizacao\/#breadcrumb"},"inLanguage":"pt-PT","potentialAction":[{"@type":"ReadAction","target":["https:\/\/onevetgroup.pt\/cvpetvetlagos\/servicos-veterinarios\/hospitalizacao\/"]}]},{"@type":"ImageObject","inLanguage":"pt-PT","@id":"https:\/\/onevetgroup.pt\/cvpetvetlagos\/servicos-veterinarios\/hospitalizacao\/#primaryimage","url":"https:\/\/onevetgroup.pt\/cvpetvetlagos\/wp-content\/uploads\/sites\/89\/2020\/10\/Depositphotos_48497949_original.jpg","contentUrl":"https:\/\/onevetgroup.pt\/cvpetvetlagos\/wp-content\/uploads\/sites\/89\/2020\/10\/Depositphotos_48497949_original.jpg","width":500,"height":333},{"@type":"BreadcrumbList","@id":"https:\/\/onevetgroup.pt\/cvpetvetlagos\/servicos-veterinarios\/hospitalizacao\/#breadcrumb","itemListElement":[{"@type":"ListItem","position":1,"name":"Home","item":"https:\/\/onevetgroup.pt\/cvpetvetlagos\/"},{"@type":"ListItem","position":2,"name":"Servi\u00e7os de Cuidados para Animais de Estima\u00e7\u00e3o","item":"https:\/\/onevetgroup.pt\/cvpetvetlagos\/servicos-veterinarios\/"},{"@type":"ListItem","position":3,"name":"Hospitaliza\u00e7\u00e3o"}]},{"@type":"WebSite","@id":"https:\/\/onevetgroup.pt\/cvpetvetlagos\/#website","url":"https:\/\/onevetgroup.pt\/cvpetvetlagos\/","name":"Lagos","description":"Your Pets in Good Hands","publisher":{"@id":"https:\/\/onevetgroup.pt\/cvpetvetlagos\/#organization"},"potentialAction":[{"@type":"SearchAction","target":{"@type":"EntryPoint","urlTemplate":"https:\/\/onevetgroup.pt\/cvpetvetlagos\/?s={search_term_string}"},"query-input":{"@type":"PropertyValueSpecification","valueRequired":true,"valueName":"search_term_string"}}],"inLanguage":"pt-PT"},{"@type":"Organization","@id":"https:\/\/onevetgroup.pt\/cvpetvetlagos\/#organization","name":"Lagos","url":"https:\/\/onevetgroup.pt\/cvpetvetlagos\/","logo":{"@type":"ImageObject","inLanguage":"pt-PT","@id":"https:\/\/onevetgroup.pt\/cvpetvetlagos\/#\/schema\/logo\/image\/","url":"https:\/\/onevetgroup.pt\/cvpetvetlagos\/wp-content\/uploads\/sites\/89\/2026\/01\/cropped-logo-2.png","contentUrl":"https:\/\/onevetgroup.pt\/cvpetvetlagos\/wp-content\/uploads\/sites\/89\/2026\/01\/cropped-logo-2.png","width":1839,"height":559,"caption":"Lagos"},"image":{"@id":"https:\/\/onevetgroup.pt\/cvpetvetlagos\/#\/schema\/logo\/image\/"}}]}},"_links":{"self":[{"href":"https:\/\/onevetgroup.pt\/cvpetvetlagos\/wp-json\/wp\/v2\/pages\/15234","targetHints":{"allow":["GET"]}}],"collection":[{"href":"https:\/\/onevetgroup.pt\/cvpetvetlagos\/wp-json\/wp\/v2\/pages"}],"about":[{"href":"https:\/\/onevetgroup.pt\/cvpetvetlagos\/wp-json\/wp\/v2\/types\/page"}],"author":[{"embeddable":true,"href":"https:\/\/onevetgroup.pt\/cvpetvetlagos\/wp-json\/wp\/v2\/users\/4"}],"replies":[{"embeddable":true,"href":"https:\/\/onevetgroup.pt\/cvpetvetlagos\/wp-json\/wp\/v2\/comments?post=15234"}],"version-history":[{"count":6,"href":"https:\/\/onevetgroup.pt\/cvpetvetlagos\/wp-json\/wp\/v2\/pages\/15234\/revisions"}],"predecessor-version":[{"id":20857,"href":"https:\/\/onevetgroup.pt\/cvpetvetlagos\/wp-json\/wp\/v2\/pages\/15234\/revisions\/20857"}],"up":[{"embeddable":true,"href":"https:\/\/onevetgroup.pt\/cvpetvetlagos\/wp-json\/wp\/v2\/pages\/14053"}],"wp:attachment":[{"href":"https:\/\/onevetgroup.pt\/cvpetvetlagos\/wp-json\/wp\/v2\/media?parent=15234"}],"curies":[{"name":"wp","href":"https:\/\/api.w.org\/{rel}","templated":true}]}}