{"id":14008,"date":"2021-02-08T15:28:59","date_gmt":"2021-02-08T15:28:59","guid":{"rendered":"http:\/\/onevet.pt\/gondomar\/sobre-nos\/"},"modified":"2024-07-28T20:57:16","modified_gmt":"2024-07-28T20:57:16","slug":"sobre-nos","status":"publish","type":"page","link":"https:\/\/onevetgroup.pt\/gondomar\/sobre-nos\/","title":{"rendered":"Sobre N\u00f3s"},"content":{"rendered":"\t\t<div data-elementor-type=\"wp-page\" data-elementor-id=\"14008\" class=\"elementor elementor-14008 elementor-268\" data-elementor-post-type=\"page\">\n\t\t\t\t\t\t<section class=\"elementor-section elementor-top-section elementor-element elementor-element-54cf215 pad-top-0 elementor-section-boxed elementor-section-height-default elementor-section-height-default\" data-id=\"54cf215\" data-element_type=\"section\" data-e-type=\"section\" data-settings=\"{&quot;background_background&quot;:&quot;classic&quot;}\">\n\t\t\t\t\t\t<div class=\"elementor-container elementor-column-gap-default\">\n\t\t\t\t\t<div class=\"elementor-column elementor-col-100 elementor-top-column elementor-element elementor-element-d926441\" data-id=\"d926441\" data-element_type=\"column\" data-e-type=\"column\">\n\t\t\t<div class=\"elementor-widget-wrap elementor-element-populated\">\n\t\t\t\t\t\t<div class=\"elementor-element elementor-element-9725bcd elementor-widget elementor-widget-section_titleleft\" data-id=\"9725bcd\" data-element_type=\"widget\" data-e-type=\"widget\" data-widget_type=\"section_titleleft.default\">\n\t\t\t\t<div class=\"elementor-widget-container\">\n\t\t\t\t\t        <div class=\"ab_text-title fl-wrap\">\r\n            <h3>Onevet Cl\u00ednica Veterin\u00e1ria de Gondomar com Urg\u00eancias 24h, assegurado pelo Onevet Hospital Veterin\u00e1rio Porto (HVPO)<\/h3><\/h4>H\u00e1 22 anos que brindamos os nossos clientes com um diagn\u00f3stico atento, completo e com o melhor tratamento para os animais de companhia.<\/h4><span class=\"section-separator fl-sec-sep\"><\/span>        <\/div>\r\n        \t\t\t\t<\/div>\n\t\t\t\t<\/div>\n\t\t\t\t<section class=\"elementor-section elementor-inner-section elementor-element elementor-element-35814f4 elementor-section-full_width elementor-section-height-default elementor-section-height-default\" data-id=\"35814f4\" data-element_type=\"section\" data-e-type=\"section\">\n\t\t\t\t\t\t<div class=\"elementor-container elementor-column-gap-wide\">\n\t\t\t\t\t<div class=\"elementor-column elementor-col-50 elementor-inner-column elementor-element elementor-element-7fa3f34\" data-id=\"7fa3f34\" data-element_type=\"column\" data-e-type=\"column\">\n\t\t\t<div class=\"elementor-widget-wrap elementor-element-populated\">\n\t\t\t\t\t\t<div class=\"elementor-element elementor-element-9e79898 elementor-widget elementor-widget-image\" data-id=\"9e79898\" data-element_type=\"widget\" data-e-type=\"widget\" data-widget_type=\"image.default\">\n\t\t\t\t<div class=\"elementor-widget-container\">\n\t\t\t\t\t\t\t\t\t\t\t\t\t\t\t<img fetchpriority=\"high\" width=\"786\" height=\"524\" class=\"attachment-townhub-single-image size-townhub-single-image wp-image-19348 lazy\" alt=\"\" data-src=\"https:\/\/onevetgroup.pt\/gondomar\/wp-content\/uploads\/sites\/22\/2023\/07\/TAN_7945-1-786x524.jpg\" data-lazy=\"https:\/\/onevetgroup.pt\/gondomar\/wp-content\/uploads\/sites\/22\/2023\/07\/TAN_7945-1-786x524.jpg\" \/>\t\t\t\t\t\t\t\t\t\t\t\t\t\t\t<\/div>\n\t\t\t\t<\/div>\n\t\t\t\t\t<\/div>\n\t\t<\/div>\n\t\t\t\t<div class=\"elementor-column elementor-col-50 elementor-inner-column elementor-element elementor-element-202374d\" data-id=\"202374d\" data-element_type=\"column\" data-e-type=\"column\">\n\t\t\t<div class=\"elementor-widget-wrap elementor-element-populated\">\n\t\t\t\t\t\t<div class=\"elementor-element elementor-element-3b393ce about-wrap elementor-widget elementor-widget-text-editor\" data-id=\"3b393ce\" data-element_type=\"widget\" data-e-type=\"widget\" data-widget_type=\"text-editor.default\">\n\t\t\t\t<div class=\"elementor-widget-container\">\n\t\t\t\t\t\t\t\t\t<p>A Onevet Cl\u00ednica Veterin\u00e1ria de Gondomar est\u00e1 no ativo desde 1999, a cuidar dos animais de estima\u00e7\u00e3o com todo o carinho e profissionalismo que merecem.<\/p><p>Situada junto a v\u00e1rios locais de refer\u00eancia da cidade (Rotunda de Ourives, Parque Urbano de Gondomar, Pavilh\u00e3o Multiusos), a cl\u00ednica \u00e9 constitu\u00edda por uma equipa multidisciplinar de 4 m\u00e9dicos veterin\u00e1rios e 4 enfermeiras\/auxiliares com experi\u00eancia em todas as \u00e1reas da medicina de animais de companhia.<\/p><p>Apostamos principalmente na medicina preventiva, de forma a proporcionar uma vida melhor e mais longa para o seu animal.<\/p><p>Acreditamos que a partilha de informa\u00e7\u00e3o com o dono do animal, a nossa disponibilidade e proximidade s\u00e3o pilares fundamentais no exerc\u00edcio da medicina veterin\u00e1ria.<\/p>\t\t\t\t\t\t\t\t<\/div>\n\t\t\t\t<\/div>\n\t\t\t\t\t<\/div>\n\t\t<\/div>\n\t\t\t\t\t<\/div>\n\t\t<\/section>\n\t\t\t\t<section class=\"elementor-section elementor-inner-section elementor-element elementor-element-31d68ae elementor-section-boxed elementor-section-height-default elementor-section-height-default\" data-id=\"31d68ae\" data-element_type=\"section\" data-e-type=\"section\">\n\t\t\t\t\t\t<div class=\"elementor-container elementor-column-gap-default\">\n\t\t\t\t\t<div class=\"elementor-column elementor-col-50 elementor-inner-column elementor-element elementor-element-8ddd41b\" data-id=\"8ddd41b\" data-element_type=\"column\" data-e-type=\"column\">\n\t\t\t<div class=\"elementor-widget-wrap elementor-element-populated\">\n\t\t\t\t\t\t<div class=\"elementor-element elementor-element-c87b63e elementor-align-center elementor-widget elementor-widget-button\" data-id=\"c87b63e\" data-element_type=\"widget\" data-e-type=\"widget\" data-widget_type=\"button.default\">\n\t\t\t\t<div class=\"elementor-widget-container\">\n\t\t\t\t\t\t\t\t\t<div class=\"elementor-button-wrapper\">\n\t\t\t\t\t<a class=\"elementor-button elementor-button-link elementor-size-sm\" href=\"\/gondomar\/instalacoes\/\">\n\t\t\t\t\t\t<span class=\"elementor-button-content-wrapper\">\n\t\t\t\t\t\t\t\t\t<span class=\"elementor-button-text\">As Nossas Instala\u00e7\u00f5es<\/span>\n\t\t\t\t\t<\/span>\n\t\t\t\t\t<\/a>\n\t\t\t\t<\/div>\n\t\t\t\t\t\t\t\t<\/div>\n\t\t\t\t<\/div>\n\t\t\t\t\t<\/div>\n\t\t<\/div>\n\t\t\t\t<div class=\"elementor-column elementor-col-50 elementor-inner-column elementor-element elementor-element-d044a7e\" data-id=\"d044a7e\" data-element_type=\"column\" data-e-type=\"column\">\n\t\t\t<div class=\"elementor-widget-wrap elementor-element-populated\">\n\t\t\t\t\t\t<div class=\"elementor-element elementor-element-75ee515 elementor-align-center elementor-widget elementor-widget-button\" data-id=\"75ee515\" data-element_type=\"widget\" data-e-type=\"widget\" data-widget_type=\"button.default\">\n\t\t\t\t<div class=\"elementor-widget-container\">\n\t\t\t\t\t\t\t\t\t<div class=\"elementor-button-wrapper\">\n\t\t\t\t\t<a class=\"elementor-button elementor-button-link elementor-size-sm\" href=\"\/gondomar\/a-nossa-equipa\/\">\n\t\t\t\t\t\t<span class=\"elementor-button-content-wrapper\">\n\t\t\t\t\t\t\t\t\t<span class=\"elementor-button-text\">A Nossa Equipa<\/span>\n\t\t\t\t\t<\/span>\n\t\t\t\t\t<\/a>\n\t\t\t\t<\/div>\n\t\t\t\t\t\t\t\t<\/div>\n\t\t\t\t<\/div>\n\t\t\t\t\t<\/div>\n\t\t<\/div>\n\t\t\t\t\t<\/div>\n\t\t<\/section>\n\t\t\t\t\t<\/div>\n\t\t<\/div>\n\t\t\t\t\t<\/div>\n\t\t<\/section>\n\t\t\t\t<section class=\"elementor-section elementor-top-section elementor-element elementor-element-1f78772 elementor-section-boxed elementor-section-height-default elementor-section-height-default\" data-id=\"1f78772\" data-element_type=\"section\" data-e-type=\"section\">\n\t\t\t\t\t\t<div class=\"elementor-container elementor-column-gap-default\">\n\t\t\t\t\t<div class=\"elementor-column elementor-col-100 elementor-top-column elementor-element elementor-element-ade0b49\" data-id=\"ade0b49\" data-element_type=\"column\" data-e-type=\"column\">\n\t\t\t<div class=\"elementor-widget-wrap elementor-element-populated\">\n\t\t\t\t\t\t<div class=\"elementor-element elementor-element-ef6a20a elementor-widget elementor-widget-gallery\" data-id=\"ef6a20a\" data-element_type=\"widget\" data-e-type=\"widget\" data-settings=\"{&quot;columns&quot;:&quot;3&quot;,&quot;aspect_ratio&quot;:&quot;1:1&quot;,&quot;lazyload&quot;:&quot;yes&quot;,&quot;gallery_layout&quot;:&quot;grid&quot;,&quot;columns_tablet&quot;:2,&quot;columns_mobile&quot;:1,&quot;gap&quot;:{&quot;unit&quot;:&quot;px&quot;,&quot;size&quot;:10,&quot;sizes&quot;:[]},&quot;gap_tablet&quot;:{&quot;unit&quot;:&quot;px&quot;,&quot;size&quot;:10,&quot;sizes&quot;:[]},&quot;gap_mobile&quot;:{&quot;unit&quot;:&quot;px&quot;,&quot;size&quot;:10,&quot;sizes&quot;:[]},&quot;link_to&quot;:&quot;file&quot;,&quot;overlay_background&quot;:&quot;yes&quot;,&quot;content_hover_animation&quot;:&quot;fade-in&quot;}\" data-widget_type=\"gallery.default\">\n\t\t\t\t<div class=\"elementor-widget-container\">\n\t\t\t\t\t\t\t<div class=\"elementor-gallery__container\">\n\t\t\t\t\t\t\t<a class=\"e-gallery-item elementor-gallery-item elementor-animated-content\" href=\"https:\/\/onevetgroup.pt\/gondomar\/wp-content\/uploads\/sites\/22\/2024\/07\/62-scaled-e1722200113645.jpg\" data-elementor-open-lightbox=\"yes\" data-elementor-lightbox-slideshow=\"ef6a20a\" data-elementor-lightbox-title=\"62\" data-e-action-hash=\"#elementor-action%3Aaction%3Dlightbox%26settings%3DeyJpZCI6MTk2NjIsInVybCI6Imh0dHBzOlwvXC9vbmV2ZXRncm91cC5wdFwvZ29uZG9tYXJcL3dwLWNvbnRlbnRcL3VwbG9hZHNcL3NpdGVzXC8yMlwvMjAyNFwvMDdcLzYyLXNjYWxlZC1lMTcyMjIwMDExMzY0NS5qcGciLCJzbGlkZXNob3ciOiJlZjZhMjBhIn0%3D\">\n\t\t\t\t\t<div class=\"e-gallery-image elementor-gallery-item__image\" data-thumbnail=\"https:\/\/onevetgroup.pt\/gondomar\/wp-content\/uploads\/sites\/22\/2024\/07\/62-scaled-e1722200113645-805x1024.jpg\" data-width=\"724\" data-height=\"921\" aria-label=\"\" role=\"img\" ><\/div>\n\t\t\t\t\t\t\t\t\t\t\t<div class=\"elementor-gallery-item__overlay\"><\/div>\n\t\t\t\t\t\t\t\t\t\t\t\t\t\t<\/a>\n\t\t\t\t\t\t\t<a class=\"e-gallery-item elementor-gallery-item elementor-animated-content\" href=\"https:\/\/onevetgroup.pt\/gondomar\/wp-content\/uploads\/sites\/22\/2023\/07\/TAN_7838-1-1.jpg\" data-elementor-open-lightbox=\"yes\" data-elementor-lightbox-slideshow=\"ef6a20a\" data-elementor-lightbox-title=\"TAN_7838 (1)\" data-e-action-hash=\"#elementor-action%3Aaction%3Dlightbox%26settings%3DeyJpZCI6MTkzOTgsInVybCI6Imh0dHBzOlwvXC9vbmV2ZXRncm91cC5wdFwvZ29uZG9tYXJcL3dwLWNvbnRlbnRcL3VwbG9hZHNcL3NpdGVzXC8yMlwvMjAyM1wvMDdcL1RBTl83ODM4LTEtMS5qcGciLCJzbGlkZXNob3ciOiJlZjZhMjBhIn0%3D\">\n\t\t\t\t\t<div class=\"e-gallery-image elementor-gallery-item__image\" data-thumbnail=\"https:\/\/onevetgroup.pt\/gondomar\/wp-content\/uploads\/sites\/22\/2023\/07\/TAN_7838-1-1-1024x683.jpg\" data-width=\"724\" data-height=\"483\" aria-label=\"\" role=\"img\" ><\/div>\n\t\t\t\t\t\t\t\t\t\t\t<div class=\"elementor-gallery-item__overlay\"><\/div>\n\t\t\t\t\t\t\t\t\t\t\t\t\t\t<\/a>\n\t\t\t\t\t\t\t<a class=\"e-gallery-item elementor-gallery-item elementor-animated-content\" href=\"https:\/\/onevetgroup.pt\/gondomar\/wp-content\/uploads\/sites\/22\/2024\/07\/66-scaled-e1722200045421.jpg\" data-elementor-open-lightbox=\"yes\" data-elementor-lightbox-slideshow=\"ef6a20a\" data-elementor-lightbox-title=\"66\" data-e-action-hash=\"#elementor-action%3Aaction%3Dlightbox%26settings%3DeyJpZCI6MTk2NTcsInVybCI6Imh0dHBzOlwvXC9vbmV2ZXRncm91cC5wdFwvZ29uZG9tYXJcL3dwLWNvbnRlbnRcL3VwbG9hZHNcL3NpdGVzXC8yMlwvMjAyNFwvMDdcLzY2LXNjYWxlZC1lMTcyMjIwMDA0NTQyMS5qcGciLCJzbGlkZXNob3ciOiJlZjZhMjBhIn0%3D\">\n\t\t\t\t\t<div class=\"e-gallery-image elementor-gallery-item__image\" data-thumbnail=\"https:\/\/onevetgroup.pt\/gondomar\/wp-content\/uploads\/sites\/22\/2024\/07\/66-scaled-e1722200045421-800x1024.jpg\" data-width=\"724\" data-height=\"927\" aria-label=\"\" role=\"img\" ><\/div>\n\t\t\t\t\t\t\t\t\t\t\t<div class=\"elementor-gallery-item__overlay\"><\/div>\n\t\t\t\t\t\t\t\t\t\t\t\t\t\t<\/a>\n\t\t\t\t\t\t\t<a class=\"e-gallery-item elementor-gallery-item elementor-animated-content\" href=\"https:\/\/onevetgroup.pt\/gondomar\/wp-content\/uploads\/sites\/22\/2023\/07\/TAN_7869.jpg\" data-elementor-open-lightbox=\"yes\" data-elementor-lightbox-slideshow=\"ef6a20a\" data-elementor-lightbox-title=\"TAN_7869\" data-e-action-hash=\"#elementor-action%3Aaction%3Dlightbox%26settings%3DeyJpZCI6MTkzOTQsInVybCI6Imh0dHBzOlwvXC9vbmV2ZXRncm91cC5wdFwvZ29uZG9tYXJcL3dwLWNvbnRlbnRcL3VwbG9hZHNcL3NpdGVzXC8yMlwvMjAyM1wvMDdcL1RBTl83ODY5LmpwZyIsInNsaWRlc2hvdyI6ImVmNmEyMGEifQ%3D%3D\">\n\t\t\t\t\t<div class=\"e-gallery-image elementor-gallery-item__image\" data-thumbnail=\"https:\/\/onevetgroup.pt\/gondomar\/wp-content\/uploads\/sites\/22\/2023\/07\/TAN_7869-1024x683.jpg\" data-width=\"724\" data-height=\"483\" aria-label=\"\" role=\"img\" ><\/div>\n\t\t\t\t\t\t\t\t\t\t\t<div class=\"elementor-gallery-item__overlay\"><\/div>\n\t\t\t\t\t\t\t\t\t\t\t\t\t\t<\/a>\n\t\t\t\t\t\t\t<a class=\"e-gallery-item elementor-gallery-item elementor-animated-content\" href=\"https:\/\/onevetgroup.pt\/gondomar\/wp-content\/uploads\/sites\/22\/2024\/07\/61-scaled-e1722200221450.jpg\" data-elementor-open-lightbox=\"yes\" data-elementor-lightbox-slideshow=\"ef6a20a\" data-elementor-lightbox-title=\"61\" data-e-action-hash=\"#elementor-action%3Aaction%3Dlightbox%26settings%3DeyJpZCI6MTk2NjAsInVybCI6Imh0dHBzOlwvXC9vbmV2ZXRncm91cC5wdFwvZ29uZG9tYXJcL3dwLWNvbnRlbnRcL3VwbG9hZHNcL3NpdGVzXC8yMlwvMjAyNFwvMDdcLzYxLXNjYWxlZC1lMTcyMjIwMDIyMTQ1MC5qcGciLCJzbGlkZXNob3ciOiJlZjZhMjBhIn0%3D\">\n\t\t\t\t\t<div class=\"e-gallery-image elementor-gallery-item__image\" data-thumbnail=\"https:\/\/onevetgroup.pt\/gondomar\/wp-content\/uploads\/sites\/22\/2024\/07\/61-scaled-e1722200221450-876x1024.jpg\" data-width=\"724\" data-height=\"846\" aria-label=\"\" role=\"img\" ><\/div>\n\t\t\t\t\t\t\t\t\t\t\t<div class=\"elementor-gallery-item__overlay\"><\/div>\n\t\t\t\t\t\t\t\t\t\t\t\t\t\t<\/a>\n\t\t\t\t\t\t\t<a class=\"e-gallery-item elementor-gallery-item elementor-animated-content\" href=\"https:\/\/onevetgroup.pt\/gondomar\/wp-content\/uploads\/sites\/22\/2023\/07\/TAN_7973.jpg\" data-elementor-open-lightbox=\"yes\" data-elementor-lightbox-slideshow=\"ef6a20a\" data-elementor-lightbox-title=\"TAN_7973\" data-e-action-hash=\"#elementor-action%3Aaction%3Dlightbox%26settings%3DeyJpZCI6MTkzOTIsInVybCI6Imh0dHBzOlwvXC9vbmV2ZXRncm91cC5wdFwvZ29uZG9tYXJcL3dwLWNvbnRlbnRcL3VwbG9hZHNcL3NpdGVzXC8yMlwvMjAyM1wvMDdcL1RBTl83OTczLmpwZyIsInNsaWRlc2hvdyI6ImVmNmEyMGEifQ%3D%3D\">\n\t\t\t\t\t<div class=\"e-gallery-image elementor-gallery-item__image\" data-thumbnail=\"https:\/\/onevetgroup.pt\/gondomar\/wp-content\/uploads\/sites\/22\/2023\/07\/TAN_7973-1024x683.jpg\" data-width=\"724\" data-height=\"483\" aria-label=\"\" role=\"img\" ><\/div>\n\t\t\t\t\t\t\t\t\t\t\t<div class=\"elementor-gallery-item__overlay\"><\/div>\n\t\t\t\t\t\t\t\t\t\t\t\t\t\t<\/a>\n\t\t\t\t\t<\/div>\n\t\t\t\t\t<\/div>\n\t\t\t\t<\/div>\n\t\t\t\t\t<\/div>\n\t\t<\/div>\n\t\t\t\t\t<\/div>\n\t\t<\/section>\n\t\t\t\t<\/div>\n\t\t","protected":false},"excerpt":{"rendered":"<p>Onevet Cl\u00ednica Veterin\u00e1ria de Gondomar com Urg\u00eancias 24h, assegurado pelo Onevet Hospital Veterin\u00e1rio Porto (HVPO) H\u00e1 22 anos que brindamos os nossos clientes com um diagn\u00f3stico atento, completo e com o melhor tratamento para os animais de companhia. A Onevet Cl\u00ednica Veterin\u00e1ria de Gondomar est\u00e1 no ativo desde 1999, a cuidar dos animais de estima\u00e7\u00e3o &hellip; <\/p>\n","protected":false},"author":1,"featured_media":0,"parent":0,"menu_order":0,"comment_status":"closed","ping_status":"closed","template":"page-fullwidth.php","meta":{"_acf_changed":false,"content-type":"","footnotes":""},"class_list":["post-14008","page","type-page","status-publish","hentry"],"acf":[],"yoast_head":"<!-- This site is optimized with the Yoast SEO plugin v27.4 - https:\/\/yoast.com\/product\/yoast-seo-wordpress\/ -->\n<title>Sobre N\u00f3s - Gondomar<\/title>\n<meta name=\"robots\" content=\"index, follow, max-snippet:-1, max-image-preview:large, max-video-preview:-1\" \/>\n<link rel=\"canonical\" href=\"https:\/\/onevetgroup.pt\/gondomar\/sobre-nos\/\" \/>\n<meta property=\"og:locale\" content=\"pt_PT\" \/>\n<meta property=\"og:type\" content=\"article\" \/>\n<meta property=\"og:title\" content=\"Sobre N\u00f3s - Gondomar\" \/>\n<meta property=\"og:description\" content=\"Onevet Cl\u00ednica Veterin\u00e1ria de Gondomar com Urg\u00eancias 24h, assegurado pelo Onevet Hospital Veterin\u00e1rio Porto (HVPO) H\u00e1 22 anos que brindamos os nossos clientes com um diagn\u00f3stico atento, completo e com o melhor tratamento para os animais de companhia. A Onevet Cl\u00ednica Veterin\u00e1ria de Gondomar est\u00e1 no ativo desde 1999, a cuidar dos animais de estima\u00e7\u00e3o &hellip;\" \/>\n<meta property=\"og:url\" content=\"https:\/\/onevetgroup.pt\/gondomar\/sobre-nos\/\" \/>\n<meta property=\"og:site_name\" content=\"Gondomar\" \/>\n<meta property=\"article:modified_time\" content=\"2024-07-28T20:57:16+00:00\" \/>\n<meta property=\"og:image\" content=\"https:\/\/onevetgroup.pt\/gondomar\/wp-content\/uploads\/sites\/22\/2023\/07\/TAN_7945-1-786x524.jpg\" \/>\n<meta name=\"twitter:card\" content=\"summary_large_image\" \/>\n<meta name=\"twitter:label1\" content=\"Tempo estimado de leitura\" \/>\n\t<meta name=\"twitter:data1\" content=\"2 minutos\" \/>\n<script type=\"application\/ld+json\" class=\"yoast-schema-graph\">{\"@context\":\"https:\\\/\\\/schema.org\",\"@graph\":[{\"@type\":\"WebPage\",\"@id\":\"https:\\\/\\\/onevetgroup.pt\\\/gondomar\\\/sobre-nos\\\/\",\"url\":\"https:\\\/\\\/onevetgroup.pt\\\/gondomar\\\/sobre-nos\\\/\",\"name\":\"Sobre N\u00f3s - Gondomar\",\"isPartOf\":{\"@id\":\"https:\\\/\\\/onevetgroup.pt\\\/gondomar\\\/#website\"},\"primaryImageOfPage\":{\"@id\":\"https:\\\/\\\/onevetgroup.pt\\\/gondomar\\\/sobre-nos\\\/#primaryimage\"},\"image\":{\"@id\":\"https:\\\/\\\/onevetgroup.pt\\\/gondomar\\\/sobre-nos\\\/#primaryimage\"},\"thumbnailUrl\":\"https:\\\/\\\/onevetgroup.pt\\\/gondomar\\\/wp-content\\\/uploads\\\/sites\\\/22\\\/2023\\\/07\\\/TAN_7945-1-786x524.jpg\",\"datePublished\":\"2021-02-08T15:28:59+00:00\",\"dateModified\":\"2024-07-28T20:57:16+00:00\",\"breadcrumb\":{\"@id\":\"https:\\\/\\\/onevetgroup.pt\\\/gondomar\\\/sobre-nos\\\/#breadcrumb\"},\"inLanguage\":\"pt-PT\",\"potentialAction\":[{\"@type\":\"ReadAction\",\"target\":[\"https:\\\/\\\/onevetgroup.pt\\\/gondomar\\\/sobre-nos\\\/\"]}]},{\"@type\":\"ImageObject\",\"inLanguage\":\"pt-PT\",\"@id\":\"https:\\\/\\\/onevetgroup.pt\\\/gondomar\\\/sobre-nos\\\/#primaryimage\",\"url\":\"https:\\\/\\\/onevetgroup.pt\\\/gondomar\\\/wp-content\\\/uploads\\\/sites\\\/22\\\/2023\\\/07\\\/TAN_7945-1.jpg\",\"contentUrl\":\"https:\\\/\\\/onevetgroup.pt\\\/gondomar\\\/wp-content\\\/uploads\\\/sites\\\/22\\\/2023\\\/07\\\/TAN_7945-1.jpg\",\"width\":2500,\"height\":1667},{\"@type\":\"BreadcrumbList\",\"@id\":\"https:\\\/\\\/onevetgroup.pt\\\/gondomar\\\/sobre-nos\\\/#breadcrumb\",\"itemListElement\":[{\"@type\":\"ListItem\",\"position\":1,\"name\":\"Home\",\"item\":\"https:\\\/\\\/onevetgroup.pt\\\/gondomar\\\/\"},{\"@type\":\"ListItem\",\"position\":2,\"name\":\"Sobre N\u00f3s\"}]},{\"@type\":\"WebSite\",\"@id\":\"https:\\\/\\\/onevetgroup.pt\\\/gondomar\\\/#website\",\"url\":\"https:\\\/\\\/onevetgroup.pt\\\/gondomar\\\/\",\"name\":\"Gondomar\",\"description\":\"Your Pets in Good Hands\",\"publisher\":{\"@id\":\"https:\\\/\\\/onevetgroup.pt\\\/gondomar\\\/#organization\"},\"potentialAction\":[{\"@type\":\"SearchAction\",\"target\":{\"@type\":\"EntryPoint\",\"urlTemplate\":\"https:\\\/\\\/onevetgroup.pt\\\/gondomar\\\/?s={search_term_string}\"},\"query-input\":{\"@type\":\"PropertyValueSpecification\",\"valueRequired\":true,\"valueName\":\"search_term_string\"}}],\"inLanguage\":\"pt-PT\"},{\"@type\":\"Organization\",\"@id\":\"https:\\\/\\\/onevetgroup.pt\\\/gondomar\\\/#organization\",\"name\":\"Gondomar\",\"url\":\"https:\\\/\\\/onevetgroup.pt\\\/gondomar\\\/\",\"logo\":{\"@type\":\"ImageObject\",\"inLanguage\":\"pt-PT\",\"@id\":\"https:\\\/\\\/onevetgroup.pt\\\/gondomar\\\/#\\\/schema\\\/logo\\\/image\\\/\",\"url\":\"https:\\\/\\\/onevetgroup.pt\\\/gondomar\\\/wp-content\\\/uploads\\\/sites\\\/22\\\/2023\\\/07\\\/cropped-onevet_cvgondomar_horizontal-e1689067071255.png\",\"contentUrl\":\"https:\\\/\\\/onevetgroup.pt\\\/gondomar\\\/wp-content\\\/uploads\\\/sites\\\/22\\\/2023\\\/07\\\/cropped-onevet_cvgondomar_horizontal-e1689067071255.png\",\"width\":225,\"height\":70,\"caption\":\"Gondomar\"},\"image\":{\"@id\":\"https:\\\/\\\/onevetgroup.pt\\\/gondomar\\\/#\\\/schema\\\/logo\\\/image\\\/\"}}]}<\/script>\n<!-- \/ Yoast SEO plugin. -->","yoast_head_json":{"title":"Sobre N\u00f3s - Gondomar","robots":{"index":"index","follow":"follow","max-snippet":"max-snippet:-1","max-image-preview":"max-image-preview:large","max-video-preview":"max-video-preview:-1"},"canonical":"https:\/\/onevetgroup.pt\/gondomar\/sobre-nos\/","og_locale":"pt_PT","og_type":"article","og_title":"Sobre N\u00f3s - Gondomar","og_description":"Onevet Cl\u00ednica Veterin\u00e1ria de Gondomar com Urg\u00eancias 24h, assegurado pelo Onevet Hospital Veterin\u00e1rio Porto (HVPO) H\u00e1 22 anos que brindamos os nossos clientes com um diagn\u00f3stico atento, completo e com o melhor tratamento para os animais de companhia. A Onevet Cl\u00ednica Veterin\u00e1ria de Gondomar est\u00e1 no ativo desde 1999, a cuidar dos animais de estima\u00e7\u00e3o &hellip;","og_url":"https:\/\/onevetgroup.pt\/gondomar\/sobre-nos\/","og_site_name":"Gondomar","article_modified_time":"2024-07-28T20:57:16+00:00","og_image":[{"url":"https:\/\/onevetgroup.pt\/gondomar\/wp-content\/uploads\/sites\/22\/2023\/07\/TAN_7945-1-786x524.jpg","type":"","width":"","height":""}],"twitter_card":"summary_large_image","twitter_misc":{"Tempo estimado de leitura":"2 minutos"},"schema":{"@context":"https:\/\/schema.org","@graph":[{"@type":"WebPage","@id":"https:\/\/onevetgroup.pt\/gondomar\/sobre-nos\/","url":"https:\/\/onevetgroup.pt\/gondomar\/sobre-nos\/","name":"Sobre N\u00f3s - Gondomar","isPartOf":{"@id":"https:\/\/onevetgroup.pt\/gondomar\/#website"},"primaryImageOfPage":{"@id":"https:\/\/onevetgroup.pt\/gondomar\/sobre-nos\/#primaryimage"},"image":{"@id":"https:\/\/onevetgroup.pt\/gondomar\/sobre-nos\/#primaryimage"},"thumbnailUrl":"https:\/\/onevetgroup.pt\/gondomar\/wp-content\/uploads\/sites\/22\/2023\/07\/TAN_7945-1-786x524.jpg","datePublished":"2021-02-08T15:28:59+00:00","dateModified":"2024-07-28T20:57:16+00:00","breadcrumb":{"@id":"https:\/\/onevetgroup.pt\/gondomar\/sobre-nos\/#breadcrumb"},"inLanguage":"pt-PT","potentialAction":[{"@type":"ReadAction","target":["https:\/\/onevetgroup.pt\/gondomar\/sobre-nos\/"]}]},{"@type":"ImageObject","inLanguage":"pt-PT","@id":"https:\/\/onevetgroup.pt\/gondomar\/sobre-nos\/#primaryimage","url":"https:\/\/onevetgroup.pt\/gondomar\/wp-content\/uploads\/sites\/22\/2023\/07\/TAN_7945-1.jpg","contentUrl":"https:\/\/onevetgroup.pt\/gondomar\/wp-content\/uploads\/sites\/22\/2023\/07\/TAN_7945-1.jpg","width":2500,"height":1667},{"@type":"BreadcrumbList","@id":"https:\/\/onevetgroup.pt\/gondomar\/sobre-nos\/#breadcrumb","itemListElement":[{"@type":"ListItem","position":1,"name":"Home","item":"https:\/\/onevetgroup.pt\/gondomar\/"},{"@type":"ListItem","position":2,"name":"Sobre N\u00f3s"}]},{"@type":"WebSite","@id":"https:\/\/onevetgroup.pt\/gondomar\/#website","url":"https:\/\/onevetgroup.pt\/gondomar\/","name":"Gondomar","description":"Your Pets in Good Hands","publisher":{"@id":"https:\/\/onevetgroup.pt\/gondomar\/#organization"},"potentialAction":[{"@type":"SearchAction","target":{"@type":"EntryPoint","urlTemplate":"https:\/\/onevetgroup.pt\/gondomar\/?s={search_term_string}"},"query-input":{"@type":"PropertyValueSpecification","valueRequired":true,"valueName":"search_term_string"}}],"inLanguage":"pt-PT"},{"@type":"Organization","@id":"https:\/\/onevetgroup.pt\/gondomar\/#organization","name":"Gondomar","url":"https:\/\/onevetgroup.pt\/gondomar\/","logo":{"@type":"ImageObject","inLanguage":"pt-PT","@id":"https:\/\/onevetgroup.pt\/gondomar\/#\/schema\/logo\/image\/","url":"https:\/\/onevetgroup.pt\/gondomar\/wp-content\/uploads\/sites\/22\/2023\/07\/cropped-onevet_cvgondomar_horizontal-e1689067071255.png","contentUrl":"https:\/\/onevetgroup.pt\/gondomar\/wp-content\/uploads\/sites\/22\/2023\/07\/cropped-onevet_cvgondomar_horizontal-e1689067071255.png","width":225,"height":70,"caption":"Gondomar"},"image":{"@id":"https:\/\/onevetgroup.pt\/gondomar\/#\/schema\/logo\/image\/"}}]}},"_links":{"self":[{"href":"https:\/\/onevetgroup.pt\/gondomar\/wp-json\/wp\/v2\/pages\/14008","targetHints":{"allow":["GET"]}}],"collection":[{"href":"https:\/\/onevetgroup.pt\/gondomar\/wp-json\/wp\/v2\/pages"}],"about":[{"href":"https:\/\/onevetgroup.pt\/gondomar\/wp-json\/wp\/v2\/types\/page"}],"author":[{"embeddable":true,"href":"https:\/\/onevetgroup.pt\/gondomar\/wp-json\/wp\/v2\/users\/1"}],"replies":[{"embeddable":true,"href":"https:\/\/onevetgroup.pt\/gondomar\/wp-json\/wp\/v2\/comments?post=14008"}],"version-history":[{"count":3,"href":"https:\/\/onevetgroup.pt\/gondomar\/wp-json\/wp\/v2\/pages\/14008\/revisions"}],"predecessor-version":[{"id":19666,"href":"https:\/\/onevetgroup.pt\/gondomar\/wp-json\/wp\/v2\/pages\/14008\/revisions\/19666"}],"wp:attachment":[{"href":"https:\/\/onevetgroup.pt\/gondomar\/wp-json\/wp\/v2\/media?parent=14008"}],"curies":[{"name":"wp","href":"https:\/\/api.w.org\/{rel}","templated":true}]}}