{"id":14008,"date":"2021-02-08T15:28:59","date_gmt":"2021-02-08T15:28:59","guid":{"rendered":"http:\/\/onevet.pt\/porto\/sobre-nos\/"},"modified":"2025-10-09T14:35:27","modified_gmt":"2025-10-09T14:35:27","slug":"sobre-nos","status":"publish","type":"page","link":"https:\/\/onevetgroup.pt\/hvamarante\/sobre-nos\/","title":{"rendered":"Sobre N\u00f3s"},"content":{"rendered":"\t\t<div data-elementor-type=\"wp-page\" data-elementor-id=\"14008\" class=\"elementor elementor-14008 elementor-268\" data-elementor-post-type=\"page\">\n\t\t\t\t\t\t<section class=\"elementor-section elementor-top-section elementor-element elementor-element-54cf215 pad-top-0 elementor-section-boxed elementor-section-height-default elementor-section-height-default\" data-id=\"54cf215\" data-element_type=\"section\" data-settings=\"{&quot;background_background&quot;:&quot;classic&quot;}\">\n\t\t\t\t\t\t<div class=\"elementor-container elementor-column-gap-default\">\n\t\t\t\t\t<div class=\"elementor-column elementor-col-100 elementor-top-column elementor-element elementor-element-d926441\" data-id=\"d926441\" data-element_type=\"column\">\n\t\t\t<div class=\"elementor-widget-wrap elementor-element-populated\">\n\t\t\t\t\t\t<div class=\"elementor-element elementor-element-9725bcd elementor-widget elementor-widget-section_titleleft\" data-id=\"9725bcd\" data-element_type=\"widget\" data-widget_type=\"section_titleleft.default\">\n\t\t\t\t<div class=\"elementor-widget-container\">\n\t\t\t\t\t        <div class=\"ab_text-title fl-wrap\">\r\n            <h3>Onevet Hospital Veterin\u00e1rio de Amarante com servi\u00e7o permanente de urg\u00eancias 24h.<\/h3><h4>H\u00e1 18 anos que o nosso Hospital Veterin\u00e1rio tem vindo a crescer profissionalmente na \u00e1rea dos animais de companhia. <\/h4><span class=\"section-separator fl-sec-sep\"><\/span>        <\/div>\r\n        \t\t\t\t<\/div>\n\t\t\t\t<\/div>\n\t\t\t\t<section class=\"elementor-section elementor-inner-section elementor-element elementor-element-35814f4 elementor-section-full_width elementor-section-height-default elementor-section-height-default\" data-id=\"35814f4\" data-element_type=\"section\">\n\t\t\t\t\t\t<div class=\"elementor-container elementor-column-gap-wide\">\n\t\t\t\t\t<div class=\"elementor-column elementor-col-50 elementor-inner-column elementor-element elementor-element-7fa3f34\" data-id=\"7fa3f34\" data-element_type=\"column\">\n\t\t\t<div class=\"elementor-widget-wrap elementor-element-populated\">\n\t\t\t\t\t\t<div class=\"elementor-element elementor-element-9e79898 elementor-widget elementor-widget-image\" data-id=\"9e79898\" data-element_type=\"widget\" data-widget_type=\"image.default\">\n\t\t\t\t<div class=\"elementor-widget-container\">\n\t\t\t\t\t\t\t\t\t\t\t\t\t\t\t<img fetchpriority=\"high\" width=\"786\" height=\"524\" class=\"attachment-townhub-single-image size-townhub-single-image wp-image-20833 lazy\" alt=\"\" data-src=\"https:\/\/onevetgroup.pt\/hvamarante\/wp-content\/uploads\/sites\/70\/2025\/10\/WhatsApp-Image-2025-10-09-at-15.30.03-786x524.jpeg\" data-lazy=\"https:\/\/onevetgroup.pt\/hvamarante\/wp-content\/uploads\/sites\/70\/2025\/10\/WhatsApp-Image-2025-10-09-at-15.30.03-786x524.jpeg\" \/>\t\t\t\t\t\t\t\t\t\t\t\t\t\t\t<\/div>\n\t\t\t\t<\/div>\n\t\t\t\t\t<\/div>\n\t\t<\/div>\n\t\t\t\t<div class=\"elementor-column elementor-col-50 elementor-inner-column elementor-element elementor-element-202374d\" data-id=\"202374d\" data-element_type=\"column\">\n\t\t\t<div class=\"elementor-widget-wrap elementor-element-populated\">\n\t\t\t\t\t\t<div class=\"elementor-element elementor-element-3b393ce about-wrap elementor-widget elementor-widget-text-editor\" data-id=\"3b393ce\" data-element_type=\"widget\" data-widget_type=\"text-editor.default\">\n\t\t\t\t<div class=\"elementor-widget-container\">\n\t\t\t\t\t\t\t\t\t<div class=\"ewa-rteLine\"><div class=\"ewa-rteLine\"><p>O HVAM \u2013 Hospital Veterin\u00e1rio de Amarante nasceu do sonho antigo de cuidar com excel\u00eancia e carinho daqueles que n\u00e3o sabem pedir ajuda, mas que sentem tudo. Em 2018, inauguramos novas instala\u00e7\u00f5es, resultado natural do crescimento de uma cl\u00ednica que, desde o in\u00edcio, sempre colocou os animais e suas fam\u00edlias em primeiro lugar.<br \/>Hoje, o HVAM \u00e9 muito mais do que um hospital. \u00c9 um espa\u00e7o de confian\u00e7a, onde cada vida importa. Contamos com uma equipa apaixonada, dedicada e altamente qualificada, que atua com empenho em \u00e1reas como urg\u00eancia, cirurgia, medicina interna, ecografia, ecocardiografia, fisioterapia e medicina profil\u00e1tica.<\/p><p>Acreditamos que a diferen\u00e7a est\u00e1 no cuidado \u2014 e \u00e9 por isso que todos os dias trabalhamos com o cora\u00e7\u00e3o, respeitando a vida em todas as suas formas.<\/p><\/div><\/div>\t\t\t\t\t\t\t\t<\/div>\n\t\t\t\t<\/div>\n\t\t\t\t\t<\/div>\n\t\t<\/div>\n\t\t\t\t\t<\/div>\n\t\t<\/section>\n\t\t\t\t<section class=\"elementor-section elementor-inner-section elementor-element elementor-element-31d68ae elementor-section-boxed elementor-section-height-default elementor-section-height-default\" data-id=\"31d68ae\" data-element_type=\"section\">\n\t\t\t\t\t\t<div class=\"elementor-container elementor-column-gap-default\">\n\t\t\t\t\t<div class=\"elementor-column elementor-col-50 elementor-inner-column elementor-element elementor-element-8ddd41b\" data-id=\"8ddd41b\" data-element_type=\"column\">\n\t\t\t<div class=\"elementor-widget-wrap elementor-element-populated\">\n\t\t\t\t\t\t<div class=\"elementor-element elementor-element-c87b63e elementor-align-center elementor-widget elementor-widget-button\" data-id=\"c87b63e\" data-element_type=\"widget\" data-widget_type=\"button.default\">\n\t\t\t\t<div class=\"elementor-widget-container\">\n\t\t\t\t\t\t\t\t\t<div class=\"elementor-button-wrapper\">\n\t\t\t\t\t<a class=\"elementor-button elementor-button-link elementor-size-sm\" href=\"\/hvamarante\/instalacoes\/\">\n\t\t\t\t\t\t<span class=\"elementor-button-content-wrapper\">\n\t\t\t\t\t\t\t\t\t<span class=\"elementor-button-text\">As Nossas Instala\u00e7\u00f5es<\/span>\n\t\t\t\t\t<\/span>\n\t\t\t\t\t<\/a>\n\t\t\t\t<\/div>\n\t\t\t\t\t\t\t\t<\/div>\n\t\t\t\t<\/div>\n\t\t\t\t\t<\/div>\n\t\t<\/div>\n\t\t\t\t<div class=\"elementor-column elementor-col-50 elementor-inner-column elementor-element elementor-element-d044a7e\" data-id=\"d044a7e\" data-element_type=\"column\">\n\t\t\t<div class=\"elementor-widget-wrap elementor-element-populated\">\n\t\t\t\t\t\t<div class=\"elementor-element elementor-element-75ee515 elementor-align-center elementor-widget elementor-widget-button\" data-id=\"75ee515\" data-element_type=\"widget\" data-widget_type=\"button.default\">\n\t\t\t\t<div class=\"elementor-widget-container\">\n\t\t\t\t\t\t\t\t\t<div class=\"elementor-button-wrapper\">\n\t\t\t\t\t<a class=\"elementor-button elementor-button-link elementor-size-sm\" href=\"\/hvamarante\/a-nossa-equipa\/\">\n\t\t\t\t\t\t<span class=\"elementor-button-content-wrapper\">\n\t\t\t\t\t\t\t\t\t<span class=\"elementor-button-text\">A Nossa Equipa<\/span>\n\t\t\t\t\t<\/span>\n\t\t\t\t\t<\/a>\n\t\t\t\t<\/div>\n\t\t\t\t\t\t\t\t<\/div>\n\t\t\t\t<\/div>\n\t\t\t\t\t<\/div>\n\t\t<\/div>\n\t\t\t\t\t<\/div>\n\t\t<\/section>\n\t\t\t\t\t<\/div>\n\t\t<\/div>\n\t\t\t\t\t<\/div>\n\t\t<\/section>\n\t\t\t\t<section class=\"elementor-section elementor-top-section elementor-element elementor-element-fa6ceeb elementor-section-boxed elementor-section-height-default elementor-section-height-default\" data-id=\"fa6ceeb\" data-element_type=\"section\">\n\t\t\t\t\t\t<div class=\"elementor-container elementor-column-gap-default\">\n\t\t\t\t\t<div class=\"elementor-column elementor-col-100 elementor-top-column elementor-element elementor-element-aaf3c01\" data-id=\"aaf3c01\" data-element_type=\"column\">\n\t\t\t<div class=\"elementor-widget-wrap elementor-element-populated\">\n\t\t\t\t\t\t<div class=\"elementor-element elementor-element-f4a4474 elementor-widget elementor-widget-gallery\" data-id=\"f4a4474\" data-element_type=\"widget\" data-settings=\"{&quot;columns&quot;:&quot;3&quot;,&quot;aspect_ratio&quot;:&quot;1:1&quot;,&quot;lazyload&quot;:&quot;yes&quot;,&quot;gallery_layout&quot;:&quot;grid&quot;,&quot;columns_tablet&quot;:2,&quot;columns_mobile&quot;:1,&quot;gap&quot;:{&quot;unit&quot;:&quot;px&quot;,&quot;size&quot;:10,&quot;sizes&quot;:[]},&quot;gap_tablet&quot;:{&quot;unit&quot;:&quot;px&quot;,&quot;size&quot;:10,&quot;sizes&quot;:[]},&quot;gap_mobile&quot;:{&quot;unit&quot;:&quot;px&quot;,&quot;size&quot;:10,&quot;sizes&quot;:[]},&quot;link_to&quot;:&quot;file&quot;,&quot;overlay_background&quot;:&quot;yes&quot;,&quot;content_hover_animation&quot;:&quot;fade-in&quot;}\" data-widget_type=\"gallery.default\">\n\t\t\t\t<div class=\"elementor-widget-container\">\n\t\t\t\t\t\t\t<div class=\"elementor-gallery__container\">\n\t\t\t\t\t\t\t<a class=\"e-gallery-item elementor-gallery-item elementor-animated-content\" href=\"https:\/\/onevetgroup.pt\/hvamarante\/wp-content\/uploads\/sites\/70\/2025\/10\/WhatsApp-Image-2025-10-09-at-15.31.52.jpeg\" data-elementor-open-lightbox=\"yes\" data-elementor-lightbox-slideshow=\"f4a4474\" data-elementor-lightbox-title=\"WhatsApp Image 2025-10-09 at 15.31.52\" data-e-action-hash=\"#elementor-action%3Aaction%3Dlightbox%26settings%3DeyJpZCI6MjA4NTAsInVybCI6Imh0dHBzOlwvXC9vbmV2ZXRncm91cC5wdFwvaHZhbWFyYW50ZVwvd3AtY29udGVudFwvdXBsb2Fkc1wvc2l0ZXNcLzcwXC8yMDI1XC8xMFwvV2hhdHNBcHAtSW1hZ2UtMjAyNS0xMC0wOS1hdC0xNS4zMS41Mi5qcGVnIiwic2xpZGVzaG93IjoiZjRhNDQ3NCJ9\">\n\t\t\t\t\t<div class=\"e-gallery-image elementor-gallery-item__image\" data-thumbnail=\"https:\/\/onevetgroup.pt\/hvamarante\/wp-content\/uploads\/sites\/70\/2025\/10\/WhatsApp-Image-2025-10-09-at-15.31.52-1024x768.jpeg\" data-width=\"724\" data-height=\"543\" aria-label=\"\" role=\"img\" ><\/div>\n\t\t\t\t\t\t\t\t\t\t\t<div class=\"elementor-gallery-item__overlay\"><\/div>\n\t\t\t\t\t\t\t\t\t\t\t\t\t\t<\/a>\n\t\t\t\t\t\t\t<a class=\"e-gallery-item elementor-gallery-item elementor-animated-content\" href=\"https:\/\/onevetgroup.pt\/hvamarante\/wp-content\/uploads\/sites\/70\/2025\/10\/WhatsApp-Image-2025-10-09-at-15.30.03-1-scaled.jpeg\" data-elementor-open-lightbox=\"yes\" data-elementor-lightbox-slideshow=\"f4a4474\" data-elementor-lightbox-title=\"WhatsApp Image 2025-10-09 at 15.30.03 (1)\" data-e-action-hash=\"#elementor-action%3Aaction%3Dlightbox%26settings%3DeyJpZCI6MjA4NDgsInVybCI6Imh0dHBzOlwvXC9vbmV2ZXRncm91cC5wdFwvaHZhbWFyYW50ZVwvd3AtY29udGVudFwvdXBsb2Fkc1wvc2l0ZXNcLzcwXC8yMDI1XC8xMFwvV2hhdHNBcHAtSW1hZ2UtMjAyNS0xMC0wOS1hdC0xNS4zMC4wMy0xLXNjYWxlZC5qcGVnIiwic2xpZGVzaG93IjoiZjRhNDQ3NCJ9\">\n\t\t\t\t\t<div class=\"e-gallery-image elementor-gallery-item__image\" data-thumbnail=\"https:\/\/onevetgroup.pt\/hvamarante\/wp-content\/uploads\/sites\/70\/2025\/10\/WhatsApp-Image-2025-10-09-at-15.30.03-1-1024x768.jpeg\" data-width=\"724\" data-height=\"543\" aria-label=\"\" role=\"img\" ><\/div>\n\t\t\t\t\t\t\t\t\t\t\t<div class=\"elementor-gallery-item__overlay\"><\/div>\n\t\t\t\t\t\t\t\t\t\t\t\t\t\t<\/a>\n\t\t\t\t\t\t\t<a class=\"e-gallery-item elementor-gallery-item elementor-animated-content\" href=\"https:\/\/onevetgroup.pt\/hvamarante\/wp-content\/uploads\/sites\/70\/2025\/10\/WhatsApp-Image-2025-10-09-at-15.31.53.jpeg\" data-elementor-open-lightbox=\"yes\" data-elementor-lightbox-slideshow=\"f4a4474\" data-elementor-lightbox-title=\"WhatsApp Image 2025-10-09 at 15.31.53\" data-e-action-hash=\"#elementor-action%3Aaction%3Dlightbox%26settings%3DeyJpZCI6MjA4NTQsInVybCI6Imh0dHBzOlwvXC9vbmV2ZXRncm91cC5wdFwvaHZhbWFyYW50ZVwvd3AtY29udGVudFwvdXBsb2Fkc1wvc2l0ZXNcLzcwXC8yMDI1XC8xMFwvV2hhdHNBcHAtSW1hZ2UtMjAyNS0xMC0wOS1hdC0xNS4zMS41My5qcGVnIiwic2xpZGVzaG93IjoiZjRhNDQ3NCJ9\">\n\t\t\t\t\t<div class=\"e-gallery-image elementor-gallery-item__image\" data-thumbnail=\"https:\/\/onevetgroup.pt\/hvamarante\/wp-content\/uploads\/sites\/70\/2025\/10\/WhatsApp-Image-2025-10-09-at-15.31.53-1024x768.jpeg\" data-width=\"724\" data-height=\"543\" aria-label=\"\" role=\"img\" ><\/div>\n\t\t\t\t\t\t\t\t\t\t\t<div class=\"elementor-gallery-item__overlay\"><\/div>\n\t\t\t\t\t\t\t\t\t\t\t\t\t\t<\/a>\n\t\t\t\t\t\t\t<a class=\"e-gallery-item elementor-gallery-item elementor-animated-content\" href=\"https:\/\/onevetgroup.pt\/hvamarante\/wp-content\/uploads\/sites\/70\/2025\/10\/WhatsApp-Image-2025-10-09-at-15.31.54.jpeg\" data-elementor-open-lightbox=\"yes\" data-elementor-lightbox-slideshow=\"f4a4474\" data-elementor-lightbox-title=\"WhatsApp Image 2025-10-09 at 15.31.54\" data-e-action-hash=\"#elementor-action%3Aaction%3Dlightbox%26settings%3DeyJpZCI6MjA4NTgsInVybCI6Imh0dHBzOlwvXC9vbmV2ZXRncm91cC5wdFwvaHZhbWFyYW50ZVwvd3AtY29udGVudFwvdXBsb2Fkc1wvc2l0ZXNcLzcwXC8yMDI1XC8xMFwvV2hhdHNBcHAtSW1hZ2UtMjAyNS0xMC0wOS1hdC0xNS4zMS41NC5qcGVnIiwic2xpZGVzaG93IjoiZjRhNDQ3NCJ9\">\n\t\t\t\t\t<div class=\"e-gallery-image elementor-gallery-item__image\" data-thumbnail=\"https:\/\/onevetgroup.pt\/hvamarante\/wp-content\/uploads\/sites\/70\/2025\/10\/WhatsApp-Image-2025-10-09-at-15.31.54-1024x768.jpeg\" data-width=\"724\" data-height=\"543\" aria-label=\"\" role=\"img\" ><\/div>\n\t\t\t\t\t\t\t\t\t\t\t<div class=\"elementor-gallery-item__overlay\"><\/div>\n\t\t\t\t\t\t\t\t\t\t\t\t\t\t<\/a>\n\t\t\t\t\t\t\t<a class=\"e-gallery-item elementor-gallery-item elementor-animated-content\" href=\"https:\/\/onevetgroup.pt\/hvamarante\/wp-content\/uploads\/sites\/70\/2025\/10\/WhatsApp-Image-2025-10-09-at-15.31.55.jpeg\" data-elementor-open-lightbox=\"yes\" data-elementor-lightbox-slideshow=\"f4a4474\" data-elementor-lightbox-title=\"WhatsApp Image 2025-10-09 at 15.31.55\" data-e-action-hash=\"#elementor-action%3Aaction%3Dlightbox%26settings%3DeyJpZCI6MjA4NTYsInVybCI6Imh0dHBzOlwvXC9vbmV2ZXRncm91cC5wdFwvaHZhbWFyYW50ZVwvd3AtY29udGVudFwvdXBsb2Fkc1wvc2l0ZXNcLzcwXC8yMDI1XC8xMFwvV2hhdHNBcHAtSW1hZ2UtMjAyNS0xMC0wOS1hdC0xNS4zMS41NS5qcGVnIiwic2xpZGVzaG93IjoiZjRhNDQ3NCJ9\">\n\t\t\t\t\t<div class=\"e-gallery-image elementor-gallery-item__image\" data-thumbnail=\"https:\/\/onevetgroup.pt\/hvamarante\/wp-content\/uploads\/sites\/70\/2025\/10\/WhatsApp-Image-2025-10-09-at-15.31.55-1024x768.jpeg\" data-width=\"724\" data-height=\"543\" aria-label=\"\" role=\"img\" ><\/div>\n\t\t\t\t\t\t\t\t\t\t\t<div class=\"elementor-gallery-item__overlay\"><\/div>\n\t\t\t\t\t\t\t\t\t\t\t\t\t\t<\/a>\n\t\t\t\t\t\t\t<a class=\"e-gallery-item elementor-gallery-item elementor-animated-content\" href=\"https:\/\/onevetgroup.pt\/hvamarante\/wp-content\/uploads\/sites\/70\/2025\/10\/WhatsApp-Image-2025-10-09-at-15.31.53-1.jpeg\" data-elementor-open-lightbox=\"yes\" data-elementor-lightbox-slideshow=\"f4a4474\" data-elementor-lightbox-title=\"WhatsApp Image 2025-10-09 at 15.31.53 (1)\" data-e-action-hash=\"#elementor-action%3Aaction%3Dlightbox%26settings%3DeyJpZCI6MjA4NTIsInVybCI6Imh0dHBzOlwvXC9vbmV2ZXRncm91cC5wdFwvaHZhbWFyYW50ZVwvd3AtY29udGVudFwvdXBsb2Fkc1wvc2l0ZXNcLzcwXC8yMDI1XC8xMFwvV2hhdHNBcHAtSW1hZ2UtMjAyNS0xMC0wOS1hdC0xNS4zMS41My0xLmpwZWciLCJzbGlkZXNob3ciOiJmNGE0NDc0In0%3D\">\n\t\t\t\t\t<div class=\"e-gallery-image elementor-gallery-item__image\" data-thumbnail=\"https:\/\/onevetgroup.pt\/hvamarante\/wp-content\/uploads\/sites\/70\/2025\/10\/WhatsApp-Image-2025-10-09-at-15.31.53-1-1024x768.jpeg\" data-width=\"724\" data-height=\"543\" aria-label=\"\" role=\"img\" ><\/div>\n\t\t\t\t\t\t\t\t\t\t\t<div class=\"elementor-gallery-item__overlay\"><\/div>\n\t\t\t\t\t\t\t\t\t\t\t\t\t\t<\/a>\n\t\t\t\t\t<\/div>\n\t\t\t\t\t<\/div>\n\t\t\t\t<\/div>\n\t\t\t\t\t<\/div>\n\t\t<\/div>\n\t\t\t\t\t<\/div>\n\t\t<\/section>\n\t\t\t\t<\/div>\n\t\t","protected":false},"excerpt":{"rendered":"<p>Onevet Hospital Veterin\u00e1rio de Amarante com servi\u00e7o permanente de urg\u00eancias 24h. H\u00e1 18 anos que o nosso Hospital Veterin\u00e1rio tem vindo a crescer profissionalmente na \u00e1rea dos animais de companhia. O HVAM \u2013 Hospital Veterin\u00e1rio de Amarante nasceu do sonho antigo de cuidar com excel\u00eancia e carinho daqueles que n\u00e3o sabem pedir ajuda, mas que &hellip; <\/p>\n","protected":false},"author":1,"featured_media":0,"parent":0,"menu_order":0,"comment_status":"closed","ping_status":"closed","template":"page-fullwidth.php","meta":{"_acf_changed":false,"content-type":"","footnotes":""},"class_list":["post-14008","page","type-page","status-publish","hentry"],"acf":[],"yoast_head":"<!-- This site is optimized with the Yoast SEO plugin v26.2 - https:\/\/yoast.com\/wordpress\/plugins\/seo\/ -->\n<title>Sobre N\u00f3s - Amarante<\/title>\n<meta name=\"robots\" content=\"index, follow, max-snippet:-1, max-image-preview:large, max-video-preview:-1\" \/>\n<link rel=\"canonical\" href=\"https:\/\/onevetgroup.pt\/hvamarante\/sobre-nos\/\" \/>\n<meta property=\"og:locale\" content=\"pt_PT\" \/>\n<meta property=\"og:type\" content=\"article\" \/>\n<meta property=\"og:title\" content=\"Sobre N\u00f3s - Amarante\" \/>\n<meta property=\"og:description\" content=\"Onevet Hospital Veterin\u00e1rio de Amarante com servi\u00e7o permanente de urg\u00eancias 24h. H\u00e1 18 anos que o nosso Hospital Veterin\u00e1rio tem vindo a crescer profissionalmente na \u00e1rea dos animais de companhia. O HVAM \u2013 Hospital Veterin\u00e1rio de Amarante nasceu do sonho antigo de cuidar com excel\u00eancia e carinho daqueles que n\u00e3o sabem pedir ajuda, mas que &hellip;\" \/>\n<meta property=\"og:url\" content=\"https:\/\/onevetgroup.pt\/hvamarante\/sobre-nos\/\" \/>\n<meta property=\"og:site_name\" content=\"Amarante\" \/>\n<meta property=\"article:modified_time\" content=\"2025-10-09T14:35:27+00:00\" \/>\n<meta property=\"og:image\" content=\"https:\/\/onevetgroup.pt\/hvamarante\/wp-content\/uploads\/sites\/70\/2025\/10\/WhatsApp-Image-2025-10-09-at-15.30.03-786x524.jpeg\" \/>\n<meta name=\"twitter:card\" content=\"summary_large_image\" \/>\n<meta name=\"twitter:label1\" content=\"Tempo estimado de leitura\" \/>\n\t<meta name=\"twitter:data1\" content=\"2 minutos\" \/>\n<script type=\"application\/ld+json\" class=\"yoast-schema-graph\">{\"@context\":\"https:\/\/schema.org\",\"@graph\":[{\"@type\":\"WebPage\",\"@id\":\"https:\/\/onevetgroup.pt\/hvamarante\/sobre-nos\/\",\"url\":\"https:\/\/onevetgroup.pt\/hvamarante\/sobre-nos\/\",\"name\":\"Sobre N\u00f3s - Amarante\",\"isPartOf\":{\"@id\":\"https:\/\/onevetgroup.pt\/hvamarante\/#website\"},\"primaryImageOfPage\":{\"@id\":\"https:\/\/onevetgroup.pt\/hvamarante\/sobre-nos\/#primaryimage\"},\"image\":{\"@id\":\"https:\/\/onevetgroup.pt\/hvamarante\/sobre-nos\/#primaryimage\"},\"thumbnailUrl\":\"https:\/\/onevetgroup.pt\/hvamarante\/wp-content\/uploads\/sites\/70\/2025\/10\/WhatsApp-Image-2025-10-09-at-15.30.03-786x524.jpeg\",\"datePublished\":\"2021-02-08T15:28:59+00:00\",\"dateModified\":\"2025-10-09T14:35:27+00:00\",\"breadcrumb\":{\"@id\":\"https:\/\/onevetgroup.pt\/hvamarante\/sobre-nos\/#breadcrumb\"},\"inLanguage\":\"pt-PT\",\"potentialAction\":[{\"@type\":\"ReadAction\",\"target\":[\"https:\/\/onevetgroup.pt\/hvamarante\/sobre-nos\/\"]}]},{\"@type\":\"ImageObject\",\"inLanguage\":\"pt-PT\",\"@id\":\"https:\/\/onevetgroup.pt\/hvamarante\/sobre-nos\/#primaryimage\",\"url\":\"https:\/\/onevetgroup.pt\/hvamarante\/wp-content\/uploads\/sites\/70\/2025\/10\/WhatsApp-Image-2025-10-09-at-15.30.03-786x524.jpeg\",\"contentUrl\":\"https:\/\/onevetgroup.pt\/hvamarante\/wp-content\/uploads\/sites\/70\/2025\/10\/WhatsApp-Image-2025-10-09-at-15.30.03-786x524.jpeg\"},{\"@type\":\"BreadcrumbList\",\"@id\":\"https:\/\/onevetgroup.pt\/hvamarante\/sobre-nos\/#breadcrumb\",\"itemListElement\":[{\"@type\":\"ListItem\",\"position\":1,\"name\":\"Home\",\"item\":\"https:\/\/onevetgroup.pt\/hvamarante\/\"},{\"@type\":\"ListItem\",\"position\":2,\"name\":\"Sobre N\u00f3s\"}]},{\"@type\":\"WebSite\",\"@id\":\"https:\/\/onevetgroup.pt\/hvamarante\/#website\",\"url\":\"https:\/\/onevetgroup.pt\/hvamarante\/\",\"name\":\"Amarante\",\"description\":\"Your Pets in Good Hands\",\"publisher\":{\"@id\":\"https:\/\/onevetgroup.pt\/hvamarante\/#organization\"},\"potentialAction\":[{\"@type\":\"SearchAction\",\"target\":{\"@type\":\"EntryPoint\",\"urlTemplate\":\"https:\/\/onevetgroup.pt\/hvamarante\/?s={search_term_string}\"},\"query-input\":{\"@type\":\"PropertyValueSpecification\",\"valueRequired\":true,\"valueName\":\"search_term_string\"}}],\"inLanguage\":\"pt-PT\"},{\"@type\":\"Organization\",\"@id\":\"https:\/\/onevetgroup.pt\/hvamarante\/#organization\",\"name\":\"Amarante\",\"url\":\"https:\/\/onevetgroup.pt\/hvamarante\/\",\"logo\":{\"@type\":\"ImageObject\",\"inLanguage\":\"pt-PT\",\"@id\":\"https:\/\/onevetgroup.pt\/hvamarante\/#\/schema\/logo\/image\/\",\"url\":\"https:\/\/onevetgroup.pt\/hvamarante\/wp-content\/uploads\/sites\/70\/2025\/07\/cropped-Asset-4-1.png\",\"contentUrl\":\"https:\/\/onevetgroup.pt\/hvamarante\/wp-content\/uploads\/sites\/70\/2025\/07\/cropped-Asset-4-1.png\",\"width\":2406,\"height\":681,\"caption\":\"Amarante\"},\"image\":{\"@id\":\"https:\/\/onevetgroup.pt\/hvamarante\/#\/schema\/logo\/image\/\"}}]}<\/script>\n<!-- \/ Yoast SEO plugin. -->","yoast_head_json":{"title":"Sobre N\u00f3s - Amarante","robots":{"index":"index","follow":"follow","max-snippet":"max-snippet:-1","max-image-preview":"max-image-preview:large","max-video-preview":"max-video-preview:-1"},"canonical":"https:\/\/onevetgroup.pt\/hvamarante\/sobre-nos\/","og_locale":"pt_PT","og_type":"article","og_title":"Sobre N\u00f3s - Amarante","og_description":"Onevet Hospital Veterin\u00e1rio de Amarante com servi\u00e7o permanente de urg\u00eancias 24h. H\u00e1 18 anos que o nosso Hospital Veterin\u00e1rio tem vindo a crescer profissionalmente na \u00e1rea dos animais de companhia. O HVAM \u2013 Hospital Veterin\u00e1rio de Amarante nasceu do sonho antigo de cuidar com excel\u00eancia e carinho daqueles que n\u00e3o sabem pedir ajuda, mas que &hellip;","og_url":"https:\/\/onevetgroup.pt\/hvamarante\/sobre-nos\/","og_site_name":"Amarante","article_modified_time":"2025-10-09T14:35:27+00:00","og_image":[{"url":"https:\/\/onevetgroup.pt\/hvamarante\/wp-content\/uploads\/sites\/70\/2025\/10\/WhatsApp-Image-2025-10-09-at-15.30.03-786x524.jpeg","type":"","width":"","height":""}],"twitter_card":"summary_large_image","twitter_misc":{"Tempo estimado de leitura":"2 minutos"},"schema":{"@context":"https:\/\/schema.org","@graph":[{"@type":"WebPage","@id":"https:\/\/onevetgroup.pt\/hvamarante\/sobre-nos\/","url":"https:\/\/onevetgroup.pt\/hvamarante\/sobre-nos\/","name":"Sobre N\u00f3s - Amarante","isPartOf":{"@id":"https:\/\/onevetgroup.pt\/hvamarante\/#website"},"primaryImageOfPage":{"@id":"https:\/\/onevetgroup.pt\/hvamarante\/sobre-nos\/#primaryimage"},"image":{"@id":"https:\/\/onevetgroup.pt\/hvamarante\/sobre-nos\/#primaryimage"},"thumbnailUrl":"https:\/\/onevetgroup.pt\/hvamarante\/wp-content\/uploads\/sites\/70\/2025\/10\/WhatsApp-Image-2025-10-09-at-15.30.03-786x524.jpeg","datePublished":"2021-02-08T15:28:59+00:00","dateModified":"2025-10-09T14:35:27+00:00","breadcrumb":{"@id":"https:\/\/onevetgroup.pt\/hvamarante\/sobre-nos\/#breadcrumb"},"inLanguage":"pt-PT","potentialAction":[{"@type":"ReadAction","target":["https:\/\/onevetgroup.pt\/hvamarante\/sobre-nos\/"]}]},{"@type":"ImageObject","inLanguage":"pt-PT","@id":"https:\/\/onevetgroup.pt\/hvamarante\/sobre-nos\/#primaryimage","url":"https:\/\/onevetgroup.pt\/hvamarante\/wp-content\/uploads\/sites\/70\/2025\/10\/WhatsApp-Image-2025-10-09-at-15.30.03-786x524.jpeg","contentUrl":"https:\/\/onevetgroup.pt\/hvamarante\/wp-content\/uploads\/sites\/70\/2025\/10\/WhatsApp-Image-2025-10-09-at-15.30.03-786x524.jpeg"},{"@type":"BreadcrumbList","@id":"https:\/\/onevetgroup.pt\/hvamarante\/sobre-nos\/#breadcrumb","itemListElement":[{"@type":"ListItem","position":1,"name":"Home","item":"https:\/\/onevetgroup.pt\/hvamarante\/"},{"@type":"ListItem","position":2,"name":"Sobre N\u00f3s"}]},{"@type":"WebSite","@id":"https:\/\/onevetgroup.pt\/hvamarante\/#website","url":"https:\/\/onevetgroup.pt\/hvamarante\/","name":"Amarante","description":"Your Pets in Good Hands","publisher":{"@id":"https:\/\/onevetgroup.pt\/hvamarante\/#organization"},"potentialAction":[{"@type":"SearchAction","target":{"@type":"EntryPoint","urlTemplate":"https:\/\/onevetgroup.pt\/hvamarante\/?s={search_term_string}"},"query-input":{"@type":"PropertyValueSpecification","valueRequired":true,"valueName":"search_term_string"}}],"inLanguage":"pt-PT"},{"@type":"Organization","@id":"https:\/\/onevetgroup.pt\/hvamarante\/#organization","name":"Amarante","url":"https:\/\/onevetgroup.pt\/hvamarante\/","logo":{"@type":"ImageObject","inLanguage":"pt-PT","@id":"https:\/\/onevetgroup.pt\/hvamarante\/#\/schema\/logo\/image\/","url":"https:\/\/onevetgroup.pt\/hvamarante\/wp-content\/uploads\/sites\/70\/2025\/07\/cropped-Asset-4-1.png","contentUrl":"https:\/\/onevetgroup.pt\/hvamarante\/wp-content\/uploads\/sites\/70\/2025\/07\/cropped-Asset-4-1.png","width":2406,"height":681,"caption":"Amarante"},"image":{"@id":"https:\/\/onevetgroup.pt\/hvamarante\/#\/schema\/logo\/image\/"}}]}},"_links":{"self":[{"href":"https:\/\/onevetgroup.pt\/hvamarante\/wp-json\/wp\/v2\/pages\/14008","targetHints":{"allow":["GET"]}}],"collection":[{"href":"https:\/\/onevetgroup.pt\/hvamarante\/wp-json\/wp\/v2\/pages"}],"about":[{"href":"https:\/\/onevetgroup.pt\/hvamarante\/wp-json\/wp\/v2\/types\/page"}],"author":[{"embeddable":true,"href":"https:\/\/onevetgroup.pt\/hvamarante\/wp-json\/wp\/v2\/users\/1"}],"replies":[{"embeddable":true,"href":"https:\/\/onevetgroup.pt\/hvamarante\/wp-json\/wp\/v2\/comments?post=14008"}],"version-history":[{"count":28,"href":"https:\/\/onevetgroup.pt\/hvamarante\/wp-json\/wp\/v2\/pages\/14008\/revisions"}],"predecessor-version":[{"id":20862,"href":"https:\/\/onevetgroup.pt\/hvamarante\/wp-json\/wp\/v2\/pages\/14008\/revisions\/20862"}],"wp:attachment":[{"href":"https:\/\/onevetgroup.pt\/hvamarante\/wp-json\/wp\/v2\/media?parent=14008"}],"curies":[{"name":"wp","href":"https:\/\/api.w.org\/{rel}","templated":true}]}}