{"id":14036,"date":"2021-02-08T15:29:02","date_gmt":"2021-02-08T15:29:02","guid":{"rendered":"http:\/\/onevet.pt\/porto\/cuidados-preventivos\/"},"modified":"2022-07-12T08:00:18","modified_gmt":"2022-07-12T08:00:18","slug":"medicina-preventiva","status":"publish","type":"page","link":"https:\/\/onevetgroup.pt\/hvanimar\/servicos-veterinarios\/medicina-preventiva\/","title":{"rendered":"Medicina Preventiva"},"content":{"rendered":"\t\t<div data-elementor-type=\"wp-page\" data-elementor-id=\"14036\" class=\"elementor elementor-14036 elementor-784\" data-elementor-post-type=\"page\">\n\t\t\t\t\t\t<section class=\"elementor-section elementor-top-section elementor-element elementor-element-3b7f1f2 elementor-section-boxed elementor-section-height-default elementor-section-height-default\" data-id=\"3b7f1f2\" data-element_type=\"section\" id=\"main-sec\">\n\t\t\t\t\t\t<div class=\"elementor-container elementor-column-gap-default\">\n\t\t\t\t\t<div class=\"elementor-column elementor-col-100 elementor-top-column elementor-element elementor-element-138c88c\" data-id=\"138c88c\" data-element_type=\"column\">\n\t\t\t<div class=\"elementor-widget-wrap elementor-element-populated\">\n\t\t\t\t\t\t<div class=\"elementor-element elementor-element-ec83cf0 elementor-widget elementor-widget-section_titleleft\" data-id=\"ec83cf0\" data-element_type=\"widget\" data-widget_type=\"section_titleleft.default\">\n\t\t\t\t<div class=\"elementor-widget-container\">\n\t\t\t\t\t        <div class=\"ab_text-title fl-wrap\">\r\n            <h3>Servi\u00e7os de Cuidados Preventivos Oferecidos<\/h3>Ao fazer da sa\u00fade a longo prazo dos nossos animais de estima\u00e7\u00e3o uma prioridade permanente, podemos evitar muitos problemas m\u00e9dicos e aumentar o bem-estar e longevidade dos membros peludos da nossa fam\u00edlia.<span class=\"section-separator fl-sec-sep\"><\/span>        <\/div>\r\n        \t\t\t\t<\/div>\n\t\t\t\t<\/div>\n\t\t\t\t\t<\/div>\n\t\t<\/div>\n\t\t\t\t\t<\/div>\n\t\t<\/section>\n\t\t\t\t<section class=\"elementor-section elementor-top-section elementor-element elementor-element-d993722 elementor-section-boxed elementor-section-height-default elementor-section-height-default\" data-id=\"d993722\" data-element_type=\"section\">\n\t\t\t\t\t\t<div class=\"elementor-container elementor-column-gap-wide\">\n\t\t\t\t\t<div class=\"elementor-column elementor-col-50 elementor-top-column elementor-element elementor-element-065811d\" data-id=\"065811d\" data-element_type=\"column\">\n\t\t\t<div class=\"elementor-widget-wrap elementor-element-populated\">\n\t\t\t\t\t\t<div class=\"elementor-element elementor-element-63d99ac elementor-widget elementor-widget-text-editor\" data-id=\"63d99ac\" data-element_type=\"widget\" data-widget_type=\"text-editor.default\">\n\t\t\t\t<div class=\"elementor-widget-container\">\n\t\t\t\t\t\t\t\t\t<p>Eis os servi\u00e7os de cuidados preventivos que oferecemos na <span data-sheets-value=\"{\" data-sheets-userformat=\"{\">Onevet Hospital Veterin\u00e1rio Ani Mar<\/span>:<\/p><ul><li><strong>Realize<\/strong><strong>visitas regulares de<\/strong><strong>\u00abbem-estar animal\u00bb\u00a0<\/strong>N\u00e3o espere que os problemas se desenvolvam e o obriguem a levar o seu animal de estima\u00e7\u00e3o ao veterin\u00e1rio, para nos visitar. Como acontece com os seres humanos, \u00e9 mais f\u00e1cil descobrir e tratar os problemas quando estes s\u00e3o detetados nas fases iniciais, e a realiza\u00e7\u00e3o de check-ups regulares garantir\u00e1 a sa\u00fade a longo prazo dos seus animais de estima\u00e7\u00e3o.<\/li><li><strong>Esterilize ou castre os seus animais de estima\u00e7\u00e3o.<\/strong> Ao esterilizar ou castrar os seus animais, ir\u00e1 diminuir a probabilidade de desenvolverem tumores mam\u00e1rios e doen\u00e7a da pr\u00f3stata, ser\u00e1 menos prov\u00e1vel que deambulem e se firam ou percam, e poder\u00e1 evitar gravidezes. Para al\u00e9m de as gravidezes representarem um risco potencial para o seu animal de estima\u00e7\u00e3o, esses cachorrinhos e gatinhos aumentam os j\u00e1 significativos problemas de sobrepopula\u00e7\u00e3o e representar\u00e3o um fardo financeiro para si.<\/li><li><strong>Vacine os seus animais de estima\u00e7\u00e3o<\/strong> Ao vacinar os seus animais de estima\u00e7\u00e3o, diminui a probabilidade de contra\u00edrem doen\u00e7as graves e evit\u00e1veis.<\/li><li><strong>Use medica\u00e7\u00e3o preventiva do verme do cora\u00e7\u00e3o.<\/strong> Este \u00e9 um problema evit\u00e1vel e que pode ser fatal se ignorado.<\/li><li><strong>Use um adequado controlo de pulgas e carra\u00e7as.<\/strong> Para evitar problemas e escolher os produtos adequados, \u00e9 melhor pedir conselhos ao seu veterin\u00e1rio.<\/li><li><strong>A Limpeza Dent\u00e1ria Regular<\/strong> \u00e9 recomendada para impedir problemas dos dentes e gengivas.<\/li><\/ul>\t\t\t\t\t\t\t\t<\/div>\n\t\t\t\t<\/div>\n\t\t\t\t\t<\/div>\n\t\t<\/div>\n\t\t\t\t<div class=\"elementor-column elementor-col-50 elementor-top-column elementor-element elementor-element-2048e61\" data-id=\"2048e61\" data-element_type=\"column\">\n\t\t\t<div class=\"elementor-widget-wrap elementor-element-populated\">\n\t\t\t\t\t\t<div class=\"elementor-element elementor-element-dc7c821 elementor-widget elementor-widget-image\" data-id=\"dc7c821\" data-element_type=\"widget\" data-widget_type=\"image.default\">\n\t\t\t\t<div class=\"elementor-widget-container\">\n\t\t\t\t\t\t\t\t\t\t\t\t\t\t\t<img fetchpriority=\"high\" width=\"443\" height=\"672\" class=\"attachment-large size-large wp-image-18135 lazy\" alt=\"\" data-src=\"https:\/\/onevetgroup.pt\/hvanimar\/wp-content\/uploads\/sites\/88\/2022\/07\/Med-prev.jpg\" data-lazy=\"https:\/\/onevetgroup.pt\/hvanimar\/wp-content\/uploads\/sites\/88\/2022\/07\/Med-prev.jpg\" \/>\t\t\t\t\t\t\t\t\t\t\t\t\t\t\t<\/div>\n\t\t\t\t<\/div>\n\t\t\t\t\t<\/div>\n\t\t<\/div>\n\t\t\t\t\t<\/div>\n\t\t<\/section>\n\t\t\t\t<section class=\"elementor-section elementor-top-section elementor-element elementor-element-c6e8d26 elementor-section-boxed elementor-section-height-default elementor-section-height-default\" data-id=\"c6e8d26\" data-element_type=\"section\">\n\t\t\t\t\t\t<div class=\"elementor-container elementor-column-gap-default\">\n\t\t\t\t\t<div class=\"elementor-column elementor-col-100 elementor-top-column elementor-element elementor-element-d92d362\" data-id=\"d92d362\" data-element_type=\"column\">\n\t\t\t<div class=\"elementor-widget-wrap elementor-element-populated\">\n\t\t\t\t\t\t<div class=\"elementor-element elementor-element-70fb1ad elementor-widget elementor-widget-section_titleleft\" data-id=\"70fb1ad\" data-element_type=\"widget\" data-widget_type=\"section_titleleft.default\">\n\t\t\t\t<div class=\"elementor-widget-container\">\n\t\t\t\t\t        <div class=\"ab_text-title fl-wrap\">\r\n            <h3>Cuidados Preventivos em Casa<\/h3><span class=\"section-separator fl-sec-sep\"><\/span>        <\/div>\r\n        \t\t\t\t<\/div>\n\t\t\t\t<\/div>\n\t\t\t\t\t<\/div>\n\t\t<\/div>\n\t\t\t\t\t<\/div>\n\t\t<\/section>\n\t\t\t\t<section class=\"elementor-section elementor-top-section elementor-element elementor-element-149f379 elementor-section-boxed elementor-section-height-default elementor-section-height-default\" data-id=\"149f379\" data-element_type=\"section\">\n\t\t\t\t\t\t<div class=\"elementor-container elementor-column-gap-wide\">\n\t\t\t\t\t<div class=\"elementor-column elementor-col-50 elementor-top-column elementor-element elementor-element-2a8ea5b\" data-id=\"2a8ea5b\" data-element_type=\"column\">\n\t\t\t<div class=\"elementor-widget-wrap elementor-element-populated\">\n\t\t\t\t\t\t<div class=\"elementor-element elementor-element-11e2e2e elementor-widget elementor-widget-image\" data-id=\"11e2e2e\" data-element_type=\"widget\" data-widget_type=\"image.default\">\n\t\t\t\t<div class=\"elementor-widget-container\">\n\t\t\t\t\t\t\t\t\t\t\t\t\t\t\t<img decoding=\"async\" src=\"https:\/\/onevet.pt\/wp-content\/uploads\/2022\/06\/8-1.jpg\" title=\"\" alt=\"\" loading=\"lazy\" \/>\t\t\t\t\t\t\t\t\t\t\t\t\t\t\t<\/div>\n\t\t\t\t<\/div>\n\t\t\t\t\t<\/div>\n\t\t<\/div>\n\t\t\t\t<div class=\"elementor-column elementor-col-50 elementor-top-column elementor-element elementor-element-08b8459\" data-id=\"08b8459\" data-element_type=\"column\">\n\t\t\t<div class=\"elementor-widget-wrap elementor-element-populated\">\n\t\t\t\t\t\t<div class=\"elementor-element elementor-element-e1b240e elementor-widget elementor-widget-text-editor\" data-id=\"e1b240e\" data-element_type=\"widget\" data-widget_type=\"text-editor.default\">\n\t\t\t\t<div class=\"elementor-widget-container\">\n\t\t\t\t\t\t\t\t\t<ul>\n<li><strong>Ofere\u00e7a uma alimenta\u00e7\u00e3o de boa qualidade.<\/strong> Consulte-nos para determinar a alimenta\u00e7\u00e3o correta para os seus animais de estima\u00e7\u00e3o. As ra\u00e7\u00f5es para animais de estima\u00e7\u00e3o de elevada qualidade promovem a boa sa\u00fade a longo prazo dos seus animais.<\/li>\n<li><strong>Passeie o seu c\u00e3o todos os dias e assegure-se de que faz exerc\u00edcio suficiente.<\/strong> Pergunte ao seu veterin\u00e1rio qual a quantidade de exerc\u00edcio que a ra\u00e7a do seu c\u00e3o exige, e ofere\u00e7a-lhe bastante exposi\u00e7\u00e3o ao ar fresco e \u00e0 luz solar. Passar tempo a brincar com os seus gatos tamb\u00e9m os pode ajudar a manterem-se ativos e a aumentar a sua longevidade.<\/li>\n<li><strong>Mantenha o peso adequado dos seus animais.<\/strong> Evitar a obesidade tamb\u00e9m pode ajudar a impedir afe\u00e7\u00f5es relacionadas com esta, como problemas articulares, problemas de cora\u00e7\u00e3o e diabetes, pelo que \u00e9 fundamental que os seus animais de estima\u00e7\u00e3o mantenham um peso saud\u00e1vel. Uma vez mais, consulte o seu veterin\u00e1rio sobre o peso ideal para os seus animais de estima\u00e7\u00e3o.<\/li>\n<\/ul>\n\t\t\t\t\t\t\t\t<\/div>\n\t\t\t\t<\/div>\n\t\t\t\t\t<\/div>\n\t\t<\/div>\n\t\t\t\t\t<\/div>\n\t\t<\/section>\n\t\t\t\t<section class=\"elementor-section elementor-top-section elementor-element elementor-element-7d46ab6 elementor-section-boxed elementor-section-height-default elementor-section-height-default\" data-id=\"7d46ab6\" data-element_type=\"section\">\n\t\t\t\t\t\t<div class=\"elementor-container elementor-column-gap-default\">\n\t\t\t\t\t<div class=\"elementor-column elementor-col-100 elementor-top-column elementor-element elementor-element-41ce5c3\" data-id=\"41ce5c3\" data-element_type=\"column\">\n\t\t\t<div class=\"elementor-widget-wrap elementor-element-populated\">\n\t\t\t\t\t\t<div class=\"elementor-element elementor-element-bd2cc7b elementor-widget elementor-widget-toggle\" data-id=\"bd2cc7b\" data-element_type=\"widget\" data-widget_type=\"toggle.default\">\n\t\t\t\t<div class=\"elementor-widget-container\">\n\t\t\t\t\t\t\t<div class=\"elementor-toggle\">\n\t\t\t\t\t\t\t<div class=\"elementor-toggle-item\">\n\t\t\t\t\t<div id=\"elementor-tab-title-1981\" class=\"elementor-tab-title\" data-tab=\"1\" role=\"button\" aria-controls=\"elementor-tab-content-1981\" aria-expanded=\"false\">\n\t\t\t\t\t\t\t\t\t\t\t\t<span class=\"elementor-toggle-icon elementor-toggle-icon-left\" aria-hidden=\"true\">\n\t\t\t\t\t\t\t\t\t\t\t\t\t\t\t<span class=\"elementor-toggle-icon-closed\"><i class=\"fas fa-chevron-down\"><\/i><\/span>\n\t\t\t\t\t\t\t\t<span class=\"elementor-toggle-icon-opened\"><i class=\"elementor-toggle-icon-opened fas fa-chevron-up\"><\/i><\/span>\n\t\t\t\t\t\t\t\t\t\t\t\t\t<\/span>\n\t\t\t\t\t\t\t\t\t\t\t\t<a class=\"elementor-toggle-title\" tabindex=\"0\">Mais cuidados preventivos em casa<\/a>\n\t\t\t\t\t<\/div>\n\n\t\t\t\t\t<div id=\"elementor-tab-content-1981\" class=\"elementor-tab-content elementor-clearfix\" data-tab=\"1\" role=\"region\" aria-labelledby=\"elementor-tab-title-1981\"><ul><li><strong>Tenha sempre o seu c\u00e3o de trela nos locais p\u00fablicos.<\/strong>\u00a0N\u00e3o deixe que o seu c\u00e3o vagueie solto \u2013 as hip\u00f3teses de ser atropelado ou de se perder s\u00e3o demasiado elevadas para arriscar deix\u00e1-lo \u00e0 solta. Mater os seus gatos dentro de casa tamb\u00e9m os ajuda a viver mais tempo e impede que sejam feridos ou mortos por viaturas em circula\u00e7\u00e3o.<\/li><li><strong>N\u00e3o utilize pesticidas, fungicidas ou fertilizantes t\u00f3xicos em locais a que os seus animais de estima\u00e7\u00e3o tenham acesso.<\/strong><\/li><li><strong>Armazene todos os produtos dom\u00e9sticos potencialmente t\u00f3xicos, incluindo detergentes, etc., fora do alcance dos seus animais de estima\u00e7\u00e3o.<\/strong><\/li><li><strong>Escove os dentes do seu c\u00e3o ou gato<\/strong><strong>de forma regular com uma pasta dent\u00edfrica formulada para c\u00e3es ou gatos ou com bicarbonato de s\u00f3dio<\/strong>\u00a0\u2013 nunca com uma pasta de dentes concebida para utiliza\u00e7\u00e3o humana. Esta rotina pode evitar problemas dent\u00e1rios dispendiosos e graves mais tarde.<\/li><li><strong>Socialize e treine os seus cachorrinhos desde cedo.<\/strong>\u00a0Isto ajudar\u00e1 a evitar confrontos com outros c\u00e3es mais tarde e tamb\u00e9m ajudar\u00e1 a evitar problemas comportamentais que poder\u00e3o ser de dif\u00edcil resolu\u00e7\u00e3o em c\u00e3es adultos.<\/li><li><strong>Passe tempo com os seus animais de estima\u00e7\u00e3o todos os dias.<\/strong>\u00a0Passar tempo de qualidade com eles poder\u00e1 ajudar ao seu bem-estar emocional e, como tal, real\u00e7ar a sua pr\u00f3pria sa\u00fade geral.<\/li><li><strong>Nunca deixe os seus animais de estima\u00e7\u00e3o no carro num dia quente.\u00a0<\/strong>No carro as temperaturas, mesmo com as janelas abertas, podem alcan\u00e7ar n\u00edveis fatais em poucos minutos. Basta a temperatura exterior estar acima dos 20 graus para j\u00e1 n\u00e3o ser seguro deixar animais num carro.<\/li><li><strong>Quando viajar com os seus animais de estima\u00e7\u00e3o, mantenha os c\u00e3es numa transportadora ou restringidos com um cinto de seguran\u00e7a especial para c\u00e3es (n\u00e3o com um cinto de seguran\u00e7a humano) e mantenha os gatos tamb\u00e9m numa transportadora.<\/strong>\u00a0Isso impedir\u00e1 que os seus animais se firam num acidente, e n\u00e3o se esque\u00e7a que, mesmo a baixas velocidades, os passageiros sem cinto de seguran\u00e7a num carro (sejam humanos, c\u00e3es ou gatos) podem ficar gravemente feridos.<\/li><li><strong>Considere a possibilidade de aderir a um programa de seguros para animais de estima\u00e7\u00e3o.<\/strong>\u00a0Existem v\u00e1rios programas de seguros para animais de estima\u00e7\u00e3o que cobrem as necessidades do seu animal de estima\u00e7\u00e3o em caso de acidente ou doen\u00e7a. No entanto, estes problemas n\u00e3o cobrem os cuidados no momento do tratamento, pelo que dever\u00e1 estar pronto para pagar os cuidados m\u00e9dicos quando o seu animal estiver a ser tratado. Al\u00e9m disso, estes planos t\u00eam restri\u00e7\u00f5es sobre os procedimentos cobertos pelas ap\u00f3lices, por isso leia as limita\u00e7\u00f5es da ap\u00f3lice com aten\u00e7\u00e3o. Estas ap\u00f3lices n\u00e3o substituem a exist\u00eancia de uma conta poupan\u00e7a dispon\u00edvel para cobrir os cuidados m\u00e9dicos necess\u00e1rios.<\/li><\/ul><\/div>\n\t\t\t\t<\/div>\n\t\t\t\t\t\t\t\t<\/div>\n\t\t\t\t\t\t<\/div>\n\t\t\t\t<\/div>\n\t\t\t\t\t<\/div>\n\t\t<\/div>\n\t\t\t\t\t<\/div>\n\t\t<\/section>\n\t\t\t\t<\/div>\n\t\t","protected":false},"excerpt":{"rendered":"<p>Servi\u00e7os de Cuidados Preventivos Oferecidos Ao fazer da sa\u00fade a longo prazo dos nossos animais de estima\u00e7\u00e3o uma prioridade permanente, podemos evitar muitos problemas m\u00e9dicos e aumentar o bem-estar e longevidade dos membros peludos da nossa fam\u00edlia. Eis os servi\u00e7os de cuidados preventivos que oferecemos na : Realizevisitas regulares de\u00abbem-estar animal\u00bb\u00a0N\u00e3o espere que os problemas &hellip; <\/p>\n","protected":false},"author":4,"featured_media":0,"parent":14053,"menu_order":0,"comment_status":"closed","ping_status":"closed","template":"page-fullwidth.php","meta":{"_acf_changed":false,"content-type":"","footnotes":""},"class_list":["post-14036","page","type-page","status-publish","hentry"],"acf":[],"yoast_head":"<!-- This site is optimized with the Yoast SEO plugin v26.2 - https:\/\/yoast.com\/wordpress\/plugins\/seo\/ -->\n<title>Medicina Preventiva - Animar<\/title>\n<meta name=\"robots\" content=\"index, follow, max-snippet:-1, max-image-preview:large, max-video-preview:-1\" \/>\n<link rel=\"canonical\" href=\"https:\/\/onevetgroup.pt\/hvanimar\/servicos-veterinarios\/medicina-preventiva\/\" \/>\n<meta property=\"og:locale\" content=\"pt_PT\" \/>\n<meta property=\"og:type\" content=\"article\" \/>\n<meta property=\"og:title\" content=\"Medicina Preventiva - Animar\" \/>\n<meta property=\"og:description\" content=\"Servi\u00e7os de Cuidados Preventivos Oferecidos Ao fazer da sa\u00fade a longo prazo dos nossos animais de estima\u00e7\u00e3o uma prioridade permanente, podemos evitar muitos problemas m\u00e9dicos e aumentar o bem-estar e longevidade dos membros peludos da nossa fam\u00edlia. Eis os servi\u00e7os de cuidados preventivos que oferecemos na : Realizevisitas regulares de\u00abbem-estar animal\u00bb\u00a0N\u00e3o espere que os problemas &hellip;\" \/>\n<meta property=\"og:url\" content=\"https:\/\/onevetgroup.pt\/hvanimar\/servicos-veterinarios\/medicina-preventiva\/\" \/>\n<meta property=\"og:site_name\" content=\"Animar\" \/>\n<meta property=\"article:modified_time\" content=\"2022-07-12T08:00:18+00:00\" \/>\n<meta property=\"og:image\" content=\"https:\/\/onevet.pt\/porto\/wp-content\/uploads\/sites\/88\/2022\/07\/Med-prev.jpg\" \/>\n<meta name=\"twitter:card\" content=\"summary_large_image\" \/>\n<meta name=\"twitter:label1\" content=\"Tempo estimado de leitura\" \/>\n\t<meta name=\"twitter:data1\" content=\"5 minutos\" \/>\n<script type=\"application\/ld+json\" class=\"yoast-schema-graph\">{\"@context\":\"https:\/\/schema.org\",\"@graph\":[{\"@type\":\"WebPage\",\"@id\":\"https:\/\/onevetgroup.pt\/hvanimar\/servicos-veterinarios\/medicina-preventiva\/\",\"url\":\"https:\/\/onevetgroup.pt\/hvanimar\/servicos-veterinarios\/medicina-preventiva\/\",\"name\":\"Medicina Preventiva - Animar\",\"isPartOf\":{\"@id\":\"https:\/\/onevetgroup.pt\/hvanimar\/#website\"},\"primaryImageOfPage\":{\"@id\":\"https:\/\/onevetgroup.pt\/hvanimar\/servicos-veterinarios\/medicina-preventiva\/#primaryimage\"},\"image\":{\"@id\":\"https:\/\/onevetgroup.pt\/hvanimar\/servicos-veterinarios\/medicina-preventiva\/#primaryimage\"},\"thumbnailUrl\":\"https:\/\/onevet.pt\/porto\/wp-content\/uploads\/sites\/88\/2022\/07\/Med-prev.jpg\",\"datePublished\":\"2021-02-08T15:29:02+00:00\",\"dateModified\":\"2022-07-12T08:00:18+00:00\",\"breadcrumb\":{\"@id\":\"https:\/\/onevetgroup.pt\/hvanimar\/servicos-veterinarios\/medicina-preventiva\/#breadcrumb\"},\"inLanguage\":\"pt-PT\",\"potentialAction\":[{\"@type\":\"ReadAction\",\"target\":[\"https:\/\/onevetgroup.pt\/hvanimar\/servicos-veterinarios\/medicina-preventiva\/\"]}]},{\"@type\":\"ImageObject\",\"inLanguage\":\"pt-PT\",\"@id\":\"https:\/\/onevetgroup.pt\/hvanimar\/servicos-veterinarios\/medicina-preventiva\/#primaryimage\",\"url\":\"https:\/\/onevet.pt\/porto\/wp-content\/uploads\/sites\/88\/2022\/07\/Med-prev.jpg\",\"contentUrl\":\"https:\/\/onevet.pt\/porto\/wp-content\/uploads\/sites\/88\/2022\/07\/Med-prev.jpg\"},{\"@type\":\"BreadcrumbList\",\"@id\":\"https:\/\/onevetgroup.pt\/hvanimar\/servicos-veterinarios\/medicina-preventiva\/#breadcrumb\",\"itemListElement\":[{\"@type\":\"ListItem\",\"position\":1,\"name\":\"Home\",\"item\":\"https:\/\/onevetgroup.pt\/hvanimar\/\"},{\"@type\":\"ListItem\",\"position\":2,\"name\":\"Servi\u00e7os de Cuidados para Animais de Estima\u00e7\u00e3o\",\"item\":\"https:\/\/onevetgroup.pt\/hvanimar\/servicos-veterinarios\/\"},{\"@type\":\"ListItem\",\"position\":3,\"name\":\"Medicina Preventiva\"}]},{\"@type\":\"WebSite\",\"@id\":\"https:\/\/onevetgroup.pt\/hvanimar\/#website\",\"url\":\"https:\/\/onevetgroup.pt\/hvanimar\/\",\"name\":\"Animar\",\"description\":\"Your Pets in Good Hands\",\"publisher\":{\"@id\":\"https:\/\/onevetgroup.pt\/hvanimar\/#organization\"},\"potentialAction\":[{\"@type\":\"SearchAction\",\"target\":{\"@type\":\"EntryPoint\",\"urlTemplate\":\"https:\/\/onevetgroup.pt\/hvanimar\/?s={search_term_string}\"},\"query-input\":{\"@type\":\"PropertyValueSpecification\",\"valueRequired\":true,\"valueName\":\"search_term_string\"}}],\"inLanguage\":\"pt-PT\"},{\"@type\":\"Organization\",\"@id\":\"https:\/\/onevetgroup.pt\/hvanimar\/#organization\",\"name\":\"Animar\",\"url\":\"https:\/\/onevetgroup.pt\/hvanimar\/\",\"logo\":{\"@type\":\"ImageObject\",\"inLanguage\":\"pt-PT\",\"@id\":\"https:\/\/onevetgroup.pt\/hvanimar\/#\/schema\/logo\/image\/\",\"url\":\"https:\/\/onevetgroup.pt\/hvanimar\/wp-content\/uploads\/sites\/88\/2026\/01\/cropped-Logo_ani_mar.png\",\"contentUrl\":\"https:\/\/onevetgroup.pt\/hvanimar\/wp-content\/uploads\/sites\/88\/2026\/01\/cropped-Logo_ani_mar.png\",\"width\":1903,\"height\":515,\"caption\":\"Animar\"},\"image\":{\"@id\":\"https:\/\/onevetgroup.pt\/hvanimar\/#\/schema\/logo\/image\/\"}}]}<\/script>\n<!-- \/ Yoast SEO plugin. -->","yoast_head_json":{"title":"Medicina Preventiva - Animar","robots":{"index":"index","follow":"follow","max-snippet":"max-snippet:-1","max-image-preview":"max-image-preview:large","max-video-preview":"max-video-preview:-1"},"canonical":"https:\/\/onevetgroup.pt\/hvanimar\/servicos-veterinarios\/medicina-preventiva\/","og_locale":"pt_PT","og_type":"article","og_title":"Medicina Preventiva - Animar","og_description":"Servi\u00e7os de Cuidados Preventivos Oferecidos Ao fazer da sa\u00fade a longo prazo dos nossos animais de estima\u00e7\u00e3o uma prioridade permanente, podemos evitar muitos problemas m\u00e9dicos e aumentar o bem-estar e longevidade dos membros peludos da nossa fam\u00edlia. Eis os servi\u00e7os de cuidados preventivos que oferecemos na : Realizevisitas regulares de\u00abbem-estar animal\u00bb\u00a0N\u00e3o espere que os problemas &hellip;","og_url":"https:\/\/onevetgroup.pt\/hvanimar\/servicos-veterinarios\/medicina-preventiva\/","og_site_name":"Animar","article_modified_time":"2022-07-12T08:00:18+00:00","og_image":[{"url":"https:\/\/onevet.pt\/porto\/wp-content\/uploads\/sites\/88\/2022\/07\/Med-prev.jpg","type":"","width":"","height":""}],"twitter_card":"summary_large_image","twitter_misc":{"Tempo estimado de leitura":"5 minutos"},"schema":{"@context":"https:\/\/schema.org","@graph":[{"@type":"WebPage","@id":"https:\/\/onevetgroup.pt\/hvanimar\/servicos-veterinarios\/medicina-preventiva\/","url":"https:\/\/onevetgroup.pt\/hvanimar\/servicos-veterinarios\/medicina-preventiva\/","name":"Medicina Preventiva - Animar","isPartOf":{"@id":"https:\/\/onevetgroup.pt\/hvanimar\/#website"},"primaryImageOfPage":{"@id":"https:\/\/onevetgroup.pt\/hvanimar\/servicos-veterinarios\/medicina-preventiva\/#primaryimage"},"image":{"@id":"https:\/\/onevetgroup.pt\/hvanimar\/servicos-veterinarios\/medicina-preventiva\/#primaryimage"},"thumbnailUrl":"https:\/\/onevet.pt\/porto\/wp-content\/uploads\/sites\/88\/2022\/07\/Med-prev.jpg","datePublished":"2021-02-08T15:29:02+00:00","dateModified":"2022-07-12T08:00:18+00:00","breadcrumb":{"@id":"https:\/\/onevetgroup.pt\/hvanimar\/servicos-veterinarios\/medicina-preventiva\/#breadcrumb"},"inLanguage":"pt-PT","potentialAction":[{"@type":"ReadAction","target":["https:\/\/onevetgroup.pt\/hvanimar\/servicos-veterinarios\/medicina-preventiva\/"]}]},{"@type":"ImageObject","inLanguage":"pt-PT","@id":"https:\/\/onevetgroup.pt\/hvanimar\/servicos-veterinarios\/medicina-preventiva\/#primaryimage","url":"https:\/\/onevet.pt\/porto\/wp-content\/uploads\/sites\/88\/2022\/07\/Med-prev.jpg","contentUrl":"https:\/\/onevet.pt\/porto\/wp-content\/uploads\/sites\/88\/2022\/07\/Med-prev.jpg"},{"@type":"BreadcrumbList","@id":"https:\/\/onevetgroup.pt\/hvanimar\/servicos-veterinarios\/medicina-preventiva\/#breadcrumb","itemListElement":[{"@type":"ListItem","position":1,"name":"Home","item":"https:\/\/onevetgroup.pt\/hvanimar\/"},{"@type":"ListItem","position":2,"name":"Servi\u00e7os de Cuidados para Animais de Estima\u00e7\u00e3o","item":"https:\/\/onevetgroup.pt\/hvanimar\/servicos-veterinarios\/"},{"@type":"ListItem","position":3,"name":"Medicina Preventiva"}]},{"@type":"WebSite","@id":"https:\/\/onevetgroup.pt\/hvanimar\/#website","url":"https:\/\/onevetgroup.pt\/hvanimar\/","name":"Animar","description":"Your Pets in Good Hands","publisher":{"@id":"https:\/\/onevetgroup.pt\/hvanimar\/#organization"},"potentialAction":[{"@type":"SearchAction","target":{"@type":"EntryPoint","urlTemplate":"https:\/\/onevetgroup.pt\/hvanimar\/?s={search_term_string}"},"query-input":{"@type":"PropertyValueSpecification","valueRequired":true,"valueName":"search_term_string"}}],"inLanguage":"pt-PT"},{"@type":"Organization","@id":"https:\/\/onevetgroup.pt\/hvanimar\/#organization","name":"Animar","url":"https:\/\/onevetgroup.pt\/hvanimar\/","logo":{"@type":"ImageObject","inLanguage":"pt-PT","@id":"https:\/\/onevetgroup.pt\/hvanimar\/#\/schema\/logo\/image\/","url":"https:\/\/onevetgroup.pt\/hvanimar\/wp-content\/uploads\/sites\/88\/2026\/01\/cropped-Logo_ani_mar.png","contentUrl":"https:\/\/onevetgroup.pt\/hvanimar\/wp-content\/uploads\/sites\/88\/2026\/01\/cropped-Logo_ani_mar.png","width":1903,"height":515,"caption":"Animar"},"image":{"@id":"https:\/\/onevetgroup.pt\/hvanimar\/#\/schema\/logo\/image\/"}}]}},"_links":{"self":[{"href":"https:\/\/onevetgroup.pt\/hvanimar\/wp-json\/wp\/v2\/pages\/14036","targetHints":{"allow":["GET"]}}],"collection":[{"href":"https:\/\/onevetgroup.pt\/hvanimar\/wp-json\/wp\/v2\/pages"}],"about":[{"href":"https:\/\/onevetgroup.pt\/hvanimar\/wp-json\/wp\/v2\/types\/page"}],"author":[{"embeddable":true,"href":"https:\/\/onevetgroup.pt\/hvanimar\/wp-json\/wp\/v2\/users\/4"}],"replies":[{"embeddable":true,"href":"https:\/\/onevetgroup.pt\/hvanimar\/wp-json\/wp\/v2\/comments?post=14036"}],"version-history":[{"count":0,"href":"https:\/\/onevetgroup.pt\/hvanimar\/wp-json\/wp\/v2\/pages\/14036\/revisions"}],"up":[{"embeddable":true,"href":"https:\/\/onevetgroup.pt\/hvanimar\/wp-json\/wp\/v2\/pages\/14053"}],"wp:attachment":[{"href":"https:\/\/onevetgroup.pt\/hvanimar\/wp-json\/wp\/v2\/media?parent=14036"}],"curies":[{"name":"wp","href":"https:\/\/api.w.org\/{rel}","templated":true}]}}