{"id":14008,"date":"2021-02-08T15:28:59","date_gmt":"2021-02-08T15:28:59","guid":{"rendered":"http:\/\/onevet.pt\/porto\/sobre-nos\/"},"modified":"2025-08-01T15:02:18","modified_gmt":"2025-08-01T15:02:18","slug":"sobre-nos","status":"publish","type":"page","link":"https:\/\/onevetgroup.pt\/hvtapada\/sobre-nos\/","title":{"rendered":"Sobre N\u00f3s"},"content":{"rendered":"\t\t<div data-elementor-type=\"wp-page\" data-elementor-id=\"14008\" class=\"elementor elementor-14008 elementor-268\" data-elementor-post-type=\"page\">\n\t\t\t\t\t\t<section class=\"elementor-section elementor-top-section elementor-element elementor-element-54cf215 pad-top-0 elementor-section-boxed elementor-section-height-default elementor-section-height-default\" data-id=\"54cf215\" data-element_type=\"section\" data-e-type=\"section\" data-settings=\"{&quot;background_background&quot;:&quot;classic&quot;}\">\n\t\t\t\t\t\t<div class=\"elementor-container elementor-column-gap-default\">\n\t\t\t\t\t<div class=\"elementor-column elementor-col-100 elementor-top-column elementor-element elementor-element-d926441\" data-id=\"d926441\" data-element_type=\"column\" data-e-type=\"column\">\n\t\t\t<div class=\"elementor-widget-wrap elementor-element-populated\">\n\t\t\t\t\t\t<div class=\"elementor-element elementor-element-9725bcd elementor-widget elementor-widget-section_titleleft\" data-id=\"9725bcd\" data-element_type=\"widget\" data-e-type=\"widget\" data-widget_type=\"section_titleleft.default\">\n\t\t\t\t<div class=\"elementor-widget-container\">\n\t\t\t\t\t        <div class=\"ab_text-title fl-wrap\">\r\n            <h3>Onevet Hospital Veterin\u00e1rio Tapada das Merc\u00eas oferece servi\u00e7o permanente 24H.<\/h3><h4>H\u00e1 21 anos, o Hospital Veterin\u00e1rio Tapada das Merc\u00eas tornou-se realidade, trazendo um sonho de cuidado dedicado aos animais. Desde ent\u00e3o, temos crescido, oferecendo confian\u00e7a e qualidade na sa\u00fade dos seus melhores amigos.<\/h4><span class=\"section-separator fl-sec-sep\"><\/span>        <\/div>\r\n        \t\t\t\t<\/div>\n\t\t\t\t<\/div>\n\t\t\t\t<section class=\"elementor-section elementor-inner-section elementor-element elementor-element-35814f4 elementor-section-full_width elementor-section-height-default elementor-section-height-default\" data-id=\"35814f4\" data-element_type=\"section\" data-e-type=\"section\">\n\t\t\t\t\t\t<div class=\"elementor-container elementor-column-gap-wide\">\n\t\t\t\t\t<div class=\"elementor-column elementor-col-50 elementor-inner-column elementor-element elementor-element-7fa3f34\" data-id=\"7fa3f34\" data-element_type=\"column\" data-e-type=\"column\">\n\t\t\t<div class=\"elementor-widget-wrap elementor-element-populated\">\n\t\t\t\t\t\t<div class=\"elementor-element elementor-element-9e79898 elementor-widget elementor-widget-image\" data-id=\"9e79898\" data-element_type=\"widget\" data-e-type=\"widget\" data-widget_type=\"image.default\">\n\t\t\t\t<div class=\"elementor-widget-container\">\n\t\t\t\t\t\t\t\t\t\t\t\t\t\t\t<img fetchpriority=\"high\" width=\"786\" height=\"524\" class=\"attachment-townhub-single-image size-townhub-single-image wp-image-20603 lazy\" alt=\"\" data-src=\"https:\/\/onevetgroup.pt\/hvtapada\/wp-content\/uploads\/sites\/71\/2025\/08\/tapada-51-786x524.jpg\" data-lazy=\"https:\/\/onevetgroup.pt\/hvtapada\/wp-content\/uploads\/sites\/71\/2025\/08\/tapada-51-786x524.jpg\" \/>\t\t\t\t\t\t\t\t\t\t\t\t\t\t\t<\/div>\n\t\t\t\t<\/div>\n\t\t\t\t\t<\/div>\n\t\t<\/div>\n\t\t\t\t<div class=\"elementor-column elementor-col-50 elementor-inner-column elementor-element elementor-element-202374d\" data-id=\"202374d\" data-element_type=\"column\" data-e-type=\"column\">\n\t\t\t<div class=\"elementor-widget-wrap elementor-element-populated\">\n\t\t\t\t\t\t<div class=\"elementor-element elementor-element-3b393ce about-wrap elementor-widget elementor-widget-text-editor\" data-id=\"3b393ce\" data-element_type=\"widget\" data-e-type=\"widget\" data-widget_type=\"text-editor.default\">\n\t\t\t\t<div class=\"elementor-widget-container\">\n\t\t\t\t\t\t\t\t\t<p>O Hospital Veterin\u00e1rio Tapada das Merc\u00eas (HVTP), com 21 anos de experi\u00eancia, come\u00e7ou com atendimentos ao domic\u00edlio, numa fase marcada pelo contacto direto e dedica\u00e7\u00e3o aos animais e seus tutores. Por\u00e9m, sentiram a necessidade de dar o passo seguinte, dando origem ao HVTP e ao crescimento da equipa, para oferecer cuidados mais especializados num espa\u00e7o pr\u00f3prio, funcionando 24 horas com m\u00e9dico veterin\u00e1rio permanente.<\/p><p>Em 2022, o hospital integrou o Onevet Group, juntando-se a uma rede nacional de cl\u00ednicas e hospitais veterin\u00e1rios, o que permitiu refor\u00e7ar ainda mais os seus recursos e capacidades. Em 2024, o hospital mudou-se para instala\u00e7\u00f5es maiores e mais modernas, permitindo oferecer um servi\u00e7o ainda mais completo e diferenciado. Esta evolu\u00e7\u00e3o refor\u00e7a o compromisso com a excel\u00eancia nos tratamentos, garantindo tecnologia avan\u00e7ada e uma equipa multidisciplinar dedicada ao bem-estar e \u00e0 sa\u00fade dos animais de companhia.<\/p>\t\t\t\t\t\t\t\t<\/div>\n\t\t\t\t<\/div>\n\t\t\t\t\t<\/div>\n\t\t<\/div>\n\t\t\t\t\t<\/div>\n\t\t<\/section>\n\t\t\t\t<section class=\"elementor-section elementor-inner-section elementor-element elementor-element-31d68ae elementor-section-boxed elementor-section-height-default elementor-section-height-default\" data-id=\"31d68ae\" data-element_type=\"section\" data-e-type=\"section\">\n\t\t\t\t\t\t<div class=\"elementor-container elementor-column-gap-default\">\n\t\t\t\t\t<div class=\"elementor-column elementor-col-50 elementor-inner-column elementor-element elementor-element-8ddd41b\" data-id=\"8ddd41b\" data-element_type=\"column\" data-e-type=\"column\">\n\t\t\t<div class=\"elementor-widget-wrap elementor-element-populated\">\n\t\t\t\t\t\t<div class=\"elementor-element elementor-element-c87b63e elementor-align-center elementor-widget elementor-widget-button\" data-id=\"c87b63e\" data-element_type=\"widget\" data-e-type=\"widget\" data-widget_type=\"button.default\">\n\t\t\t\t<div class=\"elementor-widget-container\">\n\t\t\t\t\t\t\t\t\t<div class=\"elementor-button-wrapper\">\n\t\t\t\t\t<a class=\"elementor-button elementor-button-link elementor-size-sm\" href=\"\/hvtapada\/instalacoes\/\">\n\t\t\t\t\t\t<span class=\"elementor-button-content-wrapper\">\n\t\t\t\t\t\t\t\t\t<span class=\"elementor-button-text\">As Nossas Instala\u00e7\u00f5es<\/span>\n\t\t\t\t\t<\/span>\n\t\t\t\t\t<\/a>\n\t\t\t\t<\/div>\n\t\t\t\t\t\t\t\t<\/div>\n\t\t\t\t<\/div>\n\t\t\t\t\t<\/div>\n\t\t<\/div>\n\t\t\t\t<div class=\"elementor-column elementor-col-50 elementor-inner-column elementor-element elementor-element-d044a7e\" data-id=\"d044a7e\" data-element_type=\"column\" data-e-type=\"column\">\n\t\t\t<div class=\"elementor-widget-wrap elementor-element-populated\">\n\t\t\t\t\t\t<div class=\"elementor-element elementor-element-75ee515 elementor-align-center elementor-widget elementor-widget-button\" data-id=\"75ee515\" data-element_type=\"widget\" data-e-type=\"widget\" data-widget_type=\"button.default\">\n\t\t\t\t<div class=\"elementor-widget-container\">\n\t\t\t\t\t\t\t\t\t<div class=\"elementor-button-wrapper\">\n\t\t\t\t\t<a class=\"elementor-button elementor-button-link elementor-size-sm\" href=\"\/hvtapada\/a-nossa-equipa\/\">\n\t\t\t\t\t\t<span class=\"elementor-button-content-wrapper\">\n\t\t\t\t\t\t\t\t\t<span class=\"elementor-button-text\">A Nossa Equipa<\/span>\n\t\t\t\t\t<\/span>\n\t\t\t\t\t<\/a>\n\t\t\t\t<\/div>\n\t\t\t\t\t\t\t\t<\/div>\n\t\t\t\t<\/div>\n\t\t\t\t\t<\/div>\n\t\t<\/div>\n\t\t\t\t\t<\/div>\n\t\t<\/section>\n\t\t\t\t\t<\/div>\n\t\t<\/div>\n\t\t\t\t\t<\/div>\n\t\t<\/section>\n\t\t\t\t<section class=\"elementor-section elementor-top-section elementor-element elementor-element-1f78772 elementor-section-boxed elementor-section-height-default elementor-section-height-default\" data-id=\"1f78772\" data-element_type=\"section\" data-e-type=\"section\">\n\t\t\t\t\t\t<div class=\"elementor-container elementor-column-gap-default\">\n\t\t\t\t\t<div class=\"elementor-column elementor-col-100 elementor-top-column elementor-element elementor-element-ade0b49\" data-id=\"ade0b49\" data-element_type=\"column\" data-e-type=\"column\">\n\t\t\t<div class=\"elementor-widget-wrap elementor-element-populated\">\n\t\t\t\t\t\t<div class=\"elementor-element elementor-element-ef6a20a elementor-widget elementor-widget-gallery\" data-id=\"ef6a20a\" data-element_type=\"widget\" data-e-type=\"widget\" data-settings=\"{&quot;columns&quot;:&quot;3&quot;,&quot;aspect_ratio&quot;:&quot;1:1&quot;,&quot;lazyload&quot;:&quot;yes&quot;,&quot;gallery_layout&quot;:&quot;grid&quot;,&quot;columns_tablet&quot;:2,&quot;columns_mobile&quot;:1,&quot;gap&quot;:{&quot;unit&quot;:&quot;px&quot;,&quot;size&quot;:10,&quot;sizes&quot;:[]},&quot;gap_tablet&quot;:{&quot;unit&quot;:&quot;px&quot;,&quot;size&quot;:10,&quot;sizes&quot;:[]},&quot;gap_mobile&quot;:{&quot;unit&quot;:&quot;px&quot;,&quot;size&quot;:10,&quot;sizes&quot;:[]},&quot;link_to&quot;:&quot;file&quot;,&quot;overlay_background&quot;:&quot;yes&quot;,&quot;content_hover_animation&quot;:&quot;fade-in&quot;}\" data-widget_type=\"gallery.default\">\n\t\t\t\t<div class=\"elementor-widget-container\">\n\t\t\t\t\t\t\t<div class=\"elementor-gallery__container\">\n\t\t\t\t\t\t\t<a class=\"e-gallery-item elementor-gallery-item elementor-animated-content\" href=\"https:\/\/onevetgroup.pt\/hvtapada\/wp-content\/uploads\/sites\/71\/2025\/08\/tapada-174.jpg\" data-elementor-open-lightbox=\"yes\" data-elementor-lightbox-slideshow=\"ef6a20a\" data-elementor-lightbox-title=\"tapada-174\" data-e-action-hash=\"#elementor-action%3Aaction%3Dlightbox%26settings%3DeyJpZCI6MjA2MDgsInVybCI6Imh0dHBzOlwvXC9vbmV2ZXRncm91cC5wdFwvaHZ0YXBhZGFcL3dwLWNvbnRlbnRcL3VwbG9hZHNcL3NpdGVzXC83MVwvMjAyNVwvMDhcL3RhcGFkYS0xNzQuanBnIiwic2xpZGVzaG93IjoiZWY2YTIwYSJ9\">\n\t\t\t\t\t<div class=\"e-gallery-image elementor-gallery-item__image\" data-thumbnail=\"https:\/\/onevetgroup.pt\/hvtapada\/wp-content\/uploads\/sites\/71\/2025\/08\/tapada-174.jpg\" data-width=\"683\" data-height=\"1024\" aria-label=\"\" role=\"img\" ><\/div>\n\t\t\t\t\t\t\t\t\t\t\t<div class=\"elementor-gallery-item__overlay\"><\/div>\n\t\t\t\t\t\t\t\t\t\t\t\t\t\t<\/a>\n\t\t\t\t\t\t\t<a class=\"e-gallery-item elementor-gallery-item elementor-animated-content\" href=\"https:\/\/onevetgroup.pt\/hvtapada\/wp-content\/uploads\/sites\/71\/2025\/08\/tapada-197.jpg\" data-elementor-open-lightbox=\"yes\" data-elementor-lightbox-slideshow=\"ef6a20a\" data-elementor-lightbox-title=\"tapada-197\" data-e-action-hash=\"#elementor-action%3Aaction%3Dlightbox%26settings%3DeyJpZCI6MjA2MTAsInVybCI6Imh0dHBzOlwvXC9vbmV2ZXRncm91cC5wdFwvaHZ0YXBhZGFcL3dwLWNvbnRlbnRcL3VwbG9hZHNcL3NpdGVzXC83MVwvMjAyNVwvMDhcL3RhcGFkYS0xOTcuanBnIiwic2xpZGVzaG93IjoiZWY2YTIwYSJ9\">\n\t\t\t\t\t<div class=\"e-gallery-image elementor-gallery-item__image\" data-thumbnail=\"https:\/\/onevetgroup.pt\/hvtapada\/wp-content\/uploads\/sites\/71\/2025\/08\/tapada-197.jpg\" data-width=\"683\" data-height=\"1024\" aria-label=\"\" role=\"img\" ><\/div>\n\t\t\t\t\t\t\t\t\t\t\t<div class=\"elementor-gallery-item__overlay\"><\/div>\n\t\t\t\t\t\t\t\t\t\t\t\t\t\t<\/a>\n\t\t\t\t\t\t\t<a class=\"e-gallery-item elementor-gallery-item elementor-animated-content\" href=\"https:\/\/onevetgroup.pt\/hvtapada\/wp-content\/uploads\/sites\/71\/2025\/08\/tapada-167.jpg\" data-elementor-open-lightbox=\"yes\" data-elementor-lightbox-slideshow=\"ef6a20a\" data-elementor-lightbox-title=\"tapada-167\" data-e-action-hash=\"#elementor-action%3Aaction%3Dlightbox%26settings%3DeyJpZCI6MjA2MTIsInVybCI6Imh0dHBzOlwvXC9vbmV2ZXRncm91cC5wdFwvaHZ0YXBhZGFcL3dwLWNvbnRlbnRcL3VwbG9hZHNcL3NpdGVzXC83MVwvMjAyNVwvMDhcL3RhcGFkYS0xNjcuanBnIiwic2xpZGVzaG93IjoiZWY2YTIwYSJ9\">\n\t\t\t\t\t<div class=\"e-gallery-image elementor-gallery-item__image\" data-thumbnail=\"https:\/\/onevetgroup.pt\/hvtapada\/wp-content\/uploads\/sites\/71\/2025\/08\/tapada-167-683x1024.jpg\" data-width=\"683\" data-height=\"1024\" aria-label=\"\" role=\"img\" ><\/div>\n\t\t\t\t\t\t\t\t\t\t\t<div class=\"elementor-gallery-item__overlay\"><\/div>\n\t\t\t\t\t\t\t\t\t\t\t\t\t\t<\/a>\n\t\t\t\t\t\t\t<a class=\"e-gallery-item elementor-gallery-item elementor-animated-content\" href=\"https:\/\/onevetgroup.pt\/hvtapada\/wp-content\/uploads\/sites\/71\/2025\/08\/tapada-118.jpg\" data-elementor-open-lightbox=\"yes\" data-elementor-lightbox-slideshow=\"ef6a20a\" data-elementor-lightbox-title=\"tapada-118\" data-e-action-hash=\"#elementor-action%3Aaction%3Dlightbox%26settings%3DeyJpZCI6MjA2MTQsInVybCI6Imh0dHBzOlwvXC9vbmV2ZXRncm91cC5wdFwvaHZ0YXBhZGFcL3dwLWNvbnRlbnRcL3VwbG9hZHNcL3NpdGVzXC83MVwvMjAyNVwvMDhcL3RhcGFkYS0xMTguanBnIiwic2xpZGVzaG93IjoiZWY2YTIwYSJ9\">\n\t\t\t\t\t<div class=\"e-gallery-image elementor-gallery-item__image\" data-thumbnail=\"https:\/\/onevetgroup.pt\/hvtapada\/wp-content\/uploads\/sites\/71\/2025\/08\/tapada-118-1024x683.jpg\" data-width=\"724\" data-height=\"483\" aria-label=\"\" role=\"img\" ><\/div>\n\t\t\t\t\t\t\t\t\t\t\t<div class=\"elementor-gallery-item__overlay\"><\/div>\n\t\t\t\t\t\t\t\t\t\t\t\t\t\t<\/a>\n\t\t\t\t\t\t\t<a class=\"e-gallery-item elementor-gallery-item elementor-animated-content\" href=\"https:\/\/onevetgroup.pt\/hvtapada\/wp-content\/uploads\/sites\/71\/2025\/08\/tapada-161.jpg\" data-elementor-open-lightbox=\"yes\" data-elementor-lightbox-slideshow=\"ef6a20a\" data-elementor-lightbox-title=\"tapada-161\" data-e-action-hash=\"#elementor-action%3Aaction%3Dlightbox%26settings%3DeyJpZCI6MjA2MTYsInVybCI6Imh0dHBzOlwvXC9vbmV2ZXRncm91cC5wdFwvaHZ0YXBhZGFcL3dwLWNvbnRlbnRcL3VwbG9hZHNcL3NpdGVzXC83MVwvMjAyNVwvMDhcL3RhcGFkYS0xNjEuanBnIiwic2xpZGVzaG93IjoiZWY2YTIwYSJ9\">\n\t\t\t\t\t<div class=\"e-gallery-image elementor-gallery-item__image\" data-thumbnail=\"https:\/\/onevetgroup.pt\/hvtapada\/wp-content\/uploads\/sites\/71\/2025\/08\/tapada-161.jpg\" data-width=\"724\" data-height=\"483\" aria-label=\"\" role=\"img\" ><\/div>\n\t\t\t\t\t\t\t\t\t\t\t<div class=\"elementor-gallery-item__overlay\"><\/div>\n\t\t\t\t\t\t\t\t\t\t\t\t\t\t<\/a>\n\t\t\t\t\t\t\t<a class=\"e-gallery-item elementor-gallery-item elementor-animated-content\" href=\"https:\/\/onevetgroup.pt\/hvtapada\/wp-content\/uploads\/sites\/71\/2025\/08\/tapada-166.jpg\" data-elementor-open-lightbox=\"yes\" data-elementor-lightbox-slideshow=\"ef6a20a\" data-elementor-lightbox-title=\"tapada-166\" data-e-action-hash=\"#elementor-action%3Aaction%3Dlightbox%26settings%3DeyJpZCI6MjA2MTgsInVybCI6Imh0dHBzOlwvXC9vbmV2ZXRncm91cC5wdFwvaHZ0YXBhZGFcL3dwLWNvbnRlbnRcL3VwbG9hZHNcL3NpdGVzXC83MVwvMjAyNVwvMDhcL3RhcGFkYS0xNjYuanBnIiwic2xpZGVzaG93IjoiZWY2YTIwYSJ9\">\n\t\t\t\t\t<div class=\"e-gallery-image elementor-gallery-item__image\" data-thumbnail=\"https:\/\/onevetgroup.pt\/hvtapada\/wp-content\/uploads\/sites\/71\/2025\/08\/tapada-166.jpg\" data-width=\"683\" data-height=\"1024\" aria-label=\"\" role=\"img\" ><\/div>\n\t\t\t\t\t\t\t\t\t\t\t<div class=\"elementor-gallery-item__overlay\"><\/div>\n\t\t\t\t\t\t\t\t\t\t\t\t\t\t<\/a>\n\t\t\t\t\t<\/div>\n\t\t\t\t\t<\/div>\n\t\t\t\t<\/div>\n\t\t\t\t\t<\/div>\n\t\t<\/div>\n\t\t\t\t\t<\/div>\n\t\t<\/section>\n\t\t\t\t<\/div>\n\t\t","protected":false},"excerpt":{"rendered":"<p>Onevet Hospital Veterin\u00e1rio Tapada das Merc\u00eas oferece servi\u00e7o permanente 24H. H\u00e1 21 anos, o Hospital Veterin\u00e1rio Tapada das Merc\u00eas tornou-se realidade, trazendo um sonho de cuidado dedicado aos animais. Desde ent\u00e3o, temos crescido, oferecendo confian\u00e7a e qualidade na sa\u00fade dos seus melhores amigos. O Hospital Veterin\u00e1rio Tapada das Merc\u00eas (HVTP), com 21 anos de experi\u00eancia, &hellip; <\/p>\n","protected":false},"author":1,"featured_media":0,"parent":0,"menu_order":0,"comment_status":"closed","ping_status":"closed","template":"page-fullwidth.php","meta":{"_acf_changed":false,"content-type":"","footnotes":""},"class_list":["post-14008","page","type-page","status-publish","hentry"],"acf":[],"yoast_head":"<!-- This site is optimized with the Yoast SEO plugin v27.4 - https:\/\/yoast.com\/product\/yoast-seo-wordpress\/ -->\n<title>Sobre N\u00f3s - Tapada<\/title>\n<meta name=\"robots\" content=\"index, follow, max-snippet:-1, max-image-preview:large, max-video-preview:-1\" \/>\n<link rel=\"canonical\" href=\"https:\/\/onevetgroup.pt\/hvtapada\/sobre-nos\/\" \/>\n<meta property=\"og:locale\" content=\"pt_PT\" \/>\n<meta property=\"og:type\" content=\"article\" \/>\n<meta property=\"og:title\" content=\"Sobre N\u00f3s - Tapada\" \/>\n<meta property=\"og:description\" content=\"Onevet Hospital Veterin\u00e1rio Tapada das Merc\u00eas oferece servi\u00e7o permanente 24H. H\u00e1 21 anos, o Hospital Veterin\u00e1rio Tapada das Merc\u00eas tornou-se realidade, trazendo um sonho de cuidado dedicado aos animais. Desde ent\u00e3o, temos crescido, oferecendo confian\u00e7a e qualidade na sa\u00fade dos seus melhores amigos. O Hospital Veterin\u00e1rio Tapada das Merc\u00eas (HVTP), com 21 anos de experi\u00eancia, &hellip;\" \/>\n<meta property=\"og:url\" content=\"https:\/\/onevetgroup.pt\/hvtapada\/sobre-nos\/\" \/>\n<meta property=\"og:site_name\" content=\"Tapada\" \/>\n<meta property=\"article:modified_time\" content=\"2025-08-01T15:02:18+00:00\" \/>\n<meta property=\"og:image\" content=\"https:\/\/onevetgroup.pt\/hvtapada\/wp-content\/uploads\/sites\/71\/2025\/08\/tapada-51-786x524.jpg\" \/>\n<meta name=\"twitter:card\" content=\"summary_large_image\" \/>\n<meta name=\"twitter:label1\" content=\"Tempo estimado de leitura\" \/>\n\t<meta name=\"twitter:data1\" content=\"2 minutos\" \/>\n<script type=\"application\/ld+json\" class=\"yoast-schema-graph\">{\"@context\":\"https:\\\/\\\/schema.org\",\"@graph\":[{\"@type\":\"WebPage\",\"@id\":\"https:\\\/\\\/onevetgroup.pt\\\/hvtapada\\\/sobre-nos\\\/\",\"url\":\"https:\\\/\\\/onevetgroup.pt\\\/hvtapada\\\/sobre-nos\\\/\",\"name\":\"Sobre N\u00f3s - Tapada\",\"isPartOf\":{\"@id\":\"https:\\\/\\\/onevetgroup.pt\\\/hvtapada\\\/#website\"},\"primaryImageOfPage\":{\"@id\":\"https:\\\/\\\/onevetgroup.pt\\\/hvtapada\\\/sobre-nos\\\/#primaryimage\"},\"image\":{\"@id\":\"https:\\\/\\\/onevetgroup.pt\\\/hvtapada\\\/sobre-nos\\\/#primaryimage\"},\"thumbnailUrl\":\"https:\\\/\\\/onevetgroup.pt\\\/hvtapada\\\/wp-content\\\/uploads\\\/sites\\\/71\\\/2025\\\/08\\\/tapada-51-786x524.jpg\",\"datePublished\":\"2021-02-08T15:28:59+00:00\",\"dateModified\":\"2025-08-01T15:02:18+00:00\",\"breadcrumb\":{\"@id\":\"https:\\\/\\\/onevetgroup.pt\\\/hvtapada\\\/sobre-nos\\\/#breadcrumb\"},\"inLanguage\":\"pt-PT\",\"potentialAction\":[{\"@type\":\"ReadAction\",\"target\":[\"https:\\\/\\\/onevetgroup.pt\\\/hvtapada\\\/sobre-nos\\\/\"]}]},{\"@type\":\"ImageObject\",\"inLanguage\":\"pt-PT\",\"@id\":\"https:\\\/\\\/onevetgroup.pt\\\/hvtapada\\\/sobre-nos\\\/#primaryimage\",\"url\":\"https:\\\/\\\/onevetgroup.pt\\\/hvtapada\\\/wp-content\\\/uploads\\\/sites\\\/71\\\/2025\\\/08\\\/tapada-51.jpg\",\"contentUrl\":\"https:\\\/\\\/onevetgroup.pt\\\/hvtapada\\\/wp-content\\\/uploads\\\/sites\\\/71\\\/2025\\\/08\\\/tapada-51.jpg\",\"width\":1536,\"height\":1024},{\"@type\":\"BreadcrumbList\",\"@id\":\"https:\\\/\\\/onevetgroup.pt\\\/hvtapada\\\/sobre-nos\\\/#breadcrumb\",\"itemListElement\":[{\"@type\":\"ListItem\",\"position\":1,\"name\":\"Home\",\"item\":\"https:\\\/\\\/onevetgroup.pt\\\/hvtapada\\\/\"},{\"@type\":\"ListItem\",\"position\":2,\"name\":\"Sobre N\u00f3s\"}]},{\"@type\":\"WebSite\",\"@id\":\"https:\\\/\\\/onevetgroup.pt\\\/hvtapada\\\/#website\",\"url\":\"https:\\\/\\\/onevetgroup.pt\\\/hvtapada\\\/\",\"name\":\"Tapada\",\"description\":\"Your Pets in Good Hands\",\"publisher\":{\"@id\":\"https:\\\/\\\/onevetgroup.pt\\\/hvtapada\\\/#organization\"},\"potentialAction\":[{\"@type\":\"SearchAction\",\"target\":{\"@type\":\"EntryPoint\",\"urlTemplate\":\"https:\\\/\\\/onevetgroup.pt\\\/hvtapada\\\/?s={search_term_string}\"},\"query-input\":{\"@type\":\"PropertyValueSpecification\",\"valueRequired\":true,\"valueName\":\"search_term_string\"}}],\"inLanguage\":\"pt-PT\"},{\"@type\":\"Organization\",\"@id\":\"https:\\\/\\\/onevetgroup.pt\\\/hvtapada\\\/#organization\",\"name\":\"Tapada\",\"url\":\"https:\\\/\\\/onevetgroup.pt\\\/hvtapada\\\/\",\"logo\":{\"@type\":\"ImageObject\",\"inLanguage\":\"pt-PT\",\"@id\":\"https:\\\/\\\/onevetgroup.pt\\\/hvtapada\\\/#\\\/schema\\\/logo\\\/image\\\/\",\"url\":\"https:\\\/\\\/onevetgroup.pt\\\/hvtapada\\\/wp-content\\\/uploads\\\/sites\\\/71\\\/2025\\\/08\\\/cropped-4_logo_h_cores.png\",\"contentUrl\":\"https:\\\/\\\/onevetgroup.pt\\\/hvtapada\\\/wp-content\\\/uploads\\\/sites\\\/71\\\/2025\\\/08\\\/cropped-4_logo_h_cores.png\",\"width\":612,\"height\":174,\"caption\":\"Tapada\"},\"image\":{\"@id\":\"https:\\\/\\\/onevetgroup.pt\\\/hvtapada\\\/#\\\/schema\\\/logo\\\/image\\\/\"}}]}<\/script>\n<!-- \/ Yoast SEO plugin. -->","yoast_head_json":{"title":"Sobre N\u00f3s - Tapada","robots":{"index":"index","follow":"follow","max-snippet":"max-snippet:-1","max-image-preview":"max-image-preview:large","max-video-preview":"max-video-preview:-1"},"canonical":"https:\/\/onevetgroup.pt\/hvtapada\/sobre-nos\/","og_locale":"pt_PT","og_type":"article","og_title":"Sobre N\u00f3s - Tapada","og_description":"Onevet Hospital Veterin\u00e1rio Tapada das Merc\u00eas oferece servi\u00e7o permanente 24H. H\u00e1 21 anos, o Hospital Veterin\u00e1rio Tapada das Merc\u00eas tornou-se realidade, trazendo um sonho de cuidado dedicado aos animais. Desde ent\u00e3o, temos crescido, oferecendo confian\u00e7a e qualidade na sa\u00fade dos seus melhores amigos. O Hospital Veterin\u00e1rio Tapada das Merc\u00eas (HVTP), com 21 anos de experi\u00eancia, &hellip;","og_url":"https:\/\/onevetgroup.pt\/hvtapada\/sobre-nos\/","og_site_name":"Tapada","article_modified_time":"2025-08-01T15:02:18+00:00","og_image":[{"url":"https:\/\/onevetgroup.pt\/hvtapada\/wp-content\/uploads\/sites\/71\/2025\/08\/tapada-51-786x524.jpg","type":"","width":"","height":""}],"twitter_card":"summary_large_image","twitter_misc":{"Tempo estimado de leitura":"2 minutos"},"schema":{"@context":"https:\/\/schema.org","@graph":[{"@type":"WebPage","@id":"https:\/\/onevetgroup.pt\/hvtapada\/sobre-nos\/","url":"https:\/\/onevetgroup.pt\/hvtapada\/sobre-nos\/","name":"Sobre N\u00f3s - Tapada","isPartOf":{"@id":"https:\/\/onevetgroup.pt\/hvtapada\/#website"},"primaryImageOfPage":{"@id":"https:\/\/onevetgroup.pt\/hvtapada\/sobre-nos\/#primaryimage"},"image":{"@id":"https:\/\/onevetgroup.pt\/hvtapada\/sobre-nos\/#primaryimage"},"thumbnailUrl":"https:\/\/onevetgroup.pt\/hvtapada\/wp-content\/uploads\/sites\/71\/2025\/08\/tapada-51-786x524.jpg","datePublished":"2021-02-08T15:28:59+00:00","dateModified":"2025-08-01T15:02:18+00:00","breadcrumb":{"@id":"https:\/\/onevetgroup.pt\/hvtapada\/sobre-nos\/#breadcrumb"},"inLanguage":"pt-PT","potentialAction":[{"@type":"ReadAction","target":["https:\/\/onevetgroup.pt\/hvtapada\/sobre-nos\/"]}]},{"@type":"ImageObject","inLanguage":"pt-PT","@id":"https:\/\/onevetgroup.pt\/hvtapada\/sobre-nos\/#primaryimage","url":"https:\/\/onevetgroup.pt\/hvtapada\/wp-content\/uploads\/sites\/71\/2025\/08\/tapada-51.jpg","contentUrl":"https:\/\/onevetgroup.pt\/hvtapada\/wp-content\/uploads\/sites\/71\/2025\/08\/tapada-51.jpg","width":1536,"height":1024},{"@type":"BreadcrumbList","@id":"https:\/\/onevetgroup.pt\/hvtapada\/sobre-nos\/#breadcrumb","itemListElement":[{"@type":"ListItem","position":1,"name":"Home","item":"https:\/\/onevetgroup.pt\/hvtapada\/"},{"@type":"ListItem","position":2,"name":"Sobre N\u00f3s"}]},{"@type":"WebSite","@id":"https:\/\/onevetgroup.pt\/hvtapada\/#website","url":"https:\/\/onevetgroup.pt\/hvtapada\/","name":"Tapada","description":"Your Pets in Good Hands","publisher":{"@id":"https:\/\/onevetgroup.pt\/hvtapada\/#organization"},"potentialAction":[{"@type":"SearchAction","target":{"@type":"EntryPoint","urlTemplate":"https:\/\/onevetgroup.pt\/hvtapada\/?s={search_term_string}"},"query-input":{"@type":"PropertyValueSpecification","valueRequired":true,"valueName":"search_term_string"}}],"inLanguage":"pt-PT"},{"@type":"Organization","@id":"https:\/\/onevetgroup.pt\/hvtapada\/#organization","name":"Tapada","url":"https:\/\/onevetgroup.pt\/hvtapada\/","logo":{"@type":"ImageObject","inLanguage":"pt-PT","@id":"https:\/\/onevetgroup.pt\/hvtapada\/#\/schema\/logo\/image\/","url":"https:\/\/onevetgroup.pt\/hvtapada\/wp-content\/uploads\/sites\/71\/2025\/08\/cropped-4_logo_h_cores.png","contentUrl":"https:\/\/onevetgroup.pt\/hvtapada\/wp-content\/uploads\/sites\/71\/2025\/08\/cropped-4_logo_h_cores.png","width":612,"height":174,"caption":"Tapada"},"image":{"@id":"https:\/\/onevetgroup.pt\/hvtapada\/#\/schema\/logo\/image\/"}}]}},"_links":{"self":[{"href":"https:\/\/onevetgroup.pt\/hvtapada\/wp-json\/wp\/v2\/pages\/14008","targetHints":{"allow":["GET"]}}],"collection":[{"href":"https:\/\/onevetgroup.pt\/hvtapada\/wp-json\/wp\/v2\/pages"}],"about":[{"href":"https:\/\/onevetgroup.pt\/hvtapada\/wp-json\/wp\/v2\/types\/page"}],"author":[{"embeddable":true,"href":"https:\/\/onevetgroup.pt\/hvtapada\/wp-json\/wp\/v2\/users\/1"}],"replies":[{"embeddable":true,"href":"https:\/\/onevetgroup.pt\/hvtapada\/wp-json\/wp\/v2\/comments?post=14008"}],"version-history":[{"count":32,"href":"https:\/\/onevetgroup.pt\/hvtapada\/wp-json\/wp\/v2\/pages\/14008\/revisions"}],"predecessor-version":[{"id":20841,"href":"https:\/\/onevetgroup.pt\/hvtapada\/wp-json\/wp\/v2\/pages\/14008\/revisions\/20841"}],"wp:attachment":[{"href":"https:\/\/onevetgroup.pt\/hvtapada\/wp-json\/wp\/v2\/media?parent=14008"}],"curies":[{"name":"wp","href":"https:\/\/api.w.org\/{rel}","templated":true}]}}