{"id":17846,"date":"2022-07-01T09:40:57","date_gmt":"2022-07-01T09:40:57","guid":{"rendered":"https:\/\/onevet.pt\/valongo\/?page_id=17846"},"modified":"2024-04-13T15:07:27","modified_gmt":"2024-04-13T15:07:27","slug":"instalacoes","status":"publish","type":"page","link":"https:\/\/onevetgroup.pt\/valongo\/instalacoes\/","title":{"rendered":"Instala\u00e7\u00f5es"},"content":{"rendered":"\t\t<div data-elementor-type=\"wp-page\" data-elementor-id=\"17846\" class=\"elementor elementor-17846\" data-elementor-post-type=\"page\">\n\t\t\t\t\t\t<section class=\"elementor-section elementor-top-section elementor-element elementor-element-54cf215 pad-top-0 elementor-section-boxed elementor-section-height-default elementor-section-height-default\" data-id=\"54cf215\" data-element_type=\"section\" id=\"main-sec\" data-settings=\"{&quot;background_background&quot;:&quot;classic&quot;}\">\n\t\t\t\t\t\t<div class=\"elementor-container elementor-column-gap-wide\">\n\t\t\t\t\t<div class=\"elementor-column elementor-col-100 elementor-top-column elementor-element elementor-element-d926441\" data-id=\"d926441\" data-element_type=\"column\">\n\t\t\t<div class=\"elementor-widget-wrap elementor-element-populated\">\n\t\t\t\t\t\t<div class=\"elementor-element elementor-element-ac5c964 elementor-widget elementor-widget-text-editor\" data-id=\"ac5c964\" data-element_type=\"widget\" data-widget_type=\"text-editor.default\">\n\t\t\t\t<div class=\"elementor-widget-container\">\n\t\t\t\t\t\t\t\t\t<p>A Onevet Cl\u00ednica Veterin\u00e1ria de Valongo disp\u00f5e de instala\u00e7\u00f5es renovadas e uma equipa fant\u00e1stica que lhe proporcionar\u00e1 o mais alto n\u00edvel de atendimento.<\/p>\t\t\t\t\t\t\t\t<\/div>\n\t\t\t\t<\/div>\n\t\t\t\t<section class=\"elementor-section elementor-inner-section elementor-element elementor-element-98275a1 elementor-section-boxed elementor-section-height-default elementor-section-height-default\" data-id=\"98275a1\" data-element_type=\"section\">\n\t\t\t\t\t\t<div class=\"elementor-container elementor-column-gap-default\">\n\t\t\t\t\t<div class=\"elementor-column elementor-col-50 elementor-inner-column elementor-element elementor-element-07b222c\" data-id=\"07b222c\" data-element_type=\"column\">\n\t\t\t<div class=\"elementor-widget-wrap elementor-element-populated\">\n\t\t\t\t\t\t<div class=\"elementor-element elementor-element-44b52f4 elementor-widget elementor-widget-image\" data-id=\"44b52f4\" data-element_type=\"widget\" data-widget_type=\"image.default\">\n\t\t\t\t<div class=\"elementor-widget-container\">\n\t\t\t\t\t\t\t\t\t\t\t\t\t\t\t<img fetchpriority=\"high\" width=\"2048\" height=\"1366\" class=\"attachment-2048x2048 size-2048x2048 wp-image-19344 lazy\" alt=\"\" data-src=\"https:\/\/onevetgroup.pt\/valongo\/wp-content\/uploads\/sites\/24\/2023\/07\/818-1-2048x1366.jpg\" data-lazy=\"https:\/\/onevetgroup.pt\/valongo\/wp-content\/uploads\/sites\/24\/2023\/07\/818-1-2048x1366.jpg\" \/>\t\t\t\t\t\t\t\t\t\t\t\t\t\t\t<\/div>\n\t\t\t\t<\/div>\n\t\t\t\t\t<\/div>\n\t\t<\/div>\n\t\t\t\t<div class=\"elementor-column elementor-col-50 elementor-inner-column elementor-element elementor-element-e32254f\" data-id=\"e32254f\" data-element_type=\"column\">\n\t\t\t<div class=\"elementor-widget-wrap elementor-element-populated\">\n\t\t\t\t\t\t<div class=\"elementor-element elementor-element-6494dd8 elementor-widget elementor-widget-text-editor\" data-id=\"6494dd8\" data-element_type=\"widget\" data-widget_type=\"text-editor.default\">\n\t\t\t\t<div class=\"elementor-widget-container\">\n\t\t\t\t\t\t\t\t\t<p>Na nossa cl\u00ednica contamos com uma equipa de qualidade que permite que haja um diagn\u00f3tico atento.<\/p><p>As instala\u00e7\u00f5es foram totalmente renovadas, contando agora com dois consult\u00f3rios, uma rece\u00e7\u00e3o ampla, um bloco cir\u00fargico, uma sala de RX e de ecografia, uma sala de prepara\u00e7\u00e3o cir\u00fargica e uma sala de recobro.\u00a0<\/p><p>A exist\u00eancia nas instala\u00e7\u00f5es de ec\u00f3grafo, an\u00e1lises cl\u00ednicas, testes r\u00e1pidos, microsc\u00f3pio e medidor da press\u00e3o sangu\u00ednea auxilia os diagn\u00f3sticos e tratamentos mais precisos.<\/p><p>Dispomos de acessos facilitados ao estacionamento.<\/p>\t\t\t\t\t\t\t\t<\/div>\n\t\t\t\t<\/div>\n\t\t\t\t\t<\/div>\n\t\t<\/div>\n\t\t\t\t\t<\/div>\n\t\t<\/section>\n\t\t\t\t<section class=\"elementor-section elementor-inner-section elementor-element elementor-element-dde928b elementor-section-boxed elementor-section-height-default elementor-section-height-default\" data-id=\"dde928b\" data-element_type=\"section\">\n\t\t\t\t\t\t<div class=\"elementor-container elementor-column-gap-default\">\n\t\t\t\t\t<div class=\"elementor-column elementor-col-50 elementor-inner-column elementor-element elementor-element-cc2bfd3\" data-id=\"cc2bfd3\" data-element_type=\"column\">\n\t\t\t<div class=\"elementor-widget-wrap elementor-element-populated\">\n\t\t\t\t\t\t<div class=\"elementor-element elementor-element-ad87997 elementor-align-center elementor-widget elementor-widget-button\" data-id=\"ad87997\" data-element_type=\"widget\" data-widget_type=\"button.default\">\n\t\t\t\t<div class=\"elementor-widget-container\">\n\t\t\t\t\t\t\t\t\t<div class=\"elementor-button-wrapper\">\n\t\t\t\t\t<a class=\"elementor-button elementor-button-link elementor-size-sm\" href=\"\/valongo\/a-nossa-equipa\/\">\n\t\t\t\t\t\t<span class=\"elementor-button-content-wrapper\">\n\t\t\t\t\t\t\t\t\t<span class=\"elementor-button-text\">A Nossa Equipa<\/span>\n\t\t\t\t\t<\/span>\n\t\t\t\t\t<\/a>\n\t\t\t\t<\/div>\n\t\t\t\t\t\t\t\t<\/div>\n\t\t\t\t<\/div>\n\t\t\t\t\t<\/div>\n\t\t<\/div>\n\t\t\t\t<div class=\"elementor-column elementor-col-50 elementor-inner-column elementor-element elementor-element-5abf707\" data-id=\"5abf707\" data-element_type=\"column\">\n\t\t\t<div class=\"elementor-widget-wrap elementor-element-populated\">\n\t\t\t\t\t\t<div class=\"elementor-element elementor-element-48e57d7 elementor-align-center elementor-widget elementor-widget-button\" data-id=\"48e57d7\" data-element_type=\"widget\" data-widget_type=\"button.default\">\n\t\t\t\t<div class=\"elementor-widget-container\">\n\t\t\t\t\t\t\t\t\t<div class=\"elementor-button-wrapper\">\n\t\t\t\t\t<a class=\"elementor-button elementor-button-link elementor-size-sm\" href=\"\/valongo\/servicos-veterinarios\/\">\n\t\t\t\t\t\t<span class=\"elementor-button-content-wrapper\">\n\t\t\t\t\t\t\t\t\t<span class=\"elementor-button-text\">Servi\u00e7os Veterin\u00e1rios<\/span>\n\t\t\t\t\t<\/span>\n\t\t\t\t\t<\/a>\n\t\t\t\t<\/div>\n\t\t\t\t\t\t\t\t<\/div>\n\t\t\t\t<\/div>\n\t\t\t\t\t<\/div>\n\t\t<\/div>\n\t\t\t\t\t<\/div>\n\t\t<\/section>\n\t\t\t\t\t<\/div>\n\t\t<\/div>\n\t\t\t\t\t<\/div>\n\t\t<\/section>\n\t\t\t\t<section class=\"elementor-section elementor-top-section elementor-element elementor-element-461daec elementor-section-boxed elementor-section-height-default elementor-section-height-default\" data-id=\"461daec\" data-element_type=\"section\">\n\t\t\t\t\t\t<div class=\"elementor-container elementor-column-gap-default\">\n\t\t\t\t\t<div class=\"elementor-column elementor-col-100 elementor-top-column elementor-element elementor-element-5f2bdae\" data-id=\"5f2bdae\" data-element_type=\"column\">\n\t\t\t<div class=\"elementor-widget-wrap elementor-element-populated\">\n\t\t\t\t\t\t<div class=\"elementor-element elementor-element-0f54842 elementor-widget elementor-widget-gallery\" data-id=\"0f54842\" data-element_type=\"widget\" data-settings=\"{&quot;columns&quot;:&quot;3&quot;,&quot;aspect_ratio&quot;:&quot;1:1&quot;,&quot;lazyload&quot;:&quot;yes&quot;,&quot;gallery_layout&quot;:&quot;grid&quot;,&quot;columns_tablet&quot;:2,&quot;columns_mobile&quot;:1,&quot;gap&quot;:{&quot;unit&quot;:&quot;px&quot;,&quot;size&quot;:10,&quot;sizes&quot;:[]},&quot;gap_tablet&quot;:{&quot;unit&quot;:&quot;px&quot;,&quot;size&quot;:10,&quot;sizes&quot;:[]},&quot;gap_mobile&quot;:{&quot;unit&quot;:&quot;px&quot;,&quot;size&quot;:10,&quot;sizes&quot;:[]},&quot;link_to&quot;:&quot;file&quot;,&quot;overlay_background&quot;:&quot;yes&quot;,&quot;content_hover_animation&quot;:&quot;fade-in&quot;}\" data-widget_type=\"gallery.default\">\n\t\t\t\t<div class=\"elementor-widget-container\">\n\t\t\t\t\t\t\t<div class=\"elementor-gallery__container\">\n\t\t\t\t\t\t\t<a class=\"e-gallery-item elementor-gallery-item elementor-animated-content\" href=\"https:\/\/onevetgroup.pt\/valongo\/wp-content\/uploads\/sites\/24\/2023\/07\/817.jpg\" data-elementor-open-lightbox=\"yes\" data-elementor-lightbox-slideshow=\"0f54842\" data-elementor-lightbox-title=\"817\" data-e-action-hash=\"#elementor-action%3Aaction%3Dlightbox%26settings%3DeyJpZCI6MTkzNzUsInVybCI6Imh0dHBzOlwvXC9vbmV2ZXRncm91cC5wdFwvdmFsb25nb1wvd3AtY29udGVudFwvdXBsb2Fkc1wvc2l0ZXNcLzI0XC8yMDIzXC8wN1wvODE3LmpwZyIsInNsaWRlc2hvdyI6IjBmNTQ4NDIifQ%3D%3D\">\n\t\t\t\t\t<div class=\"e-gallery-image elementor-gallery-item__image\" data-thumbnail=\"https:\/\/onevetgroup.pt\/valongo\/wp-content\/uploads\/sites\/24\/2023\/07\/817-1024x683.jpg\" data-width=\"724\" data-height=\"483\" aria-label=\"\" role=\"img\" ><\/div>\n\t\t\t\t\t\t\t\t\t\t\t<div class=\"elementor-gallery-item__overlay\"><\/div>\n\t\t\t\t\t\t\t\t\t\t\t\t\t\t<\/a>\n\t\t\t\t\t\t\t<a class=\"e-gallery-item elementor-gallery-item elementor-animated-content\" href=\"https:\/\/onevetgroup.pt\/valongo\/wp-content\/uploads\/sites\/24\/2024\/04\/1-15-1-scaled.jpg\" data-elementor-open-lightbox=\"yes\" data-elementor-lightbox-slideshow=\"0f54842\" data-elementor-lightbox-title=\"1-15 (1)\" data-e-action-hash=\"#elementor-action%3Aaction%3Dlightbox%26settings%3DeyJpZCI6MTk1OTMsInVybCI6Imh0dHBzOlwvXC9vbmV2ZXRncm91cC5wdFwvdmFsb25nb1wvd3AtY29udGVudFwvdXBsb2Fkc1wvc2l0ZXNcLzI0XC8yMDI0XC8wNFwvMS0xNS0xLXNjYWxlZC5qcGciLCJzbGlkZXNob3ciOiIwZjU0ODQyIn0%3D\">\n\t\t\t\t\t<div class=\"e-gallery-image elementor-gallery-item__image\" data-thumbnail=\"https:\/\/onevetgroup.pt\/valongo\/wp-content\/uploads\/sites\/24\/2024\/04\/1-15-1-1024x681.jpg\" data-width=\"724\" data-height=\"481\" aria-label=\"\" role=\"img\" ><\/div>\n\t\t\t\t\t\t\t\t\t\t\t<div class=\"elementor-gallery-item__overlay\"><\/div>\n\t\t\t\t\t\t\t\t\t\t\t\t\t\t<\/a>\n\t\t\t\t\t\t\t<a class=\"e-gallery-item elementor-gallery-item elementor-animated-content\" href=\"https:\/\/onevetgroup.pt\/valongo\/wp-content\/uploads\/sites\/24\/2023\/07\/805.jpg\" data-elementor-open-lightbox=\"yes\" data-elementor-lightbox-slideshow=\"0f54842\" data-elementor-lightbox-title=\"805\" data-e-action-hash=\"#elementor-action%3Aaction%3Dlightbox%26settings%3DeyJpZCI6MTkzNDcsInVybCI6Imh0dHBzOlwvXC9vbmV2ZXRncm91cC5wdFwvdmFsb25nb1wvd3AtY29udGVudFwvdXBsb2Fkc1wvc2l0ZXNcLzI0XC8yMDIzXC8wN1wvODA1LmpwZyIsInNsaWRlc2hvdyI6IjBmNTQ4NDIifQ%3D%3D\">\n\t\t\t\t\t<div class=\"e-gallery-image elementor-gallery-item__image\" data-thumbnail=\"https:\/\/onevetgroup.pt\/valongo\/wp-content\/uploads\/sites\/24\/2023\/07\/805-1024x683.jpg\" data-width=\"724\" data-height=\"483\" aria-label=\"\" role=\"img\" ><\/div>\n\t\t\t\t\t\t\t\t\t\t\t<div class=\"elementor-gallery-item__overlay\"><\/div>\n\t\t\t\t\t\t\t\t\t\t\t\t\t\t<\/a>\n\t\t\t\t\t\t\t<a class=\"e-gallery-item elementor-gallery-item elementor-animated-content\" href=\"https:\/\/onevetgroup.pt\/valongo\/wp-content\/uploads\/sites\/24\/2024\/04\/1-43-1-scaled.jpg\" data-elementor-open-lightbox=\"yes\" data-elementor-lightbox-slideshow=\"0f54842\" data-elementor-lightbox-title=\"1-43 (1)\" data-e-action-hash=\"#elementor-action%3Aaction%3Dlightbox%26settings%3DeyJpZCI6MTk1OTEsInVybCI6Imh0dHBzOlwvXC9vbmV2ZXRncm91cC5wdFwvdmFsb25nb1wvd3AtY29udGVudFwvdXBsb2Fkc1wvc2l0ZXNcLzI0XC8yMDI0XC8wNFwvMS00My0xLXNjYWxlZC5qcGciLCJzbGlkZXNob3ciOiIwZjU0ODQyIn0%3D\">\n\t\t\t\t\t<div class=\"e-gallery-image elementor-gallery-item__image\" data-thumbnail=\"https:\/\/onevetgroup.pt\/valongo\/wp-content\/uploads\/sites\/24\/2024\/04\/1-43-1-1024x683.jpg\" data-width=\"724\" data-height=\"483\" aria-label=\"\" role=\"img\" ><\/div>\n\t\t\t\t\t\t\t\t\t\t\t<div class=\"elementor-gallery-item__overlay\"><\/div>\n\t\t\t\t\t\t\t\t\t\t\t\t\t\t<\/a>\n\t\t\t\t\t\t\t<a class=\"e-gallery-item elementor-gallery-item elementor-animated-content\" href=\"https:\/\/onevetgroup.pt\/valongo\/wp-content\/uploads\/sites\/24\/2023\/07\/787.jpg\" data-elementor-open-lightbox=\"yes\" data-elementor-lightbox-slideshow=\"0f54842\" data-elementor-lightbox-title=\"787\" data-e-action-hash=\"#elementor-action%3Aaction%3Dlightbox%26settings%3DeyJpZCI6MTkzNjAsInVybCI6Imh0dHBzOlwvXC9vbmV2ZXRncm91cC5wdFwvdmFsb25nb1wvd3AtY29udGVudFwvdXBsb2Fkc1wvc2l0ZXNcLzI0XC8yMDIzXC8wN1wvNzg3LmpwZyIsInNsaWRlc2hvdyI6IjBmNTQ4NDIifQ%3D%3D\">\n\t\t\t\t\t<div class=\"e-gallery-image elementor-gallery-item__image\" data-thumbnail=\"https:\/\/onevetgroup.pt\/valongo\/wp-content\/uploads\/sites\/24\/2023\/07\/787-1024x683.jpg\" data-width=\"724\" data-height=\"483\" aria-label=\"\" role=\"img\" ><\/div>\n\t\t\t\t\t\t\t\t\t\t\t<div class=\"elementor-gallery-item__overlay\"><\/div>\n\t\t\t\t\t\t\t\t\t\t\t\t\t\t<\/a>\n\t\t\t\t\t\t\t<a class=\"e-gallery-item elementor-gallery-item elementor-animated-content\" href=\"https:\/\/onevetgroup.pt\/valongo\/wp-content\/uploads\/sites\/24\/2024\/04\/1-34-2-1-scaled.jpg\" data-elementor-open-lightbox=\"yes\" data-elementor-lightbox-slideshow=\"0f54842\" data-elementor-lightbox-title=\"1-34 (2) (1)\" data-e-action-hash=\"#elementor-action%3Aaction%3Dlightbox%26settings%3DeyJpZCI6MTk2MTMsInVybCI6Imh0dHBzOlwvXC9vbmV2ZXRncm91cC5wdFwvdmFsb25nb1wvd3AtY29udGVudFwvdXBsb2Fkc1wvc2l0ZXNcLzI0XC8yMDI0XC8wNFwvMS0zNC0yLTEtc2NhbGVkLmpwZyIsInNsaWRlc2hvdyI6IjBmNTQ4NDIifQ%3D%3D\">\n\t\t\t\t\t<div class=\"e-gallery-image elementor-gallery-item__image\" data-thumbnail=\"https:\/\/onevetgroup.pt\/valongo\/wp-content\/uploads\/sites\/24\/2024\/04\/1-34-2-1-1024x683.jpg\" data-width=\"724\" data-height=\"483\" aria-label=\"\" role=\"img\" ><\/div>\n\t\t\t\t\t\t\t\t\t\t\t<div class=\"elementor-gallery-item__overlay\"><\/div>\n\t\t\t\t\t\t\t\t\t\t\t\t\t\t<\/a>\n\t\t\t\t\t\t\t<a class=\"e-gallery-item elementor-gallery-item elementor-animated-content\" href=\"https:\/\/onevetgroup.pt\/valongo\/wp-content\/uploads\/sites\/24\/2023\/07\/815.jpg\" data-elementor-open-lightbox=\"yes\" data-elementor-lightbox-slideshow=\"0f54842\" data-elementor-lightbox-title=\"815\" data-e-action-hash=\"#elementor-action%3Aaction%3Dlightbox%26settings%3DeyJpZCI6MTkzNzcsInVybCI6Imh0dHBzOlwvXC9vbmV2ZXRncm91cC5wdFwvdmFsb25nb1wvd3AtY29udGVudFwvdXBsb2Fkc1wvc2l0ZXNcLzI0XC8yMDIzXC8wN1wvODE1LmpwZyIsInNsaWRlc2hvdyI6IjBmNTQ4NDIifQ%3D%3D\">\n\t\t\t\t\t<div class=\"e-gallery-image elementor-gallery-item__image\" data-thumbnail=\"https:\/\/onevetgroup.pt\/valongo\/wp-content\/uploads\/sites\/24\/2023\/07\/815-1024x683.jpg\" data-width=\"724\" data-height=\"483\" aria-label=\"\" role=\"img\" ><\/div>\n\t\t\t\t\t\t\t\t\t\t\t<div class=\"elementor-gallery-item__overlay\"><\/div>\n\t\t\t\t\t\t\t\t\t\t\t\t\t\t<\/a>\n\t\t\t\t\t\t\t<a class=\"e-gallery-item elementor-gallery-item elementor-animated-content\" href=\"https:\/\/onevetgroup.pt\/valongo\/wp-content\/uploads\/sites\/24\/2024\/04\/1-6-2-1-scaled.jpg\" data-elementor-open-lightbox=\"yes\" data-elementor-lightbox-slideshow=\"0f54842\" data-elementor-lightbox-title=\"1-6 (2) (1)\" data-e-action-hash=\"#elementor-action%3Aaction%3Dlightbox%26settings%3DeyJpZCI6MTk2MDcsInVybCI6Imh0dHBzOlwvXC9vbmV2ZXRncm91cC5wdFwvdmFsb25nb1wvd3AtY29udGVudFwvdXBsb2Fkc1wvc2l0ZXNcLzI0XC8yMDI0XC8wNFwvMS02LTItMS1zY2FsZWQuanBnIiwic2xpZGVzaG93IjoiMGY1NDg0MiJ9\">\n\t\t\t\t\t<div class=\"e-gallery-image elementor-gallery-item__image\" data-thumbnail=\"https:\/\/onevetgroup.pt\/valongo\/wp-content\/uploads\/sites\/24\/2024\/04\/1-6-2-1-1024x681.jpg\" data-width=\"724\" data-height=\"481\" aria-label=\"\" role=\"img\" ><\/div>\n\t\t\t\t\t\t\t\t\t\t\t<div class=\"elementor-gallery-item__overlay\"><\/div>\n\t\t\t\t\t\t\t\t\t\t\t\t\t\t<\/a>\n\t\t\t\t\t\t\t<a class=\"e-gallery-item elementor-gallery-item elementor-animated-content\" href=\"https:\/\/onevetgroup.pt\/valongo\/wp-content\/uploads\/sites\/24\/2023\/07\/832.jpg\" data-elementor-open-lightbox=\"yes\" data-elementor-lightbox-slideshow=\"0f54842\" data-elementor-lightbox-title=\"832\" data-e-action-hash=\"#elementor-action%3Aaction%3Dlightbox%26settings%3DeyJpZCI6MTkzNTIsInVybCI6Imh0dHBzOlwvXC9vbmV2ZXRncm91cC5wdFwvdmFsb25nb1wvd3AtY29udGVudFwvdXBsb2Fkc1wvc2l0ZXNcLzI0XC8yMDIzXC8wN1wvODMyLmpwZyIsInNsaWRlc2hvdyI6IjBmNTQ4NDIifQ%3D%3D\">\n\t\t\t\t\t<div class=\"e-gallery-image elementor-gallery-item__image\" data-thumbnail=\"https:\/\/onevetgroup.pt\/valongo\/wp-content\/uploads\/sites\/24\/2023\/07\/832-1024x683.jpg\" data-width=\"724\" data-height=\"483\" aria-label=\"\" role=\"img\" ><\/div>\n\t\t\t\t\t\t\t\t\t\t\t<div class=\"elementor-gallery-item__overlay\"><\/div>\n\t\t\t\t\t\t\t\t\t\t\t\t\t\t<\/a>\n\t\t\t\t\t<\/div>\n\t\t\t\t\t<\/div>\n\t\t\t\t<\/div>\n\t\t\t\t\t<\/div>\n\t\t<\/div>\n\t\t\t\t\t<\/div>\n\t\t<\/section>\n\t\t\t\t<\/div>\n\t\t","protected":false},"excerpt":{"rendered":"<p>A Onevet Cl\u00ednica Veterin\u00e1ria de Valongo disp\u00f5e de instala\u00e7\u00f5es renovadas e uma equipa fant\u00e1stica que lhe proporcionar\u00e1 o mais alto n\u00edvel de atendimento. Na nossa cl\u00ednica contamos com uma equipa de qualidade que permite que haja um diagn\u00f3tico atento. As instala\u00e7\u00f5es foram totalmente renovadas, contando agora com dois consult\u00f3rios, uma rece\u00e7\u00e3o ampla, um bloco cir\u00fargico, &hellip; <\/p>\n","protected":false},"author":61,"featured_media":0,"parent":0,"menu_order":0,"comment_status":"closed","ping_status":"closed","template":"page-fullwidth.php","meta":{"_acf_changed":false,"content-type":"","footnotes":""},"class_list":["post-17846","page","type-page","status-publish","hentry"],"acf":[],"yoast_head":"<!-- This site is optimized with the Yoast SEO plugin v26.2 - https:\/\/yoast.com\/wordpress\/plugins\/seo\/ -->\n<title>Instala\u00e7\u00f5es - Valongo<\/title>\n<meta name=\"robots\" content=\"index, follow, max-snippet:-1, max-image-preview:large, max-video-preview:-1\" \/>\n<link rel=\"canonical\" href=\"https:\/\/onevetgroup.pt\/valongo\/instalacoes\/\" \/>\n<meta property=\"og:locale\" content=\"pt_PT\" \/>\n<meta property=\"og:type\" content=\"article\" \/>\n<meta property=\"og:title\" content=\"Instala\u00e7\u00f5es - Valongo\" \/>\n<meta property=\"og:description\" content=\"A Onevet Cl\u00ednica Veterin\u00e1ria de Valongo disp\u00f5e de instala\u00e7\u00f5es renovadas e uma equipa fant\u00e1stica que lhe proporcionar\u00e1 o mais alto n\u00edvel de atendimento. Na nossa cl\u00ednica contamos com uma equipa de qualidade que permite que haja um diagn\u00f3tico atento. As instala\u00e7\u00f5es foram totalmente renovadas, contando agora com dois consult\u00f3rios, uma rece\u00e7\u00e3o ampla, um bloco cir\u00fargico, &hellip;\" \/>\n<meta property=\"og:url\" content=\"https:\/\/onevetgroup.pt\/valongo\/instalacoes\/\" \/>\n<meta property=\"og:site_name\" content=\"Valongo\" \/>\n<meta property=\"article:modified_time\" content=\"2024-04-13T15:07:27+00:00\" \/>\n<meta property=\"og:image\" content=\"https:\/\/onevetgroup.pt\/valongo\/wp-content\/uploads\/sites\/24\/2023\/07\/818-1-2048x1366.jpg\" \/>\n<meta name=\"twitter:card\" content=\"summary_large_image\" \/>\n<meta name=\"twitter:label1\" content=\"Tempo estimado de leitura\" \/>\n\t<meta name=\"twitter:data1\" content=\"1 minuto\" \/>\n<script type=\"application\/ld+json\" class=\"yoast-schema-graph\">{\"@context\":\"https:\/\/schema.org\",\"@graph\":[{\"@type\":\"WebPage\",\"@id\":\"https:\/\/onevetgroup.pt\/valongo\/instalacoes\/\",\"url\":\"https:\/\/onevetgroup.pt\/valongo\/instalacoes\/\",\"name\":\"Instala\u00e7\u00f5es - Valongo\",\"isPartOf\":{\"@id\":\"https:\/\/onevetgroup.pt\/valongo\/#website\"},\"primaryImageOfPage\":{\"@id\":\"https:\/\/onevetgroup.pt\/valongo\/instalacoes\/#primaryimage\"},\"image\":{\"@id\":\"https:\/\/onevetgroup.pt\/valongo\/instalacoes\/#primaryimage\"},\"thumbnailUrl\":\"https:\/\/onevetgroup.pt\/valongo\/wp-content\/uploads\/sites\/24\/2023\/07\/818-1-2048x1366.jpg\",\"datePublished\":\"2022-07-01T09:40:57+00:00\",\"dateModified\":\"2024-04-13T15:07:27+00:00\",\"breadcrumb\":{\"@id\":\"https:\/\/onevetgroup.pt\/valongo\/instalacoes\/#breadcrumb\"},\"inLanguage\":\"pt-PT\",\"potentialAction\":[{\"@type\":\"ReadAction\",\"target\":[\"https:\/\/onevetgroup.pt\/valongo\/instalacoes\/\"]}]},{\"@type\":\"ImageObject\",\"inLanguage\":\"pt-PT\",\"@id\":\"https:\/\/onevetgroup.pt\/valongo\/instalacoes\/#primaryimage\",\"url\":\"https:\/\/onevetgroup.pt\/valongo\/wp-content\/uploads\/sites\/24\/2023\/07\/818-1.jpg\",\"contentUrl\":\"https:\/\/onevetgroup.pt\/valongo\/wp-content\/uploads\/sites\/24\/2023\/07\/818-1.jpg\",\"width\":2500,\"height\":1667},{\"@type\":\"BreadcrumbList\",\"@id\":\"https:\/\/onevetgroup.pt\/valongo\/instalacoes\/#breadcrumb\",\"itemListElement\":[{\"@type\":\"ListItem\",\"position\":1,\"name\":\"Home\",\"item\":\"https:\/\/onevetgroup.pt\/valongo\/\"},{\"@type\":\"ListItem\",\"position\":2,\"name\":\"Instala\u00e7\u00f5es\"}]},{\"@type\":\"WebSite\",\"@id\":\"https:\/\/onevetgroup.pt\/valongo\/#website\",\"url\":\"https:\/\/onevetgroup.pt\/valongo\/\",\"name\":\"Valongo\",\"description\":\"Your Pets in Good Hands\",\"publisher\":{\"@id\":\"https:\/\/onevetgroup.pt\/valongo\/#organization\"},\"potentialAction\":[{\"@type\":\"SearchAction\",\"target\":{\"@type\":\"EntryPoint\",\"urlTemplate\":\"https:\/\/onevetgroup.pt\/valongo\/?s={search_term_string}\"},\"query-input\":{\"@type\":\"PropertyValueSpecification\",\"valueRequired\":true,\"valueName\":\"search_term_string\"}}],\"inLanguage\":\"pt-PT\"},{\"@type\":\"Organization\",\"@id\":\"https:\/\/onevetgroup.pt\/valongo\/#organization\",\"name\":\"Valongo\",\"url\":\"https:\/\/onevetgroup.pt\/valongo\/\",\"logo\":{\"@type\":\"ImageObject\",\"inLanguage\":\"pt-PT\",\"@id\":\"https:\/\/onevetgroup.pt\/valongo\/#\/schema\/logo\/image\/\",\"url\":\"https:\/\/onevetgroup.pt\/valongo\/wp-content\/uploads\/sites\/24\/2023\/07\/cropped-onevet_cvvalongo_horizontal-1-e1689067195353.png\",\"contentUrl\":\"https:\/\/onevetgroup.pt\/valongo\/wp-content\/uploads\/sites\/24\/2023\/07\/cropped-onevet_cvvalongo_horizontal-1-e1689067195353.png\",\"width\":225,\"height\":70,\"caption\":\"Valongo\"},\"image\":{\"@id\":\"https:\/\/onevetgroup.pt\/valongo\/#\/schema\/logo\/image\/\"}}]}<\/script>\n<!-- \/ Yoast SEO plugin. -->","yoast_head_json":{"title":"Instala\u00e7\u00f5es - Valongo","robots":{"index":"index","follow":"follow","max-snippet":"max-snippet:-1","max-image-preview":"max-image-preview:large","max-video-preview":"max-video-preview:-1"},"canonical":"https:\/\/onevetgroup.pt\/valongo\/instalacoes\/","og_locale":"pt_PT","og_type":"article","og_title":"Instala\u00e7\u00f5es - Valongo","og_description":"A Onevet Cl\u00ednica Veterin\u00e1ria de Valongo disp\u00f5e de instala\u00e7\u00f5es renovadas e uma equipa fant\u00e1stica que lhe proporcionar\u00e1 o mais alto n\u00edvel de atendimento. Na nossa cl\u00ednica contamos com uma equipa de qualidade que permite que haja um diagn\u00f3tico atento. As instala\u00e7\u00f5es foram totalmente renovadas, contando agora com dois consult\u00f3rios, uma rece\u00e7\u00e3o ampla, um bloco cir\u00fargico, &hellip;","og_url":"https:\/\/onevetgroup.pt\/valongo\/instalacoes\/","og_site_name":"Valongo","article_modified_time":"2024-04-13T15:07:27+00:00","og_image":[{"url":"https:\/\/onevetgroup.pt\/valongo\/wp-content\/uploads\/sites\/24\/2023\/07\/818-1-2048x1366.jpg","type":"","width":"","height":""}],"twitter_card":"summary_large_image","twitter_misc":{"Tempo estimado de leitura":"1 minuto"},"schema":{"@context":"https:\/\/schema.org","@graph":[{"@type":"WebPage","@id":"https:\/\/onevetgroup.pt\/valongo\/instalacoes\/","url":"https:\/\/onevetgroup.pt\/valongo\/instalacoes\/","name":"Instala\u00e7\u00f5es - Valongo","isPartOf":{"@id":"https:\/\/onevetgroup.pt\/valongo\/#website"},"primaryImageOfPage":{"@id":"https:\/\/onevetgroup.pt\/valongo\/instalacoes\/#primaryimage"},"image":{"@id":"https:\/\/onevetgroup.pt\/valongo\/instalacoes\/#primaryimage"},"thumbnailUrl":"https:\/\/onevetgroup.pt\/valongo\/wp-content\/uploads\/sites\/24\/2023\/07\/818-1-2048x1366.jpg","datePublished":"2022-07-01T09:40:57+00:00","dateModified":"2024-04-13T15:07:27+00:00","breadcrumb":{"@id":"https:\/\/onevetgroup.pt\/valongo\/instalacoes\/#breadcrumb"},"inLanguage":"pt-PT","potentialAction":[{"@type":"ReadAction","target":["https:\/\/onevetgroup.pt\/valongo\/instalacoes\/"]}]},{"@type":"ImageObject","inLanguage":"pt-PT","@id":"https:\/\/onevetgroup.pt\/valongo\/instalacoes\/#primaryimage","url":"https:\/\/onevetgroup.pt\/valongo\/wp-content\/uploads\/sites\/24\/2023\/07\/818-1.jpg","contentUrl":"https:\/\/onevetgroup.pt\/valongo\/wp-content\/uploads\/sites\/24\/2023\/07\/818-1.jpg","width":2500,"height":1667},{"@type":"BreadcrumbList","@id":"https:\/\/onevetgroup.pt\/valongo\/instalacoes\/#breadcrumb","itemListElement":[{"@type":"ListItem","position":1,"name":"Home","item":"https:\/\/onevetgroup.pt\/valongo\/"},{"@type":"ListItem","position":2,"name":"Instala\u00e7\u00f5es"}]},{"@type":"WebSite","@id":"https:\/\/onevetgroup.pt\/valongo\/#website","url":"https:\/\/onevetgroup.pt\/valongo\/","name":"Valongo","description":"Your Pets in Good Hands","publisher":{"@id":"https:\/\/onevetgroup.pt\/valongo\/#organization"},"potentialAction":[{"@type":"SearchAction","target":{"@type":"EntryPoint","urlTemplate":"https:\/\/onevetgroup.pt\/valongo\/?s={search_term_string}"},"query-input":{"@type":"PropertyValueSpecification","valueRequired":true,"valueName":"search_term_string"}}],"inLanguage":"pt-PT"},{"@type":"Organization","@id":"https:\/\/onevetgroup.pt\/valongo\/#organization","name":"Valongo","url":"https:\/\/onevetgroup.pt\/valongo\/","logo":{"@type":"ImageObject","inLanguage":"pt-PT","@id":"https:\/\/onevetgroup.pt\/valongo\/#\/schema\/logo\/image\/","url":"https:\/\/onevetgroup.pt\/valongo\/wp-content\/uploads\/sites\/24\/2023\/07\/cropped-onevet_cvvalongo_horizontal-1-e1689067195353.png","contentUrl":"https:\/\/onevetgroup.pt\/valongo\/wp-content\/uploads\/sites\/24\/2023\/07\/cropped-onevet_cvvalongo_horizontal-1-e1689067195353.png","width":225,"height":70,"caption":"Valongo"},"image":{"@id":"https:\/\/onevetgroup.pt\/valongo\/#\/schema\/logo\/image\/"}}]}},"_links":{"self":[{"href":"https:\/\/onevetgroup.pt\/valongo\/wp-json\/wp\/v2\/pages\/17846","targetHints":{"allow":["GET"]}}],"collection":[{"href":"https:\/\/onevetgroup.pt\/valongo\/wp-json\/wp\/v2\/pages"}],"about":[{"href":"https:\/\/onevetgroup.pt\/valongo\/wp-json\/wp\/v2\/types\/page"}],"author":[{"embeddable":true,"href":"https:\/\/onevetgroup.pt\/valongo\/wp-json\/wp\/v2\/users\/61"}],"replies":[{"embeddable":true,"href":"https:\/\/onevetgroup.pt\/valongo\/wp-json\/wp\/v2\/comments?post=17846"}],"version-history":[{"count":3,"href":"https:\/\/onevetgroup.pt\/valongo\/wp-json\/wp\/v2\/pages\/17846\/revisions"}],"predecessor-version":[{"id":19652,"href":"https:\/\/onevetgroup.pt\/valongo\/wp-json\/wp\/v2\/pages\/17846\/revisions\/19652"}],"wp:attachment":[{"href":"https:\/\/onevetgroup.pt\/valongo\/wp-json\/wp\/v2\/media?parent=17846"}],"curies":[{"name":"wp","href":"https:\/\/api.w.org\/{rel}","templated":true}]}}